{"id":8,"date":"2017-09-16T02:02:38","date_gmt":"2017-09-16T02:02:38","guid":{"rendered":"http:\/\/departamentos.uleam.edu.ec\/asesoria-juridica\/?page_id=8"},"modified":"2022-06-14T20:48:22","modified_gmt":"2022-06-14T20:48:22","slug":"bienvenidos-al-sitio-web-de-asesoria-juridica","status":"publish","type":"page","link":"https:\/\/departamentos.uleam.edu.ec\/asesoria-juridica\/","title":{"rendered":"Bienvenidos"},"content":{"rendered":"<div style=\"text-align: justify\">\n<p style=\"text-align: left\"><span style=\"color: #000000\">El Departamento de Asesor\u00eda Jur\u00eddica de la Universidad Laica Eloy Alfaro de Manab\u00ed. Saluda cordialmente a&nbsp; la Comunidad Universitaria, deseando siempre el progreso institucional; el mismo que se ve fortalecido por la asesor\u00eda legal, dando cumplimiento a las normativas vigentes. <\/span><\/p>\n<\/div>\n\n\n<p><\/p>\n","protected":false},"excerpt":{"rendered":"<p>El Departamento de Asesor\u00eda Jur\u00eddica de la Universidad Laica Eloy Alfaro de Manab\u00ed. Saluda cordialmente a&nbsp; la Comunidad Universitaria, deseando siempre el progreso institucional; el mismo que se ve fortalecido por la asesor\u00eda legal, dando cumplimiento a las normativas vigentes.<\/p>\n","protected":false},"author":56,"featured_media":0,"parent":0,"menu_order":0,"comment_status":"closed","ping_status":"closed","template":"","meta":{"footnotes":"","_links_to":"","_links_to_target":""},"class_list":["post-8","page","type-page","status-publish","hentry"],"_links":{"self":[{"href":"https:\/\/departamentos.uleam.edu.ec\/asesoria-juridica\/wp-json\/wp\/v2\/pages\/8","targetHints":{"allow":["GET"]}}],"collection":[{"href":"https:\/\/departamentos.uleam.edu.ec\/asesoria-juridica\/wp-json\/wp\/v2\/pages"}],"about":[{"href":"https:\/\/departamentos.uleam.edu.ec\/asesoria-juridica\/wp-json\/wp\/v2\/types\/page"}],"author":[{"embeddable":true,"href":"https:\/\/departamentos.uleam.edu.ec\/asesoria-juridica\/wp-json\/wp\/v2\/users\/56"}],"replies":[{"embeddable":true,"href":"https:\/\/departamentos.uleam.edu.ec\/asesoria-juridica\/wp-json\/wp\/v2\/comments?post=8"}],"version-history":[{"count":10,"href":"https:\/\/departamentos.uleam.edu.ec\/asesoria-juridica\/wp-json\/wp\/v2\/pages\/8\/revisions"}],"predecessor-version":[{"id":118,"href":"https:\/\/departamentos.uleam.edu.ec\/asesoria-juridica\/wp-json\/wp\/v2\/pages\/8\/revisions\/118"}],"wp:attachment":[{"href":"https:\/\/departamentos.uleam.edu.ec\/asesoria-juridica\/wp-json\/wp\/v2\/media?parent=8"}],"curies":[{"name":"wp","href":"https:\/\/api.w.org\/{rel}","templated":true}]}}