{"id":880,"date":"2018-09-11T16:44:34","date_gmt":"2018-09-11T16:44:34","guid":{"rendered":"http:\/\/departamentos.uleam.edu.ec\/biblioteca-general\/?page_id=880"},"modified":"2019-07-25T16:57:54","modified_gmt":"2019-07-25T16:57:54","slug":"recursos-open-access","status":"publish","type":"page","link":"https:\/\/departamentos.uleam.edu.ec\/biblioteca-general\/recursos-open-access\/","title":{"rendered":"Recursos Open Access"},"content":{"rendered":"<h3 style=\"text-align: center\">Plataformas de Revistas Open Access<\/h3>\n<h3 style=\"text-align: center\">Es la llamada \u201cv\u00eda dorada\u201d de acceso abierto a la ciencia.<\/h3>\n<table border=\"6px\"><!-- Lo cambiaremos por CSS --><\/p>\n<tbody>\n<tr>\n<td>\u00a0<a href=\"http:\/\/www.doaj.org\"><img decoding=\"async\" class=\"alignnone wp-image-898\" src=\"https:\/\/departamentos.uleam.edu.ec\/biblioteca-general\/files\/2018\/07\/OP-AC-1.jpg\" alt=\"\" width=\"285\" height=\"76\" srcset=\"https:\/\/departamentos.uleam.edu.ec\/biblioteca-general\/files\/2018\/07\/OP-AC-1.jpg 341w, https:\/\/departamentos.uleam.edu.ec\/biblioteca-general\/files\/2018\/07\/OP-AC-1-300x80.jpg 300w\" sizes=\"(max-width: 285px) 100vw, 285px\" \/><\/a><\/td>\n<td><span style=\"color: #000000\"><strong>Directory of Open Access Journals<\/strong>.<\/span><br \/>\n<span style=\"color: #000000\"> Elaborado por la Universidad de Lund, da acceso a<\/span><br \/>\n<span style=\"color: #000000\"> texto completo de revistas cient\u00edficas y acad\u00e9micas,<\/span><br \/>\n<span style=\"color: #000000\"> de todas las \u00e1reas de conocimiento.<\/span><\/td>\n<\/tr>\n<tr>\n<td><a href=\"http:\/\/www.redalyc.org\"><img decoding=\"async\" class=\"alignnone wp-image-899\" src=\"https:\/\/departamentos.uleam.edu.ec\/biblioteca-general\/files\/2018\/07\/OP-AC-2.jpg\" alt=\"\" width=\"288\" height=\"80\" srcset=\"https:\/\/departamentos.uleam.edu.ec\/biblioteca-general\/files\/2018\/07\/OP-AC-2.jpg 341w, https:\/\/departamentos.uleam.edu.ec\/biblioteca-general\/files\/2018\/07\/OP-AC-2-300x84.jpg 300w\" sizes=\"(max-width: 288px) 100vw, 288px\" \/><\/a><\/td>\n<td><span style=\"color: #000000\">Red de Revistas Cient\u00edficas de Am\u00e9rica Latina<\/span><br \/>\n<span style=\"color: #000000\"> y el Caribe, Espa\u00f1a y Portugal es un proyecto impulsado<\/span><br \/>\n<span style=\"color: #000000\"> por la Universidad Nacional Aut\u00f3noma de M\u00e9xico (UAEM)<\/span><\/td>\n<\/tr>\n<tr>\n<td><a href=\"http:\/\/www.ncbi.nlm.nih.gov\/pmc\/\"><img decoding=\"async\" class=\"alignnone wp-image-900\" src=\"https:\/\/departamentos.uleam.edu.ec\/biblioteca-general\/files\/2018\/07\/OP-AC-3.jpg\" alt=\"\" width=\"286\" height=\"84\" srcset=\"https:\/\/departamentos.uleam.edu.ec\/biblioteca-general\/files\/2018\/07\/OP-AC-3.jpg 341w, https:\/\/departamentos.uleam.edu.ec\/biblioteca-general\/files\/2018\/07\/OP-AC-3-300x88.jpg 300w\" sizes=\"(max-width: 286px) 100vw, 286px\" \/><\/a><\/td>\n<td><span style=\"color: #000000\">Es el archivo digital de la National Library of Medicine<\/span><br \/>\n<span style=\"color: #000000\"> (NLM) y el National Institutes of Health (NIH) de libre<\/span><br \/>\n<span style=\"color: #000000\"> acceso al texto completo de los art\u00edculos de revistas<\/span><br \/>\n<span style=\"color: #000000\"> biom\u00e9dicas y de ciencias\u00a0de la vida<\/span><\/td>\n<\/tr>\n<tr>\n<td><a href=\"http:\/\/www.biomedcentral.com\"><img loading=\"lazy\" decoding=\"async\" class=\"alignnone wp-image-901\" src=\"https:\/\/departamentos.uleam.edu.ec\/biblioteca-general\/files\/2018\/07\/OP-AC-4.jpg\" alt=\"\" width=\"296\" height=\"87\" srcset=\"https:\/\/departamentos.uleam.edu.ec\/biblioteca-general\/files\/2018\/07\/OP-AC-4.jpg 341w, https:\/\/departamentos.uleam.edu.ec\/biblioteca-general\/files\/2018\/07\/OP-AC-4-300x88.jpg 300w\" sizes=\"(max-width: 296px) 100vw, 296px\" \/><\/a><\/td>\n<td><span style=\"color: #000000\">Es una editorial STM (Science, Technology and Medicine)<\/span><br \/>\n<span style=\"color: #000000\"> pionera en el modelo de publicaci\u00f3n de acceso abierto.<\/span><\/td>\n<\/tr>\n<tr>\n<td><a href=\"http:\/\/www.plos.org\/\"><img loading=\"lazy\" decoding=\"async\" class=\"alignnone wp-image-902\" src=\"https:\/\/departamentos.uleam.edu.ec\/biblioteca-general\/files\/2018\/07\/OP-AC-5.jpg\" alt=\"\" width=\"294\" height=\"81\" srcset=\"https:\/\/departamentos.uleam.edu.ec\/biblioteca-general\/files\/2018\/07\/OP-AC-5.jpg 341w, https:\/\/departamentos.uleam.edu.ec\/biblioteca-general\/files\/2018\/07\/OP-AC-5-300x83.jpg 300w\" sizes=\"(max-width: 294px) 100vw, 294px\" \/><\/a><\/td>\n<td><span style=\"color: #000000\">Portal de revistas de acceso libre publicado por<\/span><br \/>\n<span style=\"color: #000000\"> la Public Library of Science (PLoS), organizaci\u00f3n<\/span><br \/>\n<span style=\"color: #000000\"> dedicada a difundir libremente la literatura cient\u00edfica<\/span><br \/>\n<span style=\"color: #000000\"> y m\u00e9dica.<\/span><\/td>\n<\/tr>\n<tr>\n<td>\u00a0<a href=\"http:\/\/www.scielo.org\/php\/index.php?lang=es\"><img loading=\"lazy\" decoding=\"async\" class=\"alignnone wp-image-903\" src=\"https:\/\/departamentos.uleam.edu.ec\/biblioteca-general\/files\/2018\/07\/OP-AC-6.jpg\" alt=\"\" width=\"285\" height=\"83\" srcset=\"https:\/\/departamentos.uleam.edu.ec\/biblioteca-general\/files\/2018\/07\/OP-AC-6.jpg 341w, https:\/\/departamentos.uleam.edu.ec\/biblioteca-general\/files\/2018\/07\/OP-AC-6-300x88.jpg 300w\" sizes=\"(max-width: 285px) 100vw, 285px\" \/><\/a><\/td>\n<td><span style=\"color: #000000\">Scientific Electronic Library Online<\/span><br \/>\n<span style=\"color: #000000\"> (Biblioteca Cient\u00edfica Electr\u00f3nica en L\u00ednea)<\/span><br \/>\n<span style=\"color: #000000\"> es un modelo para la publicaci\u00f3n electr\u00f3nica<\/span><br \/>\n<span style=\"color: #000000\"> cooperativa de revistas cient\u00edficas en Internet<\/span><\/td>\n<\/tr>\n<tr>\n<td>\u00a0<a href=\"http:\/\/www.doabooks.org\"><img loading=\"lazy\" decoding=\"async\" class=\"alignnone wp-image-904\" src=\"https:\/\/departamentos.uleam.edu.ec\/biblioteca-general\/files\/2018\/07\/OP-AC-7.jpg\" alt=\"\" width=\"301\" height=\"85\" srcset=\"https:\/\/departamentos.uleam.edu.ec\/biblioteca-general\/files\/2018\/07\/OP-AC-7.jpg 341w, https:\/\/departamentos.uleam.edu.ec\/biblioteca-general\/files\/2018\/07\/OP-AC-7-300x84.jpg 300w\" sizes=\"(max-width: 301px) 100vw, 301px\" \/><\/a><\/td>\n<td><span style=\"color: #000000\">Plataforma creada en 2012 que da acceso a 1662 libros<\/span><br \/>\n<span style=\"color: #000000\"> Acad\u00e9micos de 55 editores, revisados por pares y<\/span><br \/>\n<span style=\"color: #000000\"> publicados bajo una licencia Open Access.<\/span><\/td>\n<\/tr>\n<tr>\n<td>\u00a0<a href=\"http:\/\/arxiv.org\/\"><img loading=\"lazy\" decoding=\"async\" class=\"alignnone wp-image-906\" src=\"https:\/\/departamentos.uleam.edu.ec\/biblioteca-general\/files\/2018\/07\/OP-AC-8.jpg\" alt=\"\" width=\"301\" height=\"80\" srcset=\"https:\/\/departamentos.uleam.edu.ec\/biblioteca-general\/files\/2018\/07\/OP-AC-8.jpg 341w, https:\/\/departamentos.uleam.edu.ec\/biblioteca-general\/files\/2018\/07\/OP-AC-8-300x80.jpg 300w\" sizes=\"(max-width: 301px) 100vw, 301px\" \/><\/a><\/td>\n<td><span style=\"color: #000000\">Plataforma creada en 1991 para almacenar los trabajos<\/span><br \/>\n<span style=\"color: #000000\"> de Investigaci\u00f3n en el \u00e1mbito de la F\u00edsica, es el primer<\/span><br \/>\n<span style=\"color: #000000\"> y gran referente de acceso abierto.<\/span><\/td>\n<\/tr>\n<tr>\n<td>\u00a0<a href=\"https:\/\/buscador.recolecta.fecyt.es\/\"><img loading=\"lazy\" decoding=\"async\" class=\"alignnone wp-image-914\" src=\"https:\/\/departamentos.uleam.edu.ec\/biblioteca-general\/files\/2018\/07\/OP-AC-9.jpg\" alt=\"\" width=\"301\" height=\"83\" srcset=\"https:\/\/departamentos.uleam.edu.ec\/biblioteca-general\/files\/2018\/07\/OP-AC-9.jpg 341w, https:\/\/departamentos.uleam.edu.ec\/biblioteca-general\/files\/2018\/07\/OP-AC-9-300x83.jpg 300w\" sizes=\"(max-width: 301px) 100vw, 301px\" \/><\/a><\/td>\n<td>\u00a0<span style=\"color: #000000\"><strong>Recolector de Ciencia Abierta)\u00a0<\/strong><\/span><br \/>\n<span style=\"color: #000000\"> Creado en 2008, es una plataforma que agrupa a todos<\/span><br \/>\n<span style=\"color: #000000\"> los Repositorios cient\u00edficos nacionales en Espa\u00f1a.<\/span><br \/>\n<span style=\"color: #000000\"> Da acceso libre y gratuito a toda la producci\u00f3n<\/span><br \/>\n<span style=\"color: #000000\"> cient\u00edfica depositada en abierto en los repositorios<\/span><br \/>\n<span style=\"color: #000000\"> espa\u00f1oles.<\/span><\/td>\n<\/tr>\n<\/tbody>\n<\/table>\n<p>&nbsp;<\/p>\n","protected":false},"excerpt":{"rendered":"<p>Plataformas de Revistas Open Access Es la llamada \u201cv\u00eda dorada\u201d de acceso abierto a la ciencia. \u00a0 Directory of Open Access Journals. Elaborado por la Universidad de Lund, da acceso a texto completo de revistas cient\u00edficas y acad\u00e9micas, de todas [&hellip;]<\/p>\n","protected":false},"author":58,"featured_media":0,"parent":0,"menu_order":0,"comment_status":"closed","ping_status":"closed","template":"","meta":{"footnotes":"","_links_to":"","_links_to_target":""},"class_list":["post-880","page","type-page","status-publish","hentry"],"_links":{"self":[{"href":"https:\/\/departamentos.uleam.edu.ec\/biblioteca-general\/wp-json\/wp\/v2\/pages\/880","targetHints":{"allow":["GET"]}}],"collection":[{"href":"https:\/\/departamentos.uleam.edu.ec\/biblioteca-general\/wp-json\/wp\/v2\/pages"}],"about":[{"href":"https:\/\/departamentos.uleam.edu.ec\/biblioteca-general\/wp-json\/wp\/v2\/types\/page"}],"author":[{"embeddable":true,"href":"https:\/\/departamentos.uleam.edu.ec\/biblioteca-general\/wp-json\/wp\/v2\/users\/58"}],"replies":[{"embeddable":true,"href":"https:\/\/departamentos.uleam.edu.ec\/biblioteca-general\/wp-json\/wp\/v2\/comments?post=880"}],"version-history":[{"count":49,"href":"https:\/\/departamentos.uleam.edu.ec\/biblioteca-general\/wp-json\/wp\/v2\/pages\/880\/revisions"}],"predecessor-version":[{"id":1108,"href":"https:\/\/departamentos.uleam.edu.ec\/biblioteca-general\/wp-json\/wp\/v2\/pages\/880\/revisions\/1108"}],"wp:attachment":[{"href":"https:\/\/departamentos.uleam.edu.ec\/biblioteca-general\/wp-json\/wp\/v2\/media?parent=880"}],"curies":[{"name":"wp","href":"https:\/\/api.w.org\/{rel}","templated":true}]}}