{"id":29,"date":"2019-06-05T20:04:41","date_gmt":"2019-06-05T20:04:41","guid":{"rendered":"http:\/\/departamentos.uleam.edu.ec\/comunicacion-e-imagen\/?page_id=29"},"modified":"2019-09-23T13:36:54","modified_gmt":"2019-09-23T13:36:54","slug":"mision-y-vision","status":"publish","type":"page","link":"https:\/\/departamentos.uleam.edu.ec\/comunicacion-e-imagen\/mision-y-vision\/","title":{"rendered":"Misi\u00f3n y Visi\u00f3n"},"content":{"rendered":"<p style=\"text-align: center\"><strong><span style=\"color: #000000\">Misi\u00f3n y Visi\u00f3n de la Direcci\u00f3n de Comunicaci\u00f3n e Imagen Institucional\u00a0<\/span><\/strong><\/p>\n<p style=\"text-align: justify\"><strong><span style=\"color: #000000\">\u00a0Misi\u00f3n\u00a0<\/span><\/strong><\/p>\n<p><span style=\"color: #000000\">Aplicaci\u00f3n de pol\u00edticas institucionales pertinentes encaminadas a la gesti\u00f3n, promoci\u00f3n, difusi\u00f3n, fortalecimiento de la informaci\u00f3n y de la imagen institucional a nivel local, provincial, nacional e internacional.<\/span><\/p>\n<p><strong><span style=\"color: #000000\">Visi\u00f3n\u00a0<\/span><\/strong><\/p>\n<p><span style=\"color: #000000\">El fortalecimiento de la comunicaci\u00f3n institucional mediante canales digitales que potencie la comunicaci\u00f3n interna y externa de la Universidad<\/span><\/p>\n","protected":false},"excerpt":{"rendered":"<p>Misi\u00f3n y Visi\u00f3n de la Direcci\u00f3n de Comunicaci\u00f3n e Imagen Institucional\u00a0 \u00a0Misi\u00f3n\u00a0 Aplicaci\u00f3n de pol\u00edticas institucionales pertinentes encaminadas a la gesti\u00f3n, promoci\u00f3n, difusi\u00f3n, fortalecimiento de la informaci\u00f3n y de la imagen institucional a nivel local, provincial, nacional e internacional. Visi\u00f3n\u00a0 [&hellip;]<\/p>\n","protected":false},"author":56,"featured_media":0,"parent":0,"menu_order":0,"comment_status":"closed","ping_status":"closed","template":"","meta":{"footnotes":"","_links_to":"","_links_to_target":""},"class_list":["post-29","page","type-page","status-publish","hentry"],"_links":{"self":[{"href":"https:\/\/departamentos.uleam.edu.ec\/comunicacion-e-imagen\/wp-json\/wp\/v2\/pages\/29","targetHints":{"allow":["GET"]}}],"collection":[{"href":"https:\/\/departamentos.uleam.edu.ec\/comunicacion-e-imagen\/wp-json\/wp\/v2\/pages"}],"about":[{"href":"https:\/\/departamentos.uleam.edu.ec\/comunicacion-e-imagen\/wp-json\/wp\/v2\/types\/page"}],"author":[{"embeddable":true,"href":"https:\/\/departamentos.uleam.edu.ec\/comunicacion-e-imagen\/wp-json\/wp\/v2\/users\/56"}],"replies":[{"embeddable":true,"href":"https:\/\/departamentos.uleam.edu.ec\/comunicacion-e-imagen\/wp-json\/wp\/v2\/comments?post=29"}],"version-history":[{"count":5,"href":"https:\/\/departamentos.uleam.edu.ec\/comunicacion-e-imagen\/wp-json\/wp\/v2\/pages\/29\/revisions"}],"predecessor-version":[{"id":636,"href":"https:\/\/departamentos.uleam.edu.ec\/comunicacion-e-imagen\/wp-json\/wp\/v2\/pages\/29\/revisions\/636"}],"wp:attachment":[{"href":"https:\/\/departamentos.uleam.edu.ec\/comunicacion-e-imagen\/wp-json\/wp\/v2\/media?parent=29"}],"curies":[{"name":"wp","href":"https:\/\/api.w.org\/{rel}","templated":true}]}}