{"id":12,"date":"2024-02-14T16:42:48","date_gmt":"2024-02-14T16:42:48","guid":{"rendered":"https:\/\/departamentos.uleam.edu.ec\/consultoriojuridico\/?page_id=12"},"modified":"2026-02-25T18:27:13","modified_gmt":"2026-02-25T18:27:13","slug":"politicas","status":"publish","type":"page","link":"https:\/\/departamentos.uleam.edu.ec\/consultoriojuridico\/politicas\/","title":{"rendered":""},"content":{"rendered":"\n<h1 class=\"wp-block-heading has-text-align-center\"><strong><mark style=\"background-color:#ffffff00;color:#e33636e6\" class=\"has-inline-color\">Misi\u00f3n<\/mark><\/strong><\/h1>\n\n\n\n<p class=\"has-text-align-center\">El Consultorio Jur\u00eddico Gratuito de la Universidad Laica Eloy Alfaro de Manab\u00ed, el cual es parte de la Carrera de Derecho; se constituye como un laboratorio responsable de la formaci\u00f3n pr\u00e1ctica y human\u00edstica de los estudiantes, donde adquieren elementos objetivos del ejercicio profesional enfocado a brindar acceso a la justicia a personas en situaci\u00f3n de vulnerabilidad y grupos de atenci\u00f3n prioritaria a nivel local con un talento humano comprometido y calificado en el ejercicio profesional, adem\u00e1s brinda servicios de asesor\u00edas y patrocinio jur\u00eddico de calidad enfocados en fortalecer el acceso a ala justicia y garantizar la tutela efectiva, para aquellos que no pueden costear servicios profesionales de un abogado. <\/p>\n\n\n\n<div style=\"height:35px\" aria-hidden=\"true\" class=\"wp-block-spacer\"><\/div>\n\n\n\n<h1 class=\"wp-block-heading has-text-align-center\"><strong><mark style=\"background-color:#ffffff;color:#d32e2ee0\" class=\"has-inline-color\">Visi\u00f3n<\/mark><\/strong><mark style=\"background-color:#ffffff\" class=\"has-inline-color has-vivid-red-color\"><\/mark><\/h1>\n\n\n\n<p class=\"has-text-align-center\">La proyecci\u00f3n del Consultorio Jur\u00eddico Gratuito es consolidarse como referente a nivel nacional, a trav\u00e9s de un modelo de gesti\u00f3n en la prestaci\u00f3n servicios de asesor\u00edas, patrocinio legal gratuitos y acompa\u00f1amiento a grupos de atenci\u00f3n prioritaria y en situaci\u00f3n de vulnerabilidad, buscando integrar de manera ecu\u00e1nime a la academia con la sociedad, formando juristas \u00edntegros, cr\u00edticos y comprometidos con la transformaci\u00f3n social y el fortalecimiento del Estado de Derecho. <\/p>\n\n\n\n<p class=\"has-text-align-center\">El Consultorio Jur\u00eddico Gratuito de la Universidad Laica Eloy Alfaro de Manab\u00ed sera un espacio din\u00e1mico de aprendizaje, investigaci\u00f3n y acci\u00f3n social que incida de manera positiva en el sistema de justicia y en la vida de las personas.<\/p>\n","protected":false},"excerpt":{"rendered":"<p>Misi\u00f3n El Consultorio Jur\u00eddico Gratuito de la Universidad Laica Eloy Alfaro de Manab\u00ed, el cual es parte de la Carrera de Derecho; se constituye como un laboratorio responsable de la formaci\u00f3n pr\u00e1ctica y human\u00edstica de los estudiantes, donde adquieren elementos [&hellip;]<\/p>\n","protected":false},"author":47,"featured_media":0,"parent":0,"menu_order":0,"comment_status":"closed","ping_status":"closed","template":"","meta":{"footnotes":"","_links_to":"","_links_to_target":""},"class_list":["post-12","page","type-page","status-publish","hentry"],"_links":{"self":[{"href":"https:\/\/departamentos.uleam.edu.ec\/consultoriojuridico\/wp-json\/wp\/v2\/pages\/12","targetHints":{"allow":["GET"]}}],"collection":[{"href":"https:\/\/departamentos.uleam.edu.ec\/consultoriojuridico\/wp-json\/wp\/v2\/pages"}],"about":[{"href":"https:\/\/departamentos.uleam.edu.ec\/consultoriojuridico\/wp-json\/wp\/v2\/types\/page"}],"author":[{"embeddable":true,"href":"https:\/\/departamentos.uleam.edu.ec\/consultoriojuridico\/wp-json\/wp\/v2\/users\/47"}],"replies":[{"embeddable":true,"href":"https:\/\/departamentos.uleam.edu.ec\/consultoriojuridico\/wp-json\/wp\/v2\/comments?post=12"}],"version-history":[{"count":25,"href":"https:\/\/departamentos.uleam.edu.ec\/consultoriojuridico\/wp-json\/wp\/v2\/pages\/12\/revisions"}],"predecessor-version":[{"id":636,"href":"https:\/\/departamentos.uleam.edu.ec\/consultoriojuridico\/wp-json\/wp\/v2\/pages\/12\/revisions\/636"}],"wp:attachment":[{"href":"https:\/\/departamentos.uleam.edu.ec\/consultoriojuridico\/wp-json\/wp\/v2\/media?parent=12"}],"curies":[{"name":"wp","href":"https:\/\/api.w.org\/{rel}","templated":true}]}}