{"id":244,"date":"2015-04-29T11:23:02","date_gmt":"2015-04-29T16:23:02","guid":{"rendered":"http:\/\/departamentos.uleam.edu.ec\/departamento-planeamiento\/?page_id=244"},"modified":"2016-11-29T12:41:30","modified_gmt":"2016-11-29T17:41:30","slug":"contactenos","status":"publish","type":"page","link":"https:\/\/departamentos.uleam.edu.ec\/departamento-planeamiento\/contactenos\/","title":{"rendered":"Cont\u00e1ctenos"},"content":{"rendered":"<p style=\"text-align: center\"><a href=\"https:\/\/departamentos.uleam.edu.ec\/departamento-planeamiento\/files\/2015\/04\/contactenos.png\"><img fetchpriority=\"high\" decoding=\"async\" class=\"size-full wp-image-256 alignnone\" src=\"https:\/\/departamentos.uleam.edu.ec\/departamento-planeamiento\/files\/2015\/04\/contactenos.png\" alt=\"contactenos\" width=\"800\" height=\"245\" srcset=\"https:\/\/departamentos.uleam.edu.ec\/departamento-planeamiento\/files\/2015\/04\/contactenos.png 800w, https:\/\/departamentos.uleam.edu.ec\/departamento-planeamiento\/files\/2015\/04\/contactenos-300x92.png 300w\" sizes=\"(max-width: 800px) 100vw, 800px\" \/><\/a><\/p>\n<p style=\"text-align: left\"><strong><sub>DEPARTAMENTO DE PLANEAMIENTO ACAD\u00c9MICO<\/sub><\/strong><\/p>\n<p><strong><sub>ULEAM &#8211; MANTA<\/sub><\/strong><br \/>\n<strong><sub>TEL\u00c9FONOS: 2623740 EXT 264<\/sub><\/strong><br \/>\n<strong><sub>EMAIL:\u00a0<\/sub><\/strong><a href=\"mailto:planeamiento@uleam.edu.ec\"><sub>planeamiento@uleam.edu.ec<\/sub><\/a><strong><sub>\u00a0\u00a0<\/sub><\/strong><br \/>\n<strong><sub>UBICACI\u00d3N:<\/sub><\/strong><br \/>\nII entrada a mano izquierda donde quedaba Practica y Pasant\u00edas<br \/>\n<strong><sub>HORARIO DE ATENCI\u00d3N:<\/sub><\/strong><br \/>\nLunes a Viernes<br \/>\n08H00 a 17H00<\/p>\n<p><span style=\"text-indent: 20px;width: auto;padding: 0px 4px 0px 0px;text-align: center;font: bold 11px\/20px 'Helvetica Neue',Helvetica,sans-serif;color: #ffffff;background: #bd081c  no-repeat scroll 3px 50% \/ 14px 14px;cursor: pointer\">Guardar<\/span><\/p>\n<p><span style=\"text-indent: 20px;width: auto;padding: 0px 4px 0px 0px;text-align: center;font: bold 11px\/20px 'Helvetica Neue',Helvetica,sans-serif;color: #ffffff;background: #bd081c  no-repeat scroll 3px 50% \/ 14px 14px;cursor: pointer\">Guardar<\/span><\/p>\n<p><span style=\"text-indent: 20px;width: auto;padding: 0px 4px 0px 0px;text-align: center;font: bold 11px\/20px 'Helvetica Neue',Helvetica,sans-serif;color: #ffffff;background: #bd081c  no-repeat scroll 3px 50% \/ 14px 14px;cursor: pointer\">Guardar<\/span><\/p>\n","protected":false},"excerpt":{"rendered":"<p>DEPARTAMENTO DE PLANEAMIENTO ACAD\u00c9MICO ULEAM &#8211; MANTA TEL\u00c9FONOS: 2623740 EXT 264 EMAIL:\u00a0planeamiento@uleam.edu.ec\u00a0\u00a0 UBICACI\u00d3N: II entrada a mano izquierda donde quedaba Practica y Pasant\u00edas HORARIO DE ATENCI\u00d3N: Lunes a Viernes 08H00 a 17H00 Guardar Guardar Guardar<\/p>\n","protected":false},"author":3,"featured_media":0,"parent":0,"menu_order":5,"comment_status":"closed","ping_status":"closed","template":"","meta":{"footnotes":"","_links_to":"","_links_to_target":""},"class_list":["post-244","page","type-page","status-publish","hentry"],"_links":{"self":[{"href":"https:\/\/departamentos.uleam.edu.ec\/departamento-planeamiento\/wp-json\/wp\/v2\/pages\/244","targetHints":{"allow":["GET"]}}],"collection":[{"href":"https:\/\/departamentos.uleam.edu.ec\/departamento-planeamiento\/wp-json\/wp\/v2\/pages"}],"about":[{"href":"https:\/\/departamentos.uleam.edu.ec\/departamento-planeamiento\/wp-json\/wp\/v2\/types\/page"}],"author":[{"embeddable":true,"href":"https:\/\/departamentos.uleam.edu.ec\/departamento-planeamiento\/wp-json\/wp\/v2\/users\/3"}],"replies":[{"embeddable":true,"href":"https:\/\/departamentos.uleam.edu.ec\/departamento-planeamiento\/wp-json\/wp\/v2\/comments?post=244"}],"version-history":[{"count":13,"href":"https:\/\/departamentos.uleam.edu.ec\/departamento-planeamiento\/wp-json\/wp\/v2\/pages\/244\/revisions"}],"predecessor-version":[{"id":1341,"href":"https:\/\/departamentos.uleam.edu.ec\/departamento-planeamiento\/wp-json\/wp\/v2\/pages\/244\/revisions\/1341"}],"wp:attachment":[{"href":"https:\/\/departamentos.uleam.edu.ec\/departamento-planeamiento\/wp-json\/wp\/v2\/media?parent=244"}],"curies":[{"name":"wp","href":"https:\/\/api.w.org\/{rel}","templated":true}]}}