{"id":73,"date":"2017-05-12T20:06:25","date_gmt":"2017-05-12T20:06:25","guid":{"rendered":"http:\/\/departamentos.uleam.edu.ec\/departamento-tecnico\/?page_id=73"},"modified":"2022-06-14T20:51:22","modified_gmt":"2022-06-14T20:51:22","slug":"bienvenida","status":"publish","type":"page","link":"https:\/\/departamentos.uleam.edu.ec\/departamento-tecnico\/","title":{"rendered":"Mensaje de bienvenida"},"content":{"rendered":"\n<div class=\"wp-block-image\"><figure class=\"aligncenter size-large\"><a href=\"https:\/\/departamentos.uleam.edu.ec\/departamento-tecnico\/files\/2022\/06\/PLANTILLA-PARA-FOTO-DIRECTORES-2_page-0010.jpg\"><img fetchpriority=\"high\" decoding=\"async\" width=\"1024\" height=\"576\" src=\"https:\/\/departamentos.uleam.edu.ec\/departamento-tecnico\/files\/2022\/06\/PLANTILLA-PARA-FOTO-DIRECTORES-2_page-0010-1024x576.jpg\" alt=\"\" class=\"wp-image-354\" srcset=\"https:\/\/departamentos.uleam.edu.ec\/departamento-tecnico\/files\/2022\/06\/PLANTILLA-PARA-FOTO-DIRECTORES-2_page-0010-1024x576.jpg 1024w, https:\/\/departamentos.uleam.edu.ec\/departamento-tecnico\/files\/2022\/06\/PLANTILLA-PARA-FOTO-DIRECTORES-2_page-0010-300x169.jpg 300w, https:\/\/departamentos.uleam.edu.ec\/departamento-tecnico\/files\/2022\/06\/PLANTILLA-PARA-FOTO-DIRECTORES-2_page-0010-768x432.jpg 768w, https:\/\/departamentos.uleam.edu.ec\/departamento-tecnico\/files\/2022\/06\/PLANTILLA-PARA-FOTO-DIRECTORES-2_page-0010-1536x864.jpg 1536w, https:\/\/departamentos.uleam.edu.ec\/departamento-tecnico\/files\/2022\/06\/PLANTILLA-PARA-FOTO-DIRECTORES-2_page-0010.jpg 2000w\" sizes=\"(max-width: 1024px) 100vw, 1024px\" \/><\/a><\/figure><\/div>\n\n\n<p style=\"text-align: justify\"><span style=\"color: #000000\">Al dar nuestra enhorabuena a todos quienes nos visitan f\u00edsica y virtualmente, queremos hacerles part\u00edcipes\u00a0 de que los retos que nos plantea la educaci\u00f3n del siglo XXI deben estar en concordancia con la infraestructura f\u00edsica y con ambientes de trabajo\/estudio de calidad, que respondan adecuadamente a coadyuvar\u00a0 la relaci\u00f3n espacio f\u00edsico funcional y entorno cognitivo, premisa bajo la cual la actual Direcci\u00f3n de Infraestructura, Obras y Patrimonio (anterior Departamento T\u00e9cnico), viene trabajando en los distintos \u00e1mbitos de su competencia legal.<\/span><\/p>\n<p style=\"text-align: justify\"><span style=\"color: #000000\">El desarrollo y ampliaci\u00f3n de la infraestructura humana de la Direcci\u00f3n ha permitido manejar una autonom\u00eda t\u00e9cnica para enfrentar internamente los desaf\u00edos de preparar estudios completos que utilizando el marco legal vigente se los ha materializado en obras de calidad al servicio de la comunidad universitaria, bajo condiciones de econom\u00eda y eficiencia en el control contractual, t\u00e9cnico y administrativo.<\/span><\/p>\n<p style=\"text-align: justify\"><span style=\"color: #000000\">El mantenimiento preventivo y correctivo as\u00ed como la preservaci\u00f3n del patrimonio institucional edificado complementan nuestras acciones, permitiendo que la Uleam, cumpla con los est\u00e1ndares de calidad definidos para el efecto, aun cuando, la limitaci\u00f3n de recursos, el grado de vetustez de la infraestructura edificada y los fen\u00f3menos naturales m\u00e1s all\u00e1 de conspirar contra la instituci\u00f3n han logrado transformarse en fortalezas que han multiplicado sanas iniciativas colectivas.<\/span><\/p>\n<p style=\"text-align: justify\"><span style=\"color: #000000\">\u00a0<\/span><\/p>","protected":false},"excerpt":{"rendered":"<p>Al dar nuestra enhorabuena a todos quienes nos visitan f\u00edsica y virtualmente, queremos hacerles part\u00edcipes\u00a0 de que los retos que nos plantea la educaci\u00f3n del siglo XXI deben estar en concordancia con la infraestructura f\u00edsica y con ambientes de trabajo\/estudio [&hellip;]<\/p>\n","protected":false},"author":56,"featured_media":0,"parent":0,"menu_order":0,"comment_status":"closed","ping_status":"closed","template":"","meta":{"footnotes":"","_links_to":"","_links_to_target":""},"class_list":["post-73","page","type-page","status-publish","hentry"],"_links":{"self":[{"href":"https:\/\/departamentos.uleam.edu.ec\/departamento-tecnico\/wp-json\/wp\/v2\/pages\/73","targetHints":{"allow":["GET"]}}],"collection":[{"href":"https:\/\/departamentos.uleam.edu.ec\/departamento-tecnico\/wp-json\/wp\/v2\/pages"}],"about":[{"href":"https:\/\/departamentos.uleam.edu.ec\/departamento-tecnico\/wp-json\/wp\/v2\/types\/page"}],"author":[{"embeddable":true,"href":"https:\/\/departamentos.uleam.edu.ec\/departamento-tecnico\/wp-json\/wp\/v2\/users\/56"}],"replies":[{"embeddable":true,"href":"https:\/\/departamentos.uleam.edu.ec\/departamento-tecnico\/wp-json\/wp\/v2\/comments?post=73"}],"version-history":[{"count":11,"href":"https:\/\/departamentos.uleam.edu.ec\/departamento-tecnico\/wp-json\/wp\/v2\/pages\/73\/revisions"}],"predecessor-version":[{"id":355,"href":"https:\/\/departamentos.uleam.edu.ec\/departamento-tecnico\/wp-json\/wp\/v2\/pages\/73\/revisions\/355"}],"wp:attachment":[{"href":"https:\/\/departamentos.uleam.edu.ec\/departamento-tecnico\/wp-json\/wp\/v2\/media?parent=73"}],"curies":[{"name":"wp","href":"https:\/\/api.w.org\/{rel}","templated":true}]}}