{"id":187,"date":"2014-10-07T19:39:46","date_gmt":"2014-10-08T00:39:46","guid":{"rendered":"http:\/\/departamentos.uleam.edu.ec\/evaluacion-interna\/?page_id=187"},"modified":"2019-05-09T12:00:32","modified_gmt":"2019-05-09T17:00:32","slug":"documentos","status":"publish","type":"page","link":"https:\/\/departamentos.uleam.edu.ec\/evaluacion-interna\/documentos\/","title":{"rendered":"Documentos  [EIDPA]"},"content":{"rendered":"<p><span style=\"color: #000000\"><strong>\u00a0INSTRUMENTOS DE EVALUACI\u00d3N DEL PROCESO DE EIDPA:<\/strong><\/span><\/p>\n<pre><span style=\"color: #000000\"><a style=\"color: #000000\" href=\"https:\/\/departamentos.uleam.edu.ec\/evaluacion-interna\/files\/2018\/11\/INSTRUMENTOS-AUTOEVALUACION-EIDPA-V4-2016.pdf\">Autoevaluaci\u00f3n EIDPA V4\r\n<\/a><a style=\"color: #000000\" href=\"https:\/\/departamentos.uleam.edu.ec\/evaluacion-interna\/files\/2018\/11\/INSTRUMENTOS-HETEROEVALUACION-EIDPA-V4.pdf\">Heteroevaluaci\u00f3n EIDPA V4\r\n<\/a><a style=\"color: #000000\" href=\"https:\/\/departamentos.uleam.edu.ec\/evaluacion-interna\/files\/2018\/11\/INSTRUMENTOS-COEVALUACION-PARES-EIDPA-V4.pdf\">Coevaluaci\u00f3n de Pares EIDPA V4\r\n<\/a><a style=\"color: #000000\" href=\"https:\/\/departamentos.uleam.edu.ec\/evaluacion-interna\/files\/2018\/11\/INSTRUMENTOS-COEVALUACION-DIRECTIVO-EIDPA-V4.pdf\">Coevaluaci\u00f3n de Directivo EIDPA V4<\/a><\/span><\/pre>\n<p style=\"text-align: left\"><span style=\"color: #000000;text-decoration: underline\"><strong>REGISTROS EIDPA PARA LAS CARRERAS:<\/strong><\/span><\/p>\n<pre><span style=\"color: #000000\"><a style=\"color: #000000\" href=\"https:\/\/departamentos.uleam.edu.ec\/evaluacion-interna\/files\/2018\/05\/1.-REGISTRO-DE-FIRMAS-DE-LA-CONVOCATORIA-A-LA-DIFUSI\u00d3N-DE-CARRERA.pdf\">1.-Registro de firmas de la convocatoria a la difusi\u00f3n de carrera\r\n<\/a><a style=\"color: #000000\" href=\"https:\/\/departamentos.uleam.edu.ec\/evaluacion-interna\/files\/2018\/05\/2.-REGISTRO-DE-FIRMAS-DE-ASISTENCIA-A-LA-CONVOCATORIA-DE-LA-DIFUSI\u00d3N-POR-CARRERA.pdf\">2.-Registro de firmas de asistencia a la difusi\u00f3n\r\n<\/a><a style=\"color: #000000\" href=\"https:\/\/departamentos.uleam.edu.ec\/evaluacion-interna\/files\/2018\/05\/4.-REGISTRO-DE-MEMORIA-DE-LA-REUNI\u00d3N-POR-CARRERA.pdf\">3.-Registro de memoria de la reuni\u00f3n <\/a>\r\n<a style=\"color: #000000\" href=\"https:\/\/departamentos.uleam.edu.ec\/evaluacion-interna\/files\/2018\/05\/5.-REGISTRO-DE-INICIO-DE-LA-AUTOEVALUACI\u00d3N.pdf\">4.-Registro de inicio de la autoevaluaci\u00f3n<\/a>\r\n<a style=\"color: #000000\" href=\"https:\/\/departamentos.uleam.edu.ec\/evaluacion-interna\/files\/2018\/05\/6.-REGISTRO-DE-INICIO-DE-HETEROEVALUACI\u00d3N.pdf\">5.-Registro de inicio de la heteroevaluaci\u00f3n\r\n<\/a><a style=\"color: #000000\" href=\"https:\/\/departamentos.uleam.edu.ec\/evaluacion-interna\/files\/2018\/05\/7.-ACTADECOEVALUACI\u00d3NDECOMISION.pdf\">6.-Acta de coevaluaci\u00f3n de la Comisi\u00f3n por pares\r\n<\/a><a style=\"color: #000000\" href=\"https:\/\/departamentos.uleam.edu.ec\/evaluacion-interna\/files\/2018\/05\/8.-ACTA-DE-COEVALUACI\u00d3N-DEL-DIRECTIVO.pdf\">7.-Acta de la coevaluaci\u00f3n de directivo<\/a><\/span><\/pre>\n<pre><span style=\"color: #000000\"><a style=\"color: #000000\" href=\"https:\/\/departamentos.uleam.edu.ec\/evaluacion-interna\/files\/2018\/05\/9.-INFORME-INDIVIDUAL-DE-EVALUACI\u00d3N-INTEGRAL-DEL-DESEMPE\u00d1O-DEL-PERSONAL-ACAD\u00c9MICO.pdf\">8.-Informe individual del profesor\r\n<\/a><a style=\"color: #000000\" href=\"https:\/\/departamentos.uleam.edu.ec\/evaluacion-interna\/files\/2018\/05\/10.-INFORME-DE-EVALUACI\u00d3N-INTEGRAL-DE-DESEMPE\u00d1O-DEL-PERSONAL-ACAD\u00c9MICO-POR-CARRERA.pdf\">9.-Informe de EIDPA por carrera<\/a><\/span><\/pre>\n<p><span style=\"color: #000000;text-decoration: underline\"><strong>DOCUMENTOS PARA PERSONAL ACAD\u00c9MICO:<\/strong><\/span><\/p>\n<pre><span style=\"color: #000000\"><a style=\"color: #000000\" href=\"https:\/\/departamentos.uleam.edu.ec\/evaluacion-interna\/files\/2018\/05\/1.-SOLICITUD-DE-RECURSO-DE-APELACI\u00d3N1.pdf\">1.-Solicitud de recurso de apelaci\u00f3n (primera instancia)\r\n<\/a><\/span><a href=\"https:\/\/departamentos.uleam.edu.ec\/evaluacion-interna\/files\/2018\/05\/2.-SOLICITUD-DE-RECURSO-DE-APELACI\u00d3N-SEGUNDA-Y-ULTIMA-INSTANCIA.pdf\"><span style=\"color: #000000\">2.-Solicitud de recurso de apelaci\u00f3n (segunda y \u00faltima instanci<\/span>a)<\/a>\r\n<\/pre>\n","protected":false},"excerpt":{"rendered":"<p>\u00a0INSTRUMENTOS DE EVALUACI\u00d3N DEL PROCESO DE EIDPA: Autoevaluaci\u00f3n EIDPA V4 Heteroevaluaci\u00f3n EIDPA V4 Coevaluaci\u00f3n de Pares EIDPA V4 Coevaluaci\u00f3n de Directivo EIDPA V4 REGISTROS EIDPA PARA LAS CARRERAS: 1.-Registro de firmas de la convocatoria a la difusi\u00f3n de carrera 2.-Registro de firmas de asistencia a la difusi\u00f3n 3.-Registro de memoria de la reuni\u00f3n 4.-Registro de&#8230; <\/p>\n<div class=\"link-more\"><a href=\"https:\/\/departamentos.uleam.edu.ec\/evaluacion-interna\/documentos\/\">Leer M\u00e1s<\/a><\/div>\n","protected":false},"author":56,"featured_media":0,"parent":0,"menu_order":0,"comment_status":"closed","ping_status":"closed","template":"","meta":{"footnotes":"","_links_to":"","_links_to_target":""},"class_list":["post-187","page","type-page","status-publish","hentry"],"_links":{"self":[{"href":"https:\/\/departamentos.uleam.edu.ec\/evaluacion-interna\/wp-json\/wp\/v2\/pages\/187","targetHints":{"allow":["GET"]}}],"collection":[{"href":"https:\/\/departamentos.uleam.edu.ec\/evaluacion-interna\/wp-json\/wp\/v2\/pages"}],"about":[{"href":"https:\/\/departamentos.uleam.edu.ec\/evaluacion-interna\/wp-json\/wp\/v2\/types\/page"}],"author":[{"embeddable":true,"href":"https:\/\/departamentos.uleam.edu.ec\/evaluacion-interna\/wp-json\/wp\/v2\/users\/56"}],"replies":[{"embeddable":true,"href":"https:\/\/departamentos.uleam.edu.ec\/evaluacion-interna\/wp-json\/wp\/v2\/comments?post=187"}],"version-history":[{"count":101,"href":"https:\/\/departamentos.uleam.edu.ec\/evaluacion-interna\/wp-json\/wp\/v2\/pages\/187\/revisions"}],"predecessor-version":[{"id":2255,"href":"https:\/\/departamentos.uleam.edu.ec\/evaluacion-interna\/wp-json\/wp\/v2\/pages\/187\/revisions\/2255"}],"wp:attachment":[{"href":"https:\/\/departamentos.uleam.edu.ec\/evaluacion-interna\/wp-json\/wp\/v2\/media?parent=187"}],"curies":[{"name":"wp","href":"https:\/\/api.w.org\/{rel}","templated":true}]}}