{"id":2350,"date":"2019-07-11T08:47:43","date_gmt":"2019-07-11T13:47:43","guid":{"rendered":"http:\/\/departamentos.uleam.edu.ec\/evaluacion-interna\/?page_id=2350"},"modified":"2019-07-18T11:36:27","modified_gmt":"2019-07-18T16:36:27","slug":"evaluacion-desempeno-docente","status":"publish","type":"page","link":"https:\/\/departamentos.uleam.edu.ec\/evaluacion-interna\/evaluacion-desempeno-docente\/","title":{"rendered":"Socializaci\u00f3n EIDPA"},"content":{"rendered":"<p>&nbsp;<\/p>\n<p><span style=\"color: #333333\"><a style=\"color: #333333\" href=\"http:\/\/departamentos.uleam.edu.ec\/gestion-aseguramiento-calidad\/files\/2019\/07\/Presentacion-EIDPA-20191.pdf\">Presentaci\u00f3n EIDPA 2019-1<\/a><\/span><\/p>\n<p><span style=\"color: #333333\"><a style=\"color: #333333\" href=\"http:\/\/departamentos.uleam.edu.ec\/gestion-aseguramiento-calidad\/files\/2019\/07\/Alcance-socializaci\u00f3n-EIDPA-20191.pdf\">Presentaci\u00f3n EIDPA 2019-1 Parte 2<\/a><\/span><\/p>\n<p><span style=\"color: #333333\"><a style=\"color: #333333\" href=\"http:\/\/departamentos.uleam.edu.ec\/gestion-aseguramiento-calidad\/files\/2019\/07\/CALENDARIO-DE-EVALUACION-INTEGRAL-DEL-DESEMPE\u00d1O-DOCENTE-ULTIMOS-cambios-Rita2019.pdf\">Calendario de Evaluaci\u00f3n Integral del Desempe\u00f1o Docente 2019<\/a><\/span><\/p>\n<p>&nbsp;<\/p>\n","protected":false},"excerpt":{"rendered":"<p>&nbsp; Presentaci\u00f3n EIDPA 2019-1 Presentaci\u00f3n EIDPA 2019-1 Parte 2 Calendario de Evaluaci\u00f3n Integral del Desempe\u00f1o Docente 2019 &nbsp;<\/p>\n","protected":false},"author":105,"featured_media":0,"parent":0,"menu_order":0,"comment_status":"closed","ping_status":"closed","template":"","meta":{"footnotes":"","_links_to":"","_links_to_target":""},"class_list":["post-2350","page","type-page","status-publish","hentry"],"_links":{"self":[{"href":"https:\/\/departamentos.uleam.edu.ec\/evaluacion-interna\/wp-json\/wp\/v2\/pages\/2350","targetHints":{"allow":["GET"]}}],"collection":[{"href":"https:\/\/departamentos.uleam.edu.ec\/evaluacion-interna\/wp-json\/wp\/v2\/pages"}],"about":[{"href":"https:\/\/departamentos.uleam.edu.ec\/evaluacion-interna\/wp-json\/wp\/v2\/types\/page"}],"author":[{"embeddable":true,"href":"https:\/\/departamentos.uleam.edu.ec\/evaluacion-interna\/wp-json\/wp\/v2\/users\/105"}],"replies":[{"embeddable":true,"href":"https:\/\/departamentos.uleam.edu.ec\/evaluacion-interna\/wp-json\/wp\/v2\/comments?post=2350"}],"version-history":[{"count":11,"href":"https:\/\/departamentos.uleam.edu.ec\/evaluacion-interna\/wp-json\/wp\/v2\/pages\/2350\/revisions"}],"predecessor-version":[{"id":2374,"href":"https:\/\/departamentos.uleam.edu.ec\/evaluacion-interna\/wp-json\/wp\/v2\/pages\/2350\/revisions\/2374"}],"wp:attachment":[{"href":"https:\/\/departamentos.uleam.edu.ec\/evaluacion-interna\/wp-json\/wp\/v2\/media?parent=2350"}],"curies":[{"name":"wp","href":"https:\/\/api.w.org\/{rel}","templated":true}]}}