{"id":1672,"date":"2017-04-21T14:47:01","date_gmt":"2017-04-21T14:47:01","guid":{"rendered":"http:\/\/departamentos.uleam.edu.ec\/organizacionymetodos\/?page_id=1672"},"modified":"2025-10-29T15:58:02","modified_gmt":"2025-10-29T20:58:02","slug":"subsistema-de-vinculacion-con-la-sociedad","status":"publish","type":"page","link":"https:\/\/departamentos.uleam.edu.ec\/gestion-aseguramiento-calidad\/subsistema-de-vinculacion-con-la-sociedad\/","title":{"rendered":"SUBSISTEMA DE VINCULACI\u00d3N CON LA SOCIEDAD"},"content":{"rendered":"\n<figure class=\"wp-block-image\"><img decoding=\"async\" src=\"https:\/\/departamentos.uleam.edu.ec\/gestion-aseguramiento-calidad\/files\/2019\/07\/V_Logo1.png\" alt=\"\" \/><\/figure>\n\n\n\n<h2 class=\"wp-block-heading\">MACROPROCESOS:<\/h2>\n\n\n\n<p><\/p>\n\n\n\n<div class=\"wp-block-pb-accordion-item c-accordion__item js-accordion-item no-js\" data-initially-open=\"false\" data-click-to-close=\"true\" data-auto-close=\"true\" data-scroll=\"false\" data-scroll-offset=\"0\"><h2 id=\"at-16720\" class=\"c-accordion__title js-accordion-controller\" role=\"button\">\ud83d\udfe3GESTI\u00d3N DEL CONOCIMIENTO<\/h2><div id=\"ac-16720\" class=\"c-accordion__content\">\n<figure class=\"wp-block-table\"><table class=\"has-fixed-layout\"><tbody><tr><td rowspan=\"3\">\ud83d\udd35<strong>TRANSFERENCIA DE CONOCIMIENTO Y\u00a0TECNOLOG\u00cdA<\/strong><\/td><td><a href=\"https:\/\/departamentos.uleam.edu.ec\/gestion-aseguramiento-calidad\/planificacion-de-proyectos-de-vinculacion-con-la-sociedad\/\" target=\"_blank\" rel=\"noreferrer noopener\">PLANIFICACI\u00d3N DE PROGRAMAS Y PROYECTOS DE VINCULACI\u00d3N CON LA SOCIEDAD<\/a><\/td><\/tr><tr><td><a href=\"https:\/\/departamentos.uleam.edu.ec\/gestion-aseguramiento-calidad\/ejecucion-y-monitoreo-de-proyectos-de-vinculacion-con-la-sociedad\/\" target=\"_blank\" rel=\"noreferrer noopener\">EJECUCI\u00d3N, MONITOREO Y SEGUIMIENTO DE PROGRAMAS Y PROYECTOS DE VINCULACI\u00d3N CON LA SOCIEDAD<\/a><\/td><\/tr><tr><td><a href=\"https:\/\/departamentos.uleam.edu.ec\/gestion-aseguramiento-calidad\/evaluacion-de-logros-y-resultados-de-proyectos-de-vinculacion-con-la-sociedad\/\" target=\"_blank\" rel=\"noreferrer noopener\">EVALUACI\u00d3N DE LOGROS Y RESULTADOS&nbsp; DE PROYECTOS DE VINCULACI\u00d3N CON LA SOCIEDAD<\/a><\/td><\/tr><\/tbody><\/table><\/figure>\n<\/div><\/div>\n\n\n\n<div class=\"wp-block-pb-accordion-item c-accordion__item js-accordion-item no-js\" data-initially-open=\"false\" data-click-to-close=\"true\" data-auto-close=\"true\" data-scroll=\"false\" data-scroll-offset=\"0\"><h2 id=\"at-16721\" class=\"c-accordion__title js-accordion-controller\" role=\"button\">\ud83d\udfe0EDUCACI\u00d3N CONTINUA<\/h2><div id=\"ac-16721\" class=\"c-accordion__content\">\n<figure class=\"wp-block-table\"><table class=\"has-fixed-layout\"><tbody><tr><td>\ud83d\udfe2<strong>EDUCACI\u00d3N CONTINUA<\/strong><\/td><td><a href=\"https:\/\/departamentos.uleam.edu.ec\/gestion-aseguramiento-calidad\/2023\/12\/14\/programas-de-educacion-continua\/\">PROYECTOS Y PROGRAMAS DE EDUCACI\u00d3N CONTINUA<\/a><\/td><\/tr><\/tbody><\/table><\/figure>\n<\/div><\/div>\n\n\n\n<div class=\"wp-block-pb-accordion-item c-accordion__item js-accordion-item no-js\" data-initially-open=\"false\" data-click-to-close=\"true\" data-auto-close=\"true\" data-scroll=\"false\" data-scroll-offset=\"0\"><h2 id=\"at-16722\" class=\"c-accordion__title js-accordion-controller\" role=\"button\">\ud83d\udd35COOPERACI\u00d3N, DESARROLLO Y EMPRENDIMIENTO<\/h2><div id=\"ac-16722\" class=\"c-accordion__content\">\n<figure class=\"wp-block-table\"><table class=\"has-fixed-layout\"><tbody><tr><td rowspan=\"2\">\ud83d\udfe0<strong>PROGRAMAS Y PROYECTOS DE VINCULACI\u00d3N Y EMPRENDIMIENTO<\/strong><\/td><td><a href=\"https:\/\/departamentos.uleam.edu.ec\/gestion-aseguramiento-calidad\/participacion-de-los-estudiantes-y-docentes-en-los-proyectos-de-vinculacion\/\" target=\"_blank\" rel=\"noreferrer noopener\">PARTICIPACI\u00d3N DE LOS ESTUDIANTES Y DOCENTES EN LOS PROYECTOS DE VINCULACI\u00d3N<\/a><\/td><\/tr><tr><td><a href=\"https:\/\/departamentos.uleam.edu.ec\/gestion-aseguramiento-calidad\/2018\/07\/23\/gestion-de-recursos-para-programas-y-proyectos-de-vinculacion\/\" target=\"_blank\" rel=\"noreferrer noopener\">GESTI\u00d3N DE RECURSOS PARA PROGRAMAS Y PROYECTOS DE VINCULACI\u00d3N<\/a><\/td><\/tr><\/tbody><\/table><\/figure>\n<\/div><\/div>\n\n\n\n<div class=\"wp-block-pb-accordion-item c-accordion__item js-accordion-item no-js\" data-initially-open=\"false\" data-click-to-close=\"true\" data-auto-close=\"true\" data-scroll=\"false\" data-scroll-offset=\"0\"><h2 id=\"at-16723\" class=\"c-accordion__title js-accordion-controller\" role=\"button\">\ud83d\udd34REDES<\/h2><div id=\"ac-16723\" class=\"c-accordion__content\">\n<figure class=\"wp-block-table\"><table class=\"has-fixed-layout\"><tbody><tr><td>\ud83d\udd34<strong>GESTI\u00d3N ACAD\u00c9MICA DE LA VINCULACI\u00d3N.<\/strong><\/td><td><a href=\"https:\/\/departamentos.uleam.edu.ec\/gestion-aseguramiento-calidad\/subsistema-de-vinculacion-con-la-sociedad\/\">SISTEMA DE ADMINISTRACI\u00d3N DE PROYECTOS DE INTERVENCI\u00d3N SOCIAL&nbsp;(SAPIS)<\/a><\/td><\/tr><\/tbody><\/table><\/figure>\n<\/div><\/div>\n","protected":false},"excerpt":{"rendered":"<p>MACROPROCESOS:<\/p>\n","protected":false},"author":105,"featured_media":0,"parent":0,"menu_order":0,"comment_status":"closed","ping_status":"open","template":"","meta":{"footnotes":"","_links_to":"","_links_to_target":""},"class_list":["post-1672","page","type-page","status-publish","hentry"],"_links":{"self":[{"href":"https:\/\/departamentos.uleam.edu.ec\/gestion-aseguramiento-calidad\/wp-json\/wp\/v2\/pages\/1672","targetHints":{"allow":["GET"]}}],"collection":[{"href":"https:\/\/departamentos.uleam.edu.ec\/gestion-aseguramiento-calidad\/wp-json\/wp\/v2\/pages"}],"about":[{"href":"https:\/\/departamentos.uleam.edu.ec\/gestion-aseguramiento-calidad\/wp-json\/wp\/v2\/types\/page"}],"author":[{"embeddable":true,"href":"https:\/\/departamentos.uleam.edu.ec\/gestion-aseguramiento-calidad\/wp-json\/wp\/v2\/users\/105"}],"replies":[{"embeddable":true,"href":"https:\/\/departamentos.uleam.edu.ec\/gestion-aseguramiento-calidad\/wp-json\/wp\/v2\/comments?post=1672"}],"version-history":[{"count":118,"href":"https:\/\/departamentos.uleam.edu.ec\/gestion-aseguramiento-calidad\/wp-json\/wp\/v2\/pages\/1672\/revisions"}],"predecessor-version":[{"id":14316,"href":"https:\/\/departamentos.uleam.edu.ec\/gestion-aseguramiento-calidad\/wp-json\/wp\/v2\/pages\/1672\/revisions\/14316"}],"wp:attachment":[{"href":"https:\/\/departamentos.uleam.edu.ec\/gestion-aseguramiento-calidad\/wp-json\/wp\/v2\/media?parent=1672"}],"curies":[{"name":"wp","href":"https:\/\/api.w.org\/{rel}","templated":true}]}}