{"id":1735,"date":"2017-04-24T21:58:58","date_gmt":"2017-04-24T21:58:58","guid":{"rendered":"http:\/\/departamentos.uleam.edu.ec\/organizacionymetodos\/?page_id=1735"},"modified":"2026-01-15T09:23:44","modified_gmt":"2026-01-15T14:23:44","slug":"evaluacion-y-seguimiento-de-proyectos-2","status":"publish","type":"page","link":"https:\/\/departamentos.uleam.edu.ec\/gestion-aseguramiento-calidad\/evaluacion-y-seguimiento-de-proyectos-2\/","title":{"rendered":"EVALUACI\u00d3N Y SEGUIMIENTO DE PROYECTOS"},"content":{"rendered":"\n<div class=\"wp-block-gutena-tabs gutena-tabs-block gutena-tabs-block-ef7641-cb\"><ul class=\"gutena-tabs-tab tab-flex\"><li class=\"gutena-tab-title active\" data-tab=\"1\"><div class=\"gutena-tab-title-content icon-top\"><div class=\"gutena-tab-title-text\"><div>\u2705 <strong>Manual<\/strong><\/div><\/div><\/div><\/li><li class=\"gutena-tab-title inactive\" data-tab=\"2\"><div class=\"gutena-tab-title-content icon-top\"><div class=\"gutena-tab-title-text\"><div><strong>\u2705 Flujo<\/strong><\/div><\/div><\/div><\/li><li class=\"gutena-tab-title inactive\" data-tab=\"3\"><div class=\"gutena-tab-title-content icon-top\"><div class=\"gutena-tab-title-text\"><div>\u2705 <strong>Formatos:<\/strong><\/div><\/div><\/div><\/li><li class=\"gutena-tab-title inactive\" data-tab=\"4\"><div class=\"gutena-tab-title-content icon-top\"><div class=\"gutena-tab-title-text\"><div><strong>\u26a0\ufe0fVersiones Anteriores\u00a0<\/strong><\/div><\/div><\/div><\/li><\/ul><div class=\"gutena-tabs-content is-layout-flow wp-block-gutena-tabs-is-layout-flow\">\n<div class=\"wp-block-gutena-tab gutena-tab-block gutena-tab-block-796da6-fa active\" data-tab=\"1\">\n<p style=\"margin-top:0;margin-bottom:0\">\u25c9 <a href=\"https:\/\/departamentos.uleam.edu.ec\/gestion-aseguramiento-calidad\/files\/2021\/06\/PIG-03-C.pdf\">PIG-03 Seguimiento, evaluaci\u00f3n y cierre de los programas y proyectos institucionales de investigaci\u00f3n V.2<\/a><\/p>\n<\/div>\n\n\n\n<div class=\"wp-block-gutena-tab gutena-tab-block gutena-tab-block-4f0b48-bf inactive\" data-tab=\"2\">\n<p style=\"margin-top:0;margin-bottom:0\">\u25c9 <a href=\"https:\/\/departamentos.uleam.edu.ec\/gestion-aseguramiento-calidad\/files\/2020\/09\/FLUJO-PIG-03.pdf\">Diagrama flujo &#8211; Seguimiento, evaluaci\u00f3n y cierre de los programas y proyectos institucionales de investigaci\u00f3n V.2<\/a><\/p>\n<\/div>\n\n\n\n<div class=\"wp-block-gutena-tab gutena-tab-block gutena-tab-block-84a06d-82 inactive\" data-tab=\"3\">\n<p>\u25c9 <a href=\"https:\/\/departamentos.uleam.edu.ec\/gestion-aseguramiento-calidad\/files\/2020\/09\/PIG-031.doc\">PIG-03-F-001 Informes de avances de proyectos de investigaci\u00f3n por la comisi\u00f3n de investigaci\u00f3n a la Direcci\u00f3n de Investigaci\u00f3n e Innovaci\u00f3n Social y Tecnol\u00f3gica DIIST<\/a><\/p>\n\n\n\n<p>\u25c9 <a href=\"https:\/\/departamentos.uleam.edu.ec\/gestion-aseguramiento-calidad\/files\/2020\/09\/PIG-032.doc\">PIG-03-F-002 Criterios t\u00e9cnicos y recomendaciones al estado de resultados del proyecto de investigaci\u00f3n por la Direcci\u00f3n de Investigaci\u00f3n e Innovaci\u00f3n Social y Tecnol\u00f3gica DIIST.<\/a><\/p>\n\n\n\n<p>\u25c9 <a href=\"https:\/\/departamentos.uleam.edu.ec\/gestion-aseguramiento-calidad\/files\/2020\/09\/PIG-033.doc\">PIG-03-F-003 Informe de cierre del proyecto por el l\u00edder.<\/a><\/p>\n\n\n\n<p>\u25c9&nbsp;<a href=\"https:\/\/departamentos.uleam.edu.ec\/gestion-aseguramiento-calidad\/files\/2020\/09\/PIG-034.doc\">PIG-03-F-004 Notificaci\u00f3n para tr\u00e1mite de cierre de proyecto no concluido.<\/a><\/p>\n\n\n\n<p>\u25c9 <a href=\"https:\/\/departamentos.uleam.edu.ec\/gestion-aseguramiento-calidad\/files\/2026\/01\/PIG-03-F-005-Acuerdo-de-cierre-de-Prog-Proy-institucional-de-Inv-concluidos-V4.docx\">PIG-03-F-005 Acuerdo de cierre de Programa o Proyecto institucional de Investigaci\u00f3n concluido V4.<\/a> <sub>\u2139\ufe0f\u00a1Nueva versi\u00f3n!<\/sub><\/p>\n<\/div>\n\n\n\n<div class=\"wp-block-gutena-tab gutena-tab-block gutena-tab-block-7366c2-60 inactive\" data-tab=\"4\">\n<p>\u26d4Manual <strong>(no vigentes)<\/strong>: \u25aa<a href=\"https:\/\/departamentos.uleam.edu.ec\/gestion-aseguramiento-calidad\/files\/2019\/09\/PIG-03EvalaucionSeguimiento.pdf\">PIG-03 Evaluaci\u00f3n y Seguimiento de Proyectos<\/a><\/p>\n\n\n\n<p>\u26d4Flujo <strong>(no vigentes)<\/strong>: \u25aa<a href=\"https:\/\/departamentos.uleam.edu.ec\/gestion-aseguramiento-calidad\/files\/2019\/07\/Flujo-Evaluaci\u00f3n-y-Seguimiento-de-Proyectos.pdf\">Evaluaci\u00f3n y Seguimiento de Proyectos<\/a><\/p>\n\n\n\n<p>\u26d4Formatos <strong>(no vigentes)<\/strong>:<\/p>\n\n\n\n<p>\u25aa <a href=\"https:\/\/departamentos.uleam.edu.ec\/gestion-aseguramiento-calidad\/files\/2020\/09\/PI42D01.doc\">PIG-03-F-005 Acuerdo de cierre de programas o proyectos no concluidos institucionales de investigaci\u00f3n no concluidos V1<\/a><\/p>\n\n\n\n<p>\u25aa <a href=\"https:\/\/departamentos.uleam.edu.ec\/gestion-aseguramiento-calidad\/files\/2019\/10\/PIG-03-F-005-Acuerdo-de-cierre-de-programas-o-proyectos-institucionales-V2.docx\">PIG-03-F-005 Acuerdo de cierre de programas o proyectos institucionales V2<\/a><\/p>\n\n\n\n<p>\u25aa <a href=\"https:\/\/departamentos.uleam.edu.ec\/gestion-aseguramiento-calidad\/files\/2024\/09\/PIG-03-F-005-Acuerdo-de-cierre-de-Prog-o-Proy-institucionales-de-Inv-concluidos-V3.docx\">PIG-03-F-005 Acuerdo de cierre de Programa o Proyecto institucional de Investigaci\u00f3n concluido V3<\/a><\/p>\n<\/div>\n<\/div><\/div>\n\n\n\n<p><\/p>\n","protected":false},"excerpt":{"rendered":"","protected":false},"author":47,"featured_media":0,"parent":0,"menu_order":0,"comment_status":"closed","ping_status":"open","template":"","meta":{"footnotes":"","_links_to":"","_links_to_target":""},"class_list":["post-1735","page","type-page","status-publish","hentry"],"_links":{"self":[{"href":"https:\/\/departamentos.uleam.edu.ec\/gestion-aseguramiento-calidad\/wp-json\/wp\/v2\/pages\/1735","targetHints":{"allow":["GET"]}}],"collection":[{"href":"https:\/\/departamentos.uleam.edu.ec\/gestion-aseguramiento-calidad\/wp-json\/wp\/v2\/pages"}],"about":[{"href":"https:\/\/departamentos.uleam.edu.ec\/gestion-aseguramiento-calidad\/wp-json\/wp\/v2\/types\/page"}],"author":[{"embeddable":true,"href":"https:\/\/departamentos.uleam.edu.ec\/gestion-aseguramiento-calidad\/wp-json\/wp\/v2\/users\/47"}],"replies":[{"embeddable":true,"href":"https:\/\/departamentos.uleam.edu.ec\/gestion-aseguramiento-calidad\/wp-json\/wp\/v2\/comments?post=1735"}],"version-history":[{"count":24,"href":"https:\/\/departamentos.uleam.edu.ec\/gestion-aseguramiento-calidad\/wp-json\/wp\/v2\/pages\/1735\/revisions"}],"predecessor-version":[{"id":14562,"href":"https:\/\/departamentos.uleam.edu.ec\/gestion-aseguramiento-calidad\/wp-json\/wp\/v2\/pages\/1735\/revisions\/14562"}],"wp:attachment":[{"href":"https:\/\/departamentos.uleam.edu.ec\/gestion-aseguramiento-calidad\/wp-json\/wp\/v2\/media?parent=1735"}],"curies":[{"name":"wp","href":"https:\/\/api.w.org\/{rel}","templated":true}]}}