{"id":1739,"date":"2017-04-24T22:02:22","date_gmt":"2017-04-24T22:02:22","guid":{"rendered":"http:\/\/departamentos.uleam.edu.ec\/organizacionymetodos\/?page_id=1739"},"modified":"2024-11-18T12:47:39","modified_gmt":"2024-11-18T17:47:39","slug":"planificacion-de-programa-de-practicas-pre-profesionales-y-pasantias","status":"publish","type":"page","link":"https:\/\/departamentos.uleam.edu.ec\/gestion-aseguramiento-calidad\/planificacion-de-programa-de-practicas-pre-profesionales-y-pasantias\/","title":{"rendered":"PLANIFICACI\u00d3N, EJECUCI\u00d3N, SUPERVISI\u00d3N Y EVALUACI\u00d3N DE PR\u00c1CTICAS PREPROFESIONALES Y PASANT\u00cdAS"},"content":{"rendered":"\n<div class=\"wp-block-gutena-tabs gutena-tabs-block gutena-tabs-block-2a3250-e8\"><ul class=\"gutena-tabs-tab tab-flex\"><li class=\"gutena-tab-title active\" data-tab=\"1\"><div class=\"gutena-tab-title-content icon-top\"><div class=\"gutena-tab-title-text\"><div>\u2611\ufe0f Manual <\/div><\/div><\/div><\/li><li class=\"gutena-tab-title inactive\" data-tab=\"2\"><div class=\"gutena-tab-title-content icon-top\"><div class=\"gutena-tab-title-text\"><div>\u2611\ufe0f Formatos<\/div><\/div><\/div><\/li><li class=\"gutena-tab-title inactive\" data-tab=\"3\"><div class=\"gutena-tab-title-content icon-top\"><div class=\"gutena-tab-title-text\"><div>\u26a0\ufe0f Versiones anteriores<\/div><\/div><\/div><\/li><\/ul><div class=\"gutena-tabs-content is-layout-flow wp-block-gutena-tabs-is-layout-flow\">\n<div class=\"wp-block-gutena-tab gutena-tab-block gutena-tab-block-6b45fa-74 active\" data-tab=\"1\">\n<p style=\"margin-top:0;margin-bottom:0\">\u2705 <a href=\"https:\/\/departamentos.uleam.edu.ec\/gestion-aseguramiento-calidad\/files\/2022\/08\/PAP-01-Manual-Planificacion-Ejecucion-Supervision-y-Evaluacion-de-Practicas-Preprofesionales.pdf\">PAP-01 Manual Planificaci\u00f3n, Ejecuci\u00f3n, Supervisi\u00f3n y Evaluaci\u00f3n de Pr\u00e1cticas Preprofesionales<\/a>.<\/p>\n\n\n\n<p>\u2705 <a href=\"https:\/\/departamentos.uleam.edu.ec\/gestion-aseguramiento-calidad\/files\/2022\/08\/Diagrama-de-Flujo-Procedimiento-Practicas-Preprofesionales.pdf\">Diagrama de Flujo &#8211; Manual de Procedimientos Pr\u00e1cticas Preprofesionales PAP-01<\/a>.<\/p>\n<\/div>\n\n\n\n<div class=\"wp-block-gutena-tab gutena-tab-block gutena-tab-block-aaee79-99 inactive\" data-tab=\"2\">\n<p>\u2705<a href=\"https:\/\/departamentos.uleam.edu.ec\/gestion-aseguramiento-calidad\/files\/2022\/05\/PAP-01-F-001-Planificacion-Semestral-de-PracticasPP.docx\">PAP-01-F-001-Planificaci\u00f3n Semestral de Pr\u00e1cticas Preprofesionales<\/a><\/p>\n\n\n\n<p>\u2705<a href=\"https:\/\/departamentos.uleam.edu.ec\/gestion-aseguramiento-calidad\/files\/2022\/05\/PAP-01-F-002-Registro-Actividades-Diarias-del-Estudiante.docx\">PAP-01-F-002-Registro Actividades Diarias del Estudiante<\/a><\/p>\n\n\n\n<p>\u2705<a href=\"https:\/\/departamentos.uleam.edu.ec\/gestion-aseguramiento-calidad\/files\/2022\/05\/PAP-01-F-003-Ficha-para-Supervisar-al-Estudiante.docx\">PAP-01-F-003-Ficha para Supervisar al Estudiante<\/a><\/p>\n\n\n\n<p>\u2705<a href=\"https:\/\/departamentos.uleam.edu.ec\/gestion-aseguramiento-calidad\/files\/2022\/05\/PAP-01-F-004-Informe-Final-del-Estudiante.docx\">PAP-01-F-004-Informe Final del Estudiante<\/a><\/p>\n\n\n\n<p>\u2705<a href=\"https:\/\/departamentos.uleam.edu.ec\/gestion-aseguramiento-calidad\/files\/2022\/07\/PAP-01-F-005-Evaluacion-General-de-Practicas-y-Pasantias.xlsx\">PAP-01-F-005-Evaluaci\u00f3n General de Pr\u00e1cticas y Pasant\u00edas<\/a><\/p>\n\n\n\n<p>\u2705<a href=\"https:\/\/departamentos.uleam.edu.ec\/gestion-aseguramiento-calidad\/files\/2022\/05\/PAP-01-F-006-Solicitud-de-practicas-preprofesionales.docx\">PAP-01-F-006-Solicitud de pr\u00e1cticas preprofesionales<\/a><\/p>\n<\/div>\n\n\n\n<div class=\"wp-block-gutena-tab gutena-tab-block gutena-tab-block-8f2e3e-94 inactive\" data-tab=\"3\">\n<p style=\"margin-top:0;margin-bottom:0\"><\/p>\n\n\n\n<p>\u26d4Manuales no vigentes:<\/p>\n\n\n\n<p>\u27a5<a href=\"https:\/\/departamentos.uleam.edu.ec\/gestion-aseguramiento-calidad\/files\/2020\/05\/PVV-06-c.pdf\">PVV-06 Planificaci\u00f3n de Programas de Pr\u00e1cticas Pre-Profesionales y Pasant\u00edas v1<\/a><\/p>\n\n\n\n<p>\u27a5<a href=\"https:\/\/departamentos.uleam.edu.ec\/gestion-aseguramiento-calidad\/files\/2019\/09\/PVV-07SupervicionPP.pdf\">PVV-07 Supervisi\u00f3n de programas de pr\u00e1cticas preprofesionales V1<\/a><\/p>\n\n\n\n<p>\u27a5<a href=\"https:\/\/departamentos.uleam.edu.ec\/gestion-aseguramiento-calidad\/files\/2019\/09\/PVV-08.pdf\">PVV-08 Evaluaci\u00f3n del desempe\u00f1o de las pr\u00e1cticas preprofesionales y pasant\u00edas<\/a><\/p>\n\n\n\n<p>\u26d4Diagramas de flujo no vigentes:<\/p>\n\n\n\n<p>\u27a5<a href=\"https:\/\/departamentos.uleam.edu.ec\/gestion-aseguramiento-calidad\/files\/2020\/05\/Flujo.pdf\">Diagrama &#8211; PVV-06 -Planificaci\u00f3n de Programa de Pr\u00e1cticas Pre-Profesionales y Pasant\u00edas V1<\/a><\/p>\n\n\n\n<p>\u27a5<a href=\"https:\/\/departamentos.uleam.edu.ec\/gestion-aseguramiento-calidad\/files\/2019\/09\/Flujo-Supervisi%C3%B3n-de-Programas-de-Pr%C3%A1cticas-Prefosionales-y-.pdf\">Diagrama &#8211; PVV-07- Supervisi\u00f3n de programas de pr\u00e1cticas preprofesionales<\/a><\/p>\n\n\n\n<p>\u27a5<a href=\"https:\/\/departamentos.uleam.edu.ec\/gestion-aseguramiento-calidad\/files\/2019\/09\/PVV-08-Flujo.pdf\">Diagrama &#8211; PVV-08 &#8211; Evaluaci\u00f3n del desempe\u00f1o de pr\u00e1cticas preprofesionales y pasant\u00edas<\/a><\/p>\n\n\n\n<p>\u26d4Formatos no vigentes:<\/p>\n\n\n\n<p>\u27a5<a href=\"https:\/\/departamentos.uleam.edu.ec\/gestion-aseguramiento-calidad\/files\/2019\/07\/PVV-06-F-002-INFORME-DE-PLANIFICACI\u00d3N-SEMESTRAL-DEL-PROGRAMA-DE-PRACTICAS-PRE-PROFESIONALES1-1.docx\">PVV-06-F-002-Informe de Planificaci\u00f3n Semestral del Programa de Pr\u00e1cticas\u00a0 Pre-Profesionales V1<\/a><\/p>\n\n\n\n<p>\u27a5<a href=\"https:\/\/departamentos.uleam.edu.ec\/gestion-aseguramiento-calidad\/files\/2019\/09\/PVV-06-F-002-InformePP.docx\">PVV-06-F-002-Informe de Planificaci\u00f3n Semestral del Programa de Pr\u00e1cticas\u00a0 Pre-Profesionales V2<\/a><\/p>\n\n\n\n<p>\u27a5<a href=\"https:\/\/departamentos.uleam.edu.ec\/gestion-aseguramiento-calidad\/files\/2019\/09\/PVV-07-F-001-Registro.docx\">PVV-07-F-001-Registro de asistencia de pr\u00e1cticas preprofesionales V2<\/a><\/p>\n\n\n\n<p>\u27a5<a href=\"https:\/\/departamentos.uleam.edu.ec\/gestion-aseguramiento-calidad\/files\/2019\/09\/PVV-07-F-002-Informe.docx\">PVV-07-F-002-Informe de supervisi\u00f3n de pr\u00e1cticas preprofesionales V2<\/a><\/p>\n\n\n\n<p>\u27a5<a href=\"https:\/\/departamentos.uleam.edu.ec\/gestion-aseguramiento-calidad\/files\/2019\/09\/PVV-08-F-001-FORMATO-DE-EVALUACION-TUTOR-INSTITUCIONAL-2.docx\">PVV-08-F-001-Formato de evaluaci\u00f3n tutor institucional V2<\/a><\/p>\n\n\n\n<p>\u27a5<a href=\"https:\/\/departamentos.uleam.edu.ec\/gestion-aseguramiento-calidad\/files\/2019\/09\/PVV-084.doc\">PVV-08-F-002 Formato de evaluaci\u00f3n del docente supervisor V2<\/a><\/p>\n\n\n\n<p>\u27a5<a href=\"https:\/\/departamentos.uleam.edu.ec\/gestion-aseguramiento-calidad\/files\/2019\/09\/PVV-08-F-003-EVALUACI%C3%93N-DE-DESEMPE%C3%91O-DEL-ESTUDIANTE-2.docx\">PVV-08-F-003-Formato de evaluaci\u00f3n de desempe\u00f1o del estudiante V2<\/a><\/p>\n\n\n\n<p>\u27a5<a href=\"https:\/\/departamentos.uleam.edu.ec\/gestion-aseguramiento-calidad\/files\/2019\/09\/PVV-08-F-004-EVALUACI%C3%93N-DE-INFORME-FINAL-DE-EVALUACI%C3%93N-2.docx\">PVV-08-F-004 Formato de informe final de evaluaci\u00f3n V2<\/a><\/p>\n\n\n\n<p>\u27a5<a href=\"https:\/\/departamentos.uleam.edu.ec\/gestion-aseguramiento-calidad\/files\/2019\/09\/ENCUES2.doc\">S\/C Encuesta docentes pr\u00e1cticas preprofesionales y pasant\u00edas V1<\/a><\/p>\n\n\n\n<p>\u27a5<a href=\"https:\/\/departamentos.uleam.edu.ec\/gestion-aseguramiento-calidad\/files\/2019\/09\/ENCUES1.doc\">S\/C Encuesta estudiantes proceso de pr\u00e1cticas preprofesionales y pasant\u00edas V1<\/a><\/p>\n<\/div>\n<\/div><\/div>\n","protected":false},"excerpt":{"rendered":"","protected":false},"author":105,"featured_media":0,"parent":0,"menu_order":0,"comment_status":"closed","ping_status":"open","template":"","meta":{"footnotes":"","_links_to":"","_links_to_target":""},"class_list":["post-1739","page","type-page","status-publish","hentry"],"_links":{"self":[{"href":"https:\/\/departamentos.uleam.edu.ec\/gestion-aseguramiento-calidad\/wp-json\/wp\/v2\/pages\/1739","targetHints":{"allow":["GET"]}}],"collection":[{"href":"https:\/\/departamentos.uleam.edu.ec\/gestion-aseguramiento-calidad\/wp-json\/wp\/v2\/pages"}],"about":[{"href":"https:\/\/departamentos.uleam.edu.ec\/gestion-aseguramiento-calidad\/wp-json\/wp\/v2\/types\/page"}],"author":[{"embeddable":true,"href":"https:\/\/departamentos.uleam.edu.ec\/gestion-aseguramiento-calidad\/wp-json\/wp\/v2\/users\/105"}],"replies":[{"embeddable":true,"href":"https:\/\/departamentos.uleam.edu.ec\/gestion-aseguramiento-calidad\/wp-json\/wp\/v2\/comments?post=1739"}],"version-history":[{"count":43,"href":"https:\/\/departamentos.uleam.edu.ec\/gestion-aseguramiento-calidad\/wp-json\/wp\/v2\/pages\/1739\/revisions"}],"predecessor-version":[{"id":12859,"href":"https:\/\/departamentos.uleam.edu.ec\/gestion-aseguramiento-calidad\/wp-json\/wp\/v2\/pages\/1739\/revisions\/12859"}],"wp:attachment":[{"href":"https:\/\/departamentos.uleam.edu.ec\/gestion-aseguramiento-calidad\/wp-json\/wp\/v2\/media?parent=1739"}],"curies":[{"name":"wp","href":"https:\/\/api.w.org\/{rel}","templated":true}]}}