{"id":1774,"date":"2017-04-25T14:16:20","date_gmt":"2017-04-25T14:16:20","guid":{"rendered":"http:\/\/departamentos.uleam.edu.ec\/organizacionymetodos\/?page_id=1774"},"modified":"2026-03-24T15:56:17","modified_gmt":"2026-03-24T20:56:17","slug":"contratacion-por-servicios-profesionales","status":"publish","type":"page","link":"https:\/\/departamentos.uleam.edu.ec\/gestion-aseguramiento-calidad\/contratacion-por-servicios-profesionales\/","title":{"rendered":"CONTRATACI\u00d3N CIVIL DE PERSONAL ACAD\u00c9MICO"},"content":{"rendered":"\n<div class=\"wp-block-group\"><div class=\"wp-block-group__inner-container is-layout-constrained wp-block-group-is-layout-constrained\">\n<div class=\"wp-block-gutena-tabs gutena-tabs-block gutena-tabs-block-2ed09a-59\"><ul class=\"gutena-tabs-tab tab-flex\"><li class=\"gutena-tab-title active\" data-tab=\"1\"><div class=\"gutena-tab-title-content icon-top\"><div class=\"gutena-tab-title-text\"><div>\u2705Manual<\/div><\/div><\/div><\/li><li class=\"gutena-tab-title inactive\" data-tab=\"2\"><div class=\"gutena-tab-title-content icon-top\"><div class=\"gutena-tab-title-text\"><div><a>\u2611\ufe0f<\/a>Instructivo<\/div><\/div><\/div><\/li><li class=\"gutena-tab-title inactive\" data-tab=\"3\"><div class=\"gutena-tab-title-content icon-top\"><div class=\"gutena-tab-title-text\"><div>\u26a0\ufe0f<a>Versiones Anteriores<\/a><\/div><\/div><\/div><\/li><\/ul><div class=\"gutena-tabs-content is-layout-flow wp-block-gutena-tabs-is-layout-flow\">\n<div class=\"wp-block-gutena-tab gutena-tab-block gutena-tab-block-8e34d3-18 active\" data-tab=\"1\">\n<p style=\"margin-top:0;margin-bottom:0\">\ud83d\udfe2 Manual:<\/p>\n\n\n\n<p style=\"margin-top:0;margin-bottom:0\">\u279c<a href=\"https:\/\/departamentos.uleam.edu.ec\/gestion-aseguramiento-calidad\/files\/2026\/03\/Contratacion-civil-y-pago-de-personal-academico-por-servicios-profesionales-o-contratos-tecnicos-especializados.pdf\" target=\"_blank\" rel=\"noreferrer noopener\">PHC-08 Contrataci\u00f3n civil y pago de personal acad\u00e9mico por servicios profesionales o contratos t\u00e9cnicos especializados V2.<\/a><\/p>\n\n\n\n<p><\/p>\n\n\n\n<p style=\"margin-top:0;margin-bottom:0\">\ud83d\udd34Diagrama de flujo:<\/p>\n\n\n\n<p style=\"margin-top:0;margin-bottom:0\">\u279c<a href=\"https:\/\/departamentos.uleam.edu.ec\/gestion-aseguramiento-calidad\/files\/2026\/03\/Diagrama-Contratacion-y-Pago-Personal-Academico-Contrato-Civil-SP.pdf\" target=\"_blank\" rel=\"noreferrer noopener\">Diagrama de Flujo &#8211; Contrataci\u00f3n civil y pago al personal acad\u00e9mico PHC-08 V2.<\/a><\/p>\n\n\n\n<p><\/p>\n\n\n\n<p style=\"margin-top:0;margin-bottom:0\">\ud83d\udd35Formatos vigentes:<\/p>\n\n\n\n<p style=\"margin-top:0;margin-bottom:0\">\u279c <a href=\"https:\/\/departamentos.uleam.edu.ec\/gestion-aseguramiento-calidad\/files\/2026\/03\/PHC-08-F-001-Solicitud-de-contratacion-de-personal-academico-por-Servicios-Profesionales-V3.doc\" target=\"_blank\" rel=\"noreferrer noopener\">PHC-08-F-001 Solicitud de contrataci\u00f3n de personal acad\u00e9mico por Servicios Profesionales V3<\/a><\/p>\n\n\n\n<p style=\"margin-top:0;margin-bottom:0\">\u279c <a href=\"https:\/\/departamentos.uleam.edu.ec\/gestion-aseguramiento-calidad\/files\/2026\/03\/PHC-08-F-002-Informe-de-actividades-realizadas-V1.doc\" target=\"_blank\" rel=\"noreferrer noopener\">PHC-08-F-002 Informe de actividades realizadas V1<\/a><\/p>\n\n\n\n<p style=\"margin-top:0;margin-bottom:0\">\u279c <a href=\"https:\/\/departamentos.uleam.edu.ec\/gestion-aseguramiento-calidad\/files\/2026\/03\/PAA-01-F-008-Planificacion-Modular-V1.xlsx\" target=\"_blank\" rel=\"noreferrer noopener\">PAA-01-F-008 Planificaci\u00f3n Modular V1.<\/a><\/p>\n\n\n\n<p style=\"margin-top:0;margin-bottom:0\">_______<\/p>\n\n\n\n<p style=\"margin-top:0;margin-bottom:0\">\u27ae <a href=\"https:\/\/departamentos.uleam.edu.ec\/gestion-aseguramiento-calidad\/files\/2026\/03\/Modelo-solicitud-de-pago-Con-y-sin-feriado-Unidad-Academica.docx\" target=\"_blank\" rel=\"noreferrer noopener\">Modelo solicitud de pago &#8211; con y sin feriado.<\/a><\/p>\n<\/div>\n\n\n\n<div class=\"wp-block-gutena-tab gutena-tab-block gutena-tab-block-8c3ccf-61 inactive\" data-tab=\"2\">\n<p style=\"margin-top:0;margin-bottom:0\">\u25c9 <a href=\"https:\/\/departamentos.uleam.edu.ec\/gestion-aseguramiento-calidad\/files\/2025\/10\/PHC-08-IT-001-Instructivo-Contratacion-y-Pago-de-Servicios-Profesionales-Proyectos-Vinculacion-V1.pdf\" target=\"_blank\" rel=\"noreferrer noopener\">PHC-08-IT-001 Instructivo &#8211; Contrataci\u00f3n civil y Pago de servicios profesionales\/t\u00e9cnicos por concepto de capacitaciones en el marco de programas o proyectos de Vinculaci\u00f3n y Emprendimiento V1.<\/a><\/p>\n\n\n\n<p>\u25c9 <a href=\"https:\/\/departamentos.uleam.edu.ec\/gestion-aseguramiento-calidad\/files\/2025\/10\/PHC-08-IT-001-Contratacion-y-Pago-de-SP-Capacitaciones-Vinculacion-e-Investigacion-V1.pdf\" target=\"_blank\" rel=\"noreferrer noopener\">Diagrama de flujo &#8211; Instructivo PHC-08-IT-001 V1.<\/a><\/p>\n<\/div>\n\n\n\n<div class=\"wp-block-gutena-tab gutena-tab-block gutena-tab-block-31aa5a-9f inactive\" data-tab=\"3\">\n<div class=\"wp-block-group\"><div class=\"wp-block-group__inner-container is-layout-constrained wp-block-group-is-layout-constrained\">\n<p class=\"has-text-align-left\">\u26d4Manuales <strong>no vigentes<\/strong>:<\/p>\n\n\n\n<p class=\"has-text-align-left\">\u25c9 <a href=\"https:\/\/departamentos.uleam.edu.ec\/gestion-aseguramiento-calidad\/files\/2020\/06\/MANUAL2.pdf\" target=\"_blank\" rel=\"noreferrer noopener\">PHC-08 Contrataci\u00f3n de docentes por servicios profesionales V1<\/a><\/p>\n\n\n\n<p class=\"has-text-align-left\">\u26d4Flujos <strong>no vigentes<\/strong>:<\/p>\n\n\n\n<p class=\"has-text-align-left\">\u25c9 <a href=\"https:\/\/departamentos.uleam.edu.ec\/gestion-aseguramiento-calidad\/contratacion-por-servicios-profesionales\/\" target=\"_blank\" rel=\"noreferrer noopener\">Diagrama PHC-08 Contrataci\u00f3n de docentes bajo la modalidad de servicios profesionales V1<\/a><\/p>\n\n\n\n<p class=\"has-text-align-left\">\u26d4Formatos <strong>no vigentes<\/strong>:<\/p>\n\n\n\n<p class=\"has-text-align-left\">\u25c9 <a href=\"https:\/\/departamentos.uleam.edu.ec\/gestion-aseguramiento-calidad\/files\/2020\/06\/PHC-082.doc\" target=\"_blank\" rel=\"noreferrer noopener\">PHC-08-F-001 Solicitud de contrataci\u00f3n de docentes por servicios profesionales V.1<\/a><\/p>\n\n\n\n<p>\u25c9 <a href=\"https:\/\/departamentos.uleam.edu.ec\/gestion-aseguramiento-calidad\/files\/2026\/03\/PHC-08-F-001-Solicitud-de-contratacion-de-docentes-por-servicios-profesionales-V2.docx\">PHC-08-F-001 Solicitud de contrataci\u00f3n de docentes por servicios profesionales V2<\/a><\/p>\n\n\n\n<p class=\"has-text-align-left\">\u25c9 <a href=\"https:\/\/departamentos.uleam.edu.ec\/gestion-aseguramiento-calidad\/files\/2020\/06\/PFT-062.doc\" target=\"_blank\" rel=\"noreferrer noopener\">PFT-06-F-001 Reporte de actividades para pago a docentes por servicios profesionales.<\/a><\/p>\n\n\n\n<p style=\"margin-top:0;margin-bottom:0\">\u25c9 <a href=\"https:\/\/departamentos.uleam.edu.ec\/gestion-aseguramiento-calidad\/files\/2020\/06\/PFT-061.doc\" target=\"_blank\" rel=\"noreferrer noopener\">PFT-06-F-002 Informe de conformidad de actividades acad\u00e9micas.<\/a><\/p>\n<\/div><\/div>\n<\/div>\n<\/div><\/div>\n<\/div><\/div>\n\n\n\n\n\n<p><\/p>\n","protected":false},"excerpt":{"rendered":"","protected":false},"author":47,"featured_media":0,"parent":0,"menu_order":0,"comment_status":"closed","ping_status":"open","template":"","meta":{"footnotes":"","_links_to":"","_links_to_target":""},"class_list":["post-1774","page","type-page","status-publish","hentry"],"_links":{"self":[{"href":"https:\/\/departamentos.uleam.edu.ec\/gestion-aseguramiento-calidad\/wp-json\/wp\/v2\/pages\/1774","targetHints":{"allow":["GET"]}}],"collection":[{"href":"https:\/\/departamentos.uleam.edu.ec\/gestion-aseguramiento-calidad\/wp-json\/wp\/v2\/pages"}],"about":[{"href":"https:\/\/departamentos.uleam.edu.ec\/gestion-aseguramiento-calidad\/wp-json\/wp\/v2\/types\/page"}],"author":[{"embeddable":true,"href":"https:\/\/departamentos.uleam.edu.ec\/gestion-aseguramiento-calidad\/wp-json\/wp\/v2\/users\/47"}],"replies":[{"embeddable":true,"href":"https:\/\/departamentos.uleam.edu.ec\/gestion-aseguramiento-calidad\/wp-json\/wp\/v2\/comments?post=1774"}],"version-history":[{"count":97,"href":"https:\/\/departamentos.uleam.edu.ec\/gestion-aseguramiento-calidad\/wp-json\/wp\/v2\/pages\/1774\/revisions"}],"predecessor-version":[{"id":14794,"href":"https:\/\/departamentos.uleam.edu.ec\/gestion-aseguramiento-calidad\/wp-json\/wp\/v2\/pages\/1774\/revisions\/14794"}],"wp:attachment":[{"href":"https:\/\/departamentos.uleam.edu.ec\/gestion-aseguramiento-calidad\/wp-json\/wp\/v2\/media?parent=1774"}],"curies":[{"name":"wp","href":"https:\/\/api.w.org\/{rel}","templated":true}]}}

CONTRATACIÓN CIVIL DE PERSONAL ACADÉMICO

<div class="wp-block-group"><div class="wp-block-group__inner-container is-layout-constrained wp-block-group-is-layout-constrained">
<div class="wp-block-gutena-tabs gutena-tabs-block gutena-tabs-block-2ed09a-59"><ul class="gutena-tabs-tab tab-flex"><li class="gutena-tab-title active" data-tab="1"><div class="gutena-tab-title-content icon-top"><div class="gutena-tab-title-text"><div>✅Manual</div></div></div></li><li class="gutena-tab-title inactive" data-tab="2"><div class="gutena-tab-title-content icon-top"><div class="gutena-tab-title-text"><div><a>☑️</a>Instructivo</div></div></div></li><li class="gutena-tab-title inactive" data-tab="3"><div class="gutena-tab-title-content icon-top"><div class="gutena-tab-title-text"><div>⚠️<a>Versiones Anteriores</a></div></div></div></li></ul><div class="gutena-tabs-content is-layout-flow wp-block-gutena-tabs-is-layout-flow">
<div class="wp-block-gutena-tab gutena-tab-block gutena-tab-block-8e34d3-18 active" data-tab="1">
<p style="margin-top:0;margin-bottom:0">🟢 Manual:</p>



<p style="margin-top:0;margin-bottom:0">➜<a href="https://departamentos.uleam.edu.ec/gestion-aseguramiento-calidad/files/2026/03/Contratacion-civil-y-pago-de-personal-academico-por-servicios-profesionales-o-contratos-tecnicos-especializados.pdf" target="_blank" rel="noreferrer noopener">PHC-08 Contratación civil y pago de personal académico por servicios profesionales o contratos técnicos especializados V2.</a></p>



<p></p>



<p style="margin-top:0;margin-bottom:0">🔴Diagrama de flujo:</p>



<p style="margin-top:0;margin-bottom:0">➜<a href="https://departamentos.uleam.edu.ec/gestion-aseguramiento-calidad/files/2026/03/Diagrama-Contratacion-y-Pago-Personal-Academico-Contrato-Civil-SP.pdf" target="_blank" rel="noreferrer noopener">Diagrama de Flujo &#8211; Contratación civil y pago al personal académico PHC-08 V2.</a></p>



<p></p>



<p style="margin-top:0;margin-bottom:0">🔵Formatos vigentes:</p>



<p style="margin-top:0;margin-bottom:0">➜ <a href="https://departamentos.uleam.edu.ec/gestion-aseguramiento-calidad/files/2026/03/PHC-08-F-001-Solicitud-de-contratacion-de-personal-academico-por-Servicios-Profesionales-V3.doc" target="_blank" rel="noreferrer noopener">PHC-08-F-001 Solicitud de contratación de personal académico por Servicios Profesionales V3</a></p>



<p style="margin-top:0;margin-bottom:0">➜ <a href="https://departamentos.uleam.edu.ec/gestion-aseguramiento-calidad/files/2026/03/PHC-08-F-002-Informe-de-actividades-realizadas-V1.doc" target="_blank" rel="noreferrer noopener">PHC-08-F-002 Informe de actividades realizadas V1</a></p>



<p style="margin-top:0;margin-bottom:0">➜ <a href="https://departamentos.uleam.edu.ec/gestion-aseguramiento-calidad/files/2026/03/PAA-01-F-008-Planificacion-Modular-V1.xlsx" target="_blank" rel="noreferrer noopener">PAA-01-F-008 Planificación Modular V1.</a></p>



<p style="margin-top:0;margin-bottom:0">_______</p>



<p style="margin-top:0;margin-bottom:0">➮ <a href="https://departamentos.uleam.edu.ec/gestion-aseguramiento-calidad/files/2026/03/Modelo-solicitud-de-pago-Con-y-sin-feriado-Unidad-Academica.docx" target="_blank" rel="noreferrer noopener">Modelo solicitud de pago &#8211; con y sin feriado.</a></p>
</div>



<div class="wp-block-gutena-tab gutena-tab-block gutena-tab-block-8c3ccf-61 inactive" data-tab="2">
<p style="margin-top:0;margin-bottom:0">◉ <a href="https://departamentos.uleam.edu.ec/gestion-aseguramiento-calidad/files/2025/10/PHC-08-IT-001-Instructivo-Contratacion-y-Pago-de-Servicios-Profesionales-Proyectos-Vinculacion-V1.pdf" target="_blank" rel="noreferrer noopener">PHC-08-IT-001 Instructivo &#8211; Contratación civil y Pago de servicios profesionales/técnicos por concepto de capacitaciones en el marco de programas o proyectos de Vinculación y Emprendimiento V1.</a></p>



<p>◉ <a href="https://departamentos.uleam.edu.ec/gestion-aseguramiento-calidad/files/2025/10/PHC-08-IT-001-Contratacion-y-Pago-de-SP-Capacitaciones-Vinculacion-e-Investigacion-V1.pdf" target="_blank" rel="noreferrer noopener">Diagrama de flujo &#8211; Instructivo PHC-08-IT-001 V1.</a></p>
</div>



<div class="wp-block-gutena-tab gutena-tab-block gutena-tab-block-31aa5a-9f inactive" data-tab="3">
<div class="wp-block-group"><div class="wp-block-group__inner-container is-layout-constrained wp-block-group-is-layout-constrained">
<p class="has-text-align-left">⛔Manuales <strong>no vigentes</strong>:</p>



<p class="has-text-align-left">◉ <a href="https://departamentos.uleam.edu.ec/gestion-aseguramiento-calidad/files/2020/06/MANUAL2.pdf" target="_blank" rel="noreferrer noopener">PHC-08 Contratación de docentes por servicios profesionales V1</a></p>



<p class="has-text-align-left">⛔Flujos <strong>no vigentes</strong>:</p>



<p class="has-text-align-left">◉ <a href="https://departamentos.uleam.edu.ec/gestion-aseguramiento-calidad/contratacion-por-servicios-profesionales/" target="_blank" rel="noreferrer noopener">Diagrama PHC-08 Contratación de docentes bajo la modalidad de servicios profesionales V1</a></p>



<p class="has-text-align-left">⛔Formatos <strong>no vigentes</strong>:</p>



<p class="has-text-align-left">◉ <a href="https://departamentos.uleam.edu.ec/gestion-aseguramiento-calidad/files/2020/06/PHC-082.doc" target="_blank" rel="noreferrer noopener">PHC-08-F-001 Solicitud de contratación de docentes por servicios profesionales V.1</a></p>



<p>◉ <a href="https://departamentos.uleam.edu.ec/gestion-aseguramiento-calidad/files/2026/03/PHC-08-F-001-Solicitud-de-contratacion-de-docentes-por-servicios-profesionales-V2.docx">PHC-08-F-001 Solicitud de contratación de docentes por servicios profesionales V2</a></p>



<p class="has-text-align-left">◉ <a href="https://departamentos.uleam.edu.ec/gestion-aseguramiento-calidad/files/2020/06/PFT-062.doc" target="_blank" rel="noreferrer noopener">PFT-06-F-001 Reporte de actividades para pago a docentes por servicios profesionales.</a></p>



<p style="margin-top:0;margin-bottom:0">◉ <a href="https://departamentos.uleam.edu.ec/gestion-aseguramiento-calidad/files/2020/06/PFT-061.doc" target="_blank" rel="noreferrer noopener">PFT-06-F-002 Informe de conformidad de actividades académicas.</a></p>
</div></div>
</div>
</div></div>
</div></div>





<p></p>
