{"id":3819,"date":"2019-07-22T20:48:54","date_gmt":"2019-07-22T20:48:54","guid":{"rendered":"http:\/\/departamentos.uleam.edu.ec\/gestion-aseguramiento-calidad\/?page_id=3819"},"modified":"2026-01-29T08:30:11","modified_gmt":"2026-01-29T13:30:11","slug":"evaluacion-de-desempeno-2","status":"publish","type":"page","link":"https:\/\/departamentos.uleam.edu.ec\/gestion-aseguramiento-calidad\/evaluacion-de-desempeno-2\/","title":{"rendered":"EVALUACI\u00d3N DE DESEMPE\u00d1O"},"content":{"rendered":"<div class=\"wp-block-image\">\n<figure class=\"aligncenter is-resized\"><img decoding=\"async\" src=\"https:\/\/departamentos.uleam.edu.ec\/gestion-aseguramiento-calidad\/files\/2019\/07\/EvaDesempeno-300x124.jpg\" alt=\"\" style=\"width:213px;height:auto\" \/><\/figure>\n<\/div>\n\n\n<p><\/p>\n\n\n\n<div class=\"wp-block-gutena-tabs gutena-tabs-block gutena-tabs-block-147742-e1\"><ul class=\"gutena-tabs-tab tab-center\"><li class=\"gutena-tab-title active\" data-tab=\"1\"><div class=\"gutena-tab-title-content icon-top\"><div class=\"gutena-tab-title-text\"><div>\u2611\ufe0f2025-2<\/div><\/div><\/div><\/li><li class=\"gutena-tab-title inactive\" data-tab=\"2\"><div class=\"gutena-tab-title-content icon-top\"><div class=\"gutena-tab-title-text\"><div>\u27052025-1<\/div><\/div><\/div><\/li><li class=\"gutena-tab-title inactive\" data-tab=\"3\"><div class=\"gutena-tab-title-content icon-top\"><div class=\"gutena-tab-title-text\"><div>\u2611\ufe0f2024-2<\/div><\/div><\/div><\/li><li class=\"gutena-tab-title inactive\" data-tab=\"4\"><div class=\"gutena-tab-title-content icon-top\"><div class=\"gutena-tab-title-text\"><div>\u27052024-1<\/div><\/div><\/div><\/li><li class=\"gutena-tab-title inactive\" data-tab=\"5\"><div class=\"gutena-tab-title-content icon-top\"><div class=\"gutena-tab-title-text\"><div>\u26a0\ufe0fHist\u00f3rico<\/div><\/div><\/div><\/li><\/ul><div class=\"gutena-tabs-content is-layout-flow wp-block-gutena-tabs-is-layout-flow\">\n<div class=\"wp-block-gutena-tab gutena-tab-block gutena-tab-block-0ff12e-62 active\" data-tab=\"1\">\n<p><strong>\ud83d\udfe2<\/strong><a href=\"https:\/\/departamentos.uleam.edu.ec\/gestion-aseguramiento-calidad\/files\/2026\/01\/Cronograma-Eidpa-2025-2.pdf\" target=\"_blank\" rel=\"noreferrer noopener\"><strong>Cronograma Eidpa 2025-2.<\/strong><\/a><\/p>\n\n\n\n<p><strong>\ud83d\udfe0<\/strong><a href=\"https:\/\/departamentos.uleam.edu.ec\/gestion-aseguramiento-calidad\/files\/2026\/01\/Socializacion-Eidpa-2025_2-Profesores.pptx\" target=\"_blank\" rel=\"noreferrer noopener\"><strong>Socializaci\u00f3n Eidpa 2025_2 Profesores.<\/strong><\/a><\/p>\n\n\n\n<p><strong>\ud83d\udd34<\/strong><a href=\"https:\/\/departamentos.uleam.edu.ec\/gestion-aseguramiento-calidad\/files\/2019\/12\/GUIA45.pdf\" target=\"_blank\" rel=\"noreferrer noopener\"><strong>PAE-04-G-001 Gu\u00eda Evaluaci\u00f3n Integral Desempe\u00f1o Personal Acad\u00e9mico \u2013 EIDPA V6.<\/strong><\/a><\/p>\n\n\n\n<p><strong>\ud83d\udd35<\/strong><a href=\"https:\/\/www.uleam.edu.ec\/wp-content\/uploads\/2022\/10\/REGLAMENTO-INTERNO-DE-CARRERA-Y-ESCALAFON-DEL-PERSONAL-ACADEMICO-DE-LA-ULEAM.pdf\" target=\"_blank\" rel=\"noreferrer noopener\"><strong>Reglamento Interno de Carrera y Escalaf\u00f3n del personal acad\u00e9mico de la Uleam<\/strong><\/a><strong><a href=\"https:\/\/www.uleam.edu.ec\/wp-content\/uploads\/2022\/10\/REGLAMENTO-INTERNO-DE-CARRERA-Y-ESCALAFON-DEL-PERSONAL-ACADEMICO-DE-LA-ULEAM.pdf\" target=\"_blank\" rel=\"noreferrer noopener\">.<\/a><\/strong><\/p>\n\n\n\n<p><strong>\ud83d\udfe2<\/strong> <a href=\"https:\/\/heyzine.com\/flip-book\/9fd194c2ca.html\" target=\"_blank\" rel=\"noreferrer noopener\"><strong>Instrumentos de EIDPA.<\/strong><\/a><\/p>\n<\/div>\n\n\n\n<div class=\"wp-block-gutena-tab gutena-tab-block gutena-tab-block-71eae3-c6 inactive\" data-tab=\"2\">\n<p>\ud83d\udd34 <strong>Cronograma:<\/strong><\/p>\n\n\n\n<p>\u27a5<a href=\"https:\/\/departamentos.uleam.edu.ec\/gestion-aseguramiento-calidad\/files\/2025\/08\/Cronograma-EIDPA-2025-1.pdf\" target=\"_blank\" rel=\"noreferrer noopener\"><strong>Cronograma EIDPA 2025-1<\/strong><\/a><\/p>\n\n\n\n<p>\ud83d\udfe2 <strong>Documentos:<\/strong><\/p>\n\n\n\n<p>\u27a5<a href=\"https:\/\/www.uleam.edu.ec\/wp-content\/uploads\/2024\/10\/REGLAMENTO-INTERNO-DE-REGIMEN-ACADEMICO-signed-signed-3-signed-2.pdf\"><\/a><strong><a href=\"https:\/\/www.uleam.edu.ec\/wp-content\/uploads\/2022\/10\/REGLAMENTO-INTERNO-DE-CARRERA-Y-ESCALAFON-DEL-PERSONAL-ACADEMICO-DE-LA-ULEAM.pdf\" target=\"_blank\" rel=\"noreferrer noopener\">ULEAM-020 Reglamento Interno de Carrera y Escalaf\u00f3n del personal acad\u00e9mico de la Uleam 2022<\/a><\/strong><\/p>\n\n\n\n<p>\u27a5<a href=\"https:\/\/departamentos.uleam.edu.ec\/gestion-aseguramiento-calidad\/evaluacion-de-desempeno-2\/\" target=\"_blank\" rel=\"noreferrer noopener\"><\/a><a href=\"https:\/\/departamentos.uleam.edu.ec\/gestion-aseguramiento-calidad\/files\/2019\/12\/GUIA45.pdf\" target=\"_blank\" rel=\"noreferrer noopener\"><strong>PAE-04-G-001 Gu\u00eda Evaluaci\u00f3n Integral Desempe\u00f1o Personal Acad\u00e9mico &#8211; EIDPA V6<\/strong><\/a><\/p>\n\n\n\n<p>\u27a5<a href=\"https:\/\/heyzine.com\/flip-book\/e1713ea3a2.html\" target=\"_blank\" rel=\"noreferrer noopener\"><strong>Instrumentos de evaluaci\u00f3n &#8211; EIDPA 2025-1.<\/strong><\/a><\/p>\n\n\n\n<p>\ud83d\udd35 <strong>Socializaci\u00f3n:<\/strong><\/p>\n\n\n\n<p>\u27a5<a href=\"https:\/\/departamentos.uleam.edu.ec\/gestion-aseguramiento-calidad\/files\/2025\/07\/Presentacion-proceso-Eidpa-2025-1.pdf\" target=\"_blank\" rel=\"noreferrer noopener\"><strong>Presentaci\u00f3n proceso Eidpa 2025-1<\/strong><\/a><\/p>\n\n\n\n<p>\u27a5 <a href=\"https:\/\/uleam.sharepoint.com\/sites\/operacionymetodos\/_layouts\/15\/stream.aspx?id=%2Fsites%2Foperacionymetodos%2FDocumentos%20compartidos%2FGAC%2FASC%2FEVALUACION%20DE%20DESEMPE%C3%91O%20DOCENTE%2FEIDPA%202025%2D1%2Fvideo1120406327%2Emp4&amp;nav=eyJyZWZlcnJhbEluZm8iOnsicmVmZXJyYWxBcHAiOiJTdHJlYW1XZWJBcHAiLCJyZWZlcnJhbFZpZXciOiJTaGFyZURpYWxvZy1MaW5rIiwicmVmZXJyYWxBcHBQbGF0Zm9ybSI6IldlYiIsInJlZmVycmFsTW9kZSI6InZpZXcifX0&amp;referrer=StreamWebApp%2EWeb&amp;referrerScenario=AddressBarCopied%2Eview%2E7f10bc78%2Ddd65%2D4a4e%2D8dbd%2Dde6b4f4be714&amp;ga=1\" target=\"_blank\" rel=\"noreferrer noopener\"><strong>Video de la socializaci\u00f3n 08\/07\/2025<\/strong><\/a><\/p>\n<\/div>\n\n\n\n<div class=\"wp-block-gutena-tab gutena-tab-block gutena-tab-block-b81d73-61 inactive\" data-tab=\"3\">\n<p>\u27a5 <strong>Documentos:<\/strong><\/p>\n\n\n\n<p>\u2611\ufe0f <a href=\"https:\/\/www.uleam.edu.ec\/wp-content\/uploads\/2022\/10\/REGLAMENTO-INTERNO-DE-CARRERA-Y-ESCALAFON-DEL-PERSONAL-ACADEMICO-DE-LA-ULEAM.pdf\" target=\"_blank\" rel=\"noreferrer noopener\">Reglamento Interno de Carrera y Escalaf\u00f3n del Personal Acad\u00e9mico de la Uleam<\/a><\/p>\n\n\n\n<p>\u2611\ufe0f <a href=\"https:\/\/departamentos.uleam.edu.ec\/gestion-aseguramiento-calidad\/files\/2019\/12\/PAE-04-G-001-Guia-Metodologica-de-Evaluacion-Integral-del-Desempeno-del-Personal-Academico-EIDPA-Fiel-Copia-V5.pdf\" target=\"_blank\" rel=\"noreferrer noopener\">PAE-04-G-001 Gu\u00eda Metodol\u00f3gica de Evaluaci\u00f3n Integral del Desempe\u00f1o del Personal Acad\u00e9mico-EIDPA V5<\/a><\/p>\n\n\n\n<p>\u27a5 <strong>Difusi\u00f3n:<\/strong><\/p>\n\n\n\n<p>\u2611\ufe0f<a href=\"https:\/\/departamentos.uleam.edu.ec\/gestion-aseguramiento-calidad\/files\/2024\/10\/DIFUSION-EIDPA-20242.pptx\" target=\"_blank\" rel=\"noreferrer noopener\">Difusi\u00f3n Proceso EIDPA Profesores 2024 &#8211; 2<\/a><\/p>\n\n\n\n<p>\u2611\ufe0f<a href=\"https:\/\/departamentos.uleam.edu.ec\/gestion-aseguramiento-calidad\/files\/2025\/01\/Socializacion-explicada-proceso-Eidpa-2024-2-Estudiantes.pdf\" target=\"_blank\" rel=\"noreferrer noopener\">Socializaci\u00f3n, explicada-proceso-Eidpa-2024-2-Estudiantes<\/a><\/p>\n\n\n\n<p>\u27a5 <strong>Cronograma:<\/strong><\/p>\n\n\n\n<p>\u2611\ufe0f <a href=\"https:\/\/departamentos.uleam.edu.ec\/gestion-aseguramiento-calidad\/files\/2024\/10\/Cronograma-Proceso-EIDPA-2024-2.pdf\" target=\"_blank\" rel=\"noreferrer noopener\">Cronograma Proceso EIDPA 2024-2<\/a><\/p>\n\n\n\n<p>\u27a5 <strong>Fases de impugnaci\u00f3n 2024 (2):<\/strong><\/p>\n\n\n\n<p>\u2611\ufe0f <a href=\"https:\/\/departamentos.uleam.edu.ec\/gestion-aseguramiento-calidad\/files\/2024\/06\/DIRECTRICES-DE-IMPUGNACION-1ERA-INSTANCIA-EIDPA.pptx\" target=\"_blank\" rel=\"noreferrer noopener\">Directrices de Impugnaci\u00f3n Primera Instancia<\/a>.<\/p>\n\n\n\n<p style=\"margin-top:0;margin-bottom:0\">\u2611\ufe0f <a href=\"https:\/\/departamentos.uleam.edu.ec\/gestion-aseguramiento-calidad\/files\/2024\/06\/Eidpa-Segunda-Instancia-Impugnacion-1.pdf\" target=\"_blank\" rel=\"noreferrer noopener\">Directrices de Impugnaci\u00f3n Segunda Instancia<\/a>.<\/p>\n<\/div>\n\n\n\n<div class=\"wp-block-gutena-tab gutena-tab-block gutena-tab-block-f18ff2-58 inactive\" data-tab=\"4\">\n<p style=\"margin-top:0;margin-bottom:0\">\u2611\ufe0f <a href=\"https:\/\/departamentos.uleam.edu.ec\/gestion-aseguramiento-calidad\/files\/2025\/07\/Cronograma-Eidpa-2024-1.pdf\">Cronograma Eidpa 2024-1<\/a><\/p>\n\n\n\n<p style=\"margin-top:0;margin-bottom:0\">\u2611\ufe0f <a href=\"https:\/\/www.uleam.edu.ec\/wp-content\/uploads\/2022\/10\/REGLAMENTO-INTERNO-DE-CARRERA-Y-ESCALAFON-DEL-PERSONAL-ACADEMICO-DE-LA-ULEAM.pdf\" target=\"_blank\" rel=\"noreferrer noopener\">ULEAM-020 Reglamento Interno de Carrera y Escalaf\u00f3n del personal acad\u00e9mico de la Uleam 2022<\/a><\/p>\n\n\n\n<p style=\"margin-top:0;margin-bottom:0\">\u2611\ufe0f <a href=\"https:\/\/departamentos.uleam.edu.ec\/gestion-aseguramiento-calidad\/files\/2019\/12\/PAE-04-G-001-Guia-Metodologica-de-Evaluacion-Integral-del-Desempeno-del-Personal-Academico-EIDPA-Fiel-Copia-V5.pdf\" target=\"_blank\" rel=\"noreferrer noopener\">PAE-04-G-001 Gu\u00eda Metodol\u00f3gica de Evaluaci\u00f3n Integral del Desempe\u00f1o del Personal Acad\u00e9mico-EIDPA V5<\/a><\/p>\n\n\n\n<p style=\"margin-top:0;margin-bottom:0\">\u2611\ufe0f <a href=\"https:\/\/departamentos.uleam.edu.ec\/gestion-aseguramiento-calidad\/files\/2025\/07\/Difusion-proceso-Eidpa-Estudiantes-2024-1.pdf\" target=\"_blank\" rel=\"noreferrer noopener\">Difusion-proceso-Eidpa-Estudiantes-2024-1<\/a><\/p>\n\n\n\n<p style=\"margin-top:0;margin-bottom:0\">\u2611\ufe0f <a href=\"https:\/\/departamentos.uleam.edu.ec\/gestion-aseguramiento-calidad\/files\/2024\/07\/Difusion-proceso-Eidpa-Profesores-2024-1.pptx\">Difusi\u00f3n proceso Eidpa Profesores 2024 (1)<\/a><\/p>\n<\/div>\n\n\n\n<div class=\"wp-block-gutena-tab gutena-tab-block gutena-tab-block-e4af5f-1e inactive\" data-tab=\"5\">\n<p style=\"margin-top:0;margin-bottom:0\">\ud83d\udd36\ud83d\udd36<strong>2013 (2)<\/strong>\ud83d\udd36\ud83d\udd36<\/p>\n\n\n\n<p style=\"margin-top:0;margin-bottom:0\">\u27a5<a href=\"https:\/\/www.uleam.edu.ec\/wp-content\/uploads\/2022\/10\/REGLAMENTO-INTERNO-DE-CARRERA-Y-ESCALAFON-DEL-PERSONAL-ACADEMICO-DE-LA-ULEAM.pdf\" target=\"_blank\" rel=\"noreferrer noopener\">ULEAM-020 Reglamento Interno de Carrera y Escalaf\u00f3n del personal acad\u00e9mico de la Uleam<\/a><\/p>\n\n\n\n<p style=\"margin-top:0;margin-bottom:0\">\u27a5<a href=\"https:\/\/departamentos.uleam.edu.ec\/gestion-aseguramiento-calidad\/files\/2019\/12\/PAE-04-G-001-Guia-Metodologica-de-Evaluacion-Integral-del-Desempeno-del-Personal-Academico-EIDPA-Fiel-Copia-V5.pdf\" target=\"_blank\" rel=\"noreferrer noopener\">PAE-04-G-001 Gu\u00eda Metodol\u00f3gica de Evaluaci\u00f3n Integral del Desempe\u00f1o del Personal Acad\u00e9mico-EIDPA V5<\/a><\/p>\n\n\n\n<p style=\"margin-top:0;margin-bottom:0\">\u27a5<a href=\"https:\/\/departamentos.uleam.edu.ec\/gestion-aseguramiento-calidad\/files\/2025\/07\/Directrices-e-impugnacion-1era-Instancia-EIDPA-2023-2.pdf\">Directrices e impugnaci\u00f3n 1era Instancia &#8211; EIDPA 2023-2<\/a><\/p>\n\n\n\n<p style=\"margin-top:0;margin-bottom:0\">\u27a5<a href=\"https:\/\/departamentos.uleam.edu.ec\/gestion-aseguramiento-calidad\/files\/2025\/07\/Cronograma-Eidpa-2023-2.pdf\">Cronograma Eidpa 2023-2<\/a><\/p>\n\n\n\n<p style=\"margin-top:0;margin-bottom:0\">\u27a5<a href=\"https:\/\/departamentos.uleam.edu.ec\/gestion-aseguramiento-calidad\/files\/2025\/07\/Cronograma-Eidpa-2023-2-Fase-Impugnacion.pdf\">Cronograma Eidpa 2023-2 Fase Impugnaci\u00f3n<\/a><\/p>\n\n\n\n<p style=\"margin-top:0;margin-bottom:0\">\u27a5<a href=\"https:\/\/departamentos.uleam.edu.ec\/gestion-aseguramiento-calidad\/files\/2025\/07\/Cronograma-EIDPA-2023-2-Fase-Ejecucion-Reprogramado.pdf\">Cronograma EIDPA 2023-2- Fase Ejecuci\u00f3n Reprogramado<\/a><\/p>\n\n\n\n<p style=\"margin-top:0;margin-bottom:0\">\u27a5<a href=\"https:\/\/departamentos.uleam.edu.ec\/gestion-aseguramiento-calidad\/files\/2025\/07\/Difusion-Proceso-EDIPA-2023-2.pdf\">Difusi\u00f3n Proceso EDIPA 2023-2<\/a><\/p>\n\n\n\n<p style=\"margin-top:0;margin-bottom:0\">\u27a5<a href=\"https:\/\/uleam.sharepoint.com\/:v:\/r\/sites\/operacionymetodos\/Documentos%20compartidos\/GAC\/ASC\/EVALUACION%20DE%20DESEMPE%C3%91O%20DOCENTE\/EIDPA%20-%202023(2)\/video1478170530.mp4?csf=1&amp;web=1&amp;e=7UCWw6\" target=\"_blank\" rel=\"noreferrer noopener\">Video Socializaci\u00f3n 2023-2<\/a><\/p>\n\n\n\n<p><\/p>\n\n\n\n<p style=\"margin-top:0;margin-bottom:0\">\ud83d\udd39\ud83d\udd39<strong>2013 (1)<\/strong>\ud83d\udd39\ud83d\udd39<\/p>\n\n\n\n<p style=\"margin-top:0;margin-bottom:0\">\u27a5 <a href=\"https:\/\/www.uleam.edu.ec\/wp-content\/uploads\/2022\/10\/REGLAMENTO-INTERNO-DE-CARRERA-Y-ESCALAFON-DEL-PERSONAL-ACADEMICO-DE-LA-ULEAM.pdf\">ULEAM-020 Reglamento Interno de Carrera y Escalaf\u00f3n del personal acad\u00e9mico de la Uleam 2022<\/a><\/p>\n\n\n\n<p style=\"margin-top:0;margin-bottom:0\">\u27a5 <a href=\"https:\/\/departamentos.uleam.edu.ec\/gestion-aseguramiento-calidad\/files\/2019\/12\/PAE-04-G-001-Guia-Metodologica-de-Evaluacion-Integral-del-Desempeno-del-Personal-Academico-EIDPA-Fiel-Copia-V5.pdf\">PAE-04-G-001 Gu\u00eda Metodol\u00f3gica de Evaluaci\u00f3n Integral del Desempe\u00f1o del Personal Acad\u00e9mico-EIDPA Fiel Copia V5<\/a><\/p>\n\n\n\n<p style=\"margin-top:0;margin-bottom:0\">\u27a5 <a href=\"https:\/\/departamentos.uleam.edu.ec\/gestion-aseguramiento-calidad\/files\/2023\/07\/CRONOGRAMA_EIDPA_2023_1-signed-1-1-2.pdf\">Cronograma EIDPA 2023-1<\/a><\/p>\n\n\n\n<p style=\"margin-top:0;margin-bottom:0\">\u27a5 <a href=\"https:\/\/departamentos.uleam.edu.ec\/gestion-aseguramiento-calidad\/files\/2023\/07\/DIFUSION-PROCESO-EDIPA-20231DGAC-ULEAM-MATRIZ-1-2.pptx\">Difusi\u00f3n proceso EIDPA 2023-1<\/a><\/p>\n\n\n\n<p style=\"margin-top:0;margin-bottom:0\">\u27a5 <a href=\"https:\/\/departamentos.uleam.edu.ec\/gestion-aseguramiento-calidad\/files\/2023\/07\/Socializacion-proceso-Eidpa-2023-1-Estudiantes-1-2.pptx\">Socializaci\u00f3n proceso EIDPA 2023-1 Estudiantes<\/a><\/p>\n\n\n\n<p><\/p>\n\n\n\n<p style=\"margin-top:0;margin-bottom:0\">\ud83d\udd36\ud83d\udd36<strong>2022<\/strong>\ud83d\udd36\ud83d\udd36<\/p>\n\n\n\n<p style=\"margin-top:0;margin-bottom:0\">\u27a5<a href=\"https:\/\/departamentos.uleam.edu.ec\/gestion-aseguramiento-calidad\/files\/2022\/07\/Difusion-Heteroevaluacion-2022-1.pptx\">Difusi\u00f3n Heteroevaluaci\u00f3n 2022-1<\/a> <\/p>\n\n\n\n<p style=\"margin-top:0;margin-bottom:0\">\u27a5<a href=\"https:\/\/departamentos.uleam.edu.ec\/gestion-aseguramiento-calidad\/files\/2022\/11\/CRONOGRAMA-EIDPA-20222-signed.pdf\">CRONOGRAMA EIDPA 2022(2)<\/a><\/p>\n\n\n\n<p style=\"margin-top:0;margin-bottom:0\">\u27a5<a href=\"https:\/\/departamentos.uleam.edu.ec\/gestion-aseguramiento-calidad\/files\/2022\/08\/PAE-04-G-001-Guia-Metodologica-de-Evaluacion-Integral-del-Desempeno-del-Personal-Academico-V4-FC.pdf\">PAE-04-G-001 Gu\u00eda Metodol\u00f3gica EIDPA V4 FC<\/a><\/p>\n\n\n\n<p style=\"margin-top:0;margin-bottom:0\">\u27a5 <a href=\"https:\/\/uleam.sharepoint.com\/:v:\/r\/sites\/operacionymetodos\/Documentos%20compartidos\/GAC\/ASC\/Zoom\/2022-07-15%2010.02.29%20Difusi%C3%B3n%20proceso%20EIDPA%202022-1\/video1859027248.mp4?csf=1&amp;web=1&amp;e=K4yxlb\">Difusi\u00f3n 2022-1<\/a><\/p>\n\n\n\n<p style=\"margin-top:0;margin-bottom:0\">\u27a5 <a href=\"https:\/\/uleam.sharepoint.com\/:v:\/r\/sites\/operacionymetodos\/Documentos%20compartidos\/GAC\/ASC\/Zoom\/2022-12-16%2009.08.28%20Capacitaci%C3%B3n%20Coevaluacion_proceso%20Eidpa%202022-2\/video1643769345.mp4?csf=1&amp;web=1&amp;e=xydgj6\" target=\"_blank\" rel=\"noreferrer noopener\">Difusi\u00f3n 2022-2<\/a><\/p>\n\n\n\n<p><\/p>\n\n\n\n<p style=\"margin-top:0;margin-bottom:0\">\ud83d\udd39\ud83d\udd39<strong>2021<\/strong>\ud83d\udd39\ud83d\udd39<\/p>\n\n\n\n<p style=\"margin-top:0;margin-bottom:0\">\u27a5<a href=\"https:\/\/departamentos.uleam.edu.ec\/gestion-aseguramiento-calidad\/files\/2021\/06\/PAE-04-G-001-C.pdf\">PAE-04-G-001 Gu\u00eda Integral del Desempe\u00f1o del Personal Acad\u00e9mico&nbsp; V.3<\/a><\/p>\n\n\n\n<p style=\"margin-top:0;margin-bottom:0\">\u27a5<a href=\"https:\/\/departamentos.uleam.edu.ec\/gestion-aseguramiento-calidad\/files\/2021\/07\/DIFUSION-PROCESO-EDIPA-2021-ULEAM.pptx\">Presentaci\u00f3n difusi\u00f3n Eidpa 2021<\/a> <\/p>\n\n\n\n<p style=\"margin-top:0;margin-bottom:0\">\u27a5<a href=\"https:\/\/departamentos.uleam.edu.ec\/gestion-aseguramiento-calidad\/files\/2021\/07\/SOCIALIZACION-HETEROEVALUACION-20211.pptx\">Socializaci\u00f3n Heteroevaluaci\u00f3n 2021<\/a> <\/p>\n\n\n\n<p style=\"margin-top:0;margin-bottom:0\">\u27a5<a href=\"https:\/\/youtu.be\/-AmBT8etXmo\">V\u00eddeo Heteroevaluaci\u00f3n<\/a> <\/p>\n\n\n\n<p style=\"margin-top:0;margin-bottom:0\">\u27a5<a href=\"https:\/\/www.youtube.com\/watch?v=AkG3qoQZzBg\">V\u00eddeo Coevaluaci\u00f3n de pares<\/a><\/p>\n\n\n\n<p style=\"margin-top:0;margin-bottom:0\">\u27a5<a href=\"https:\/\/www.youtube.com\/watch?v=YGmFh8N1XJo\">V\u00eddeo Apelaciones<\/a> <\/p>\n\n\n\n<p style=\"margin-top:0;margin-bottom:0\">\u27a5<a href=\"https:\/\/www.youtube.com\/watch?v=cdhUVJiqJag\">V\u00eddeo C\u00e1lculo Matem\u00e1tico<\/a><\/p>\n\n\n\n<p><\/p>\n\n\n\n<p style=\"margin-top:0;margin-bottom:0\">\ud83d\udd36\ud83d\udd36<strong>2020<\/strong>\ud83d\udd36\ud83d\udd36<\/p>\n\n\n\n<p style=\"margin-top:0;margin-bottom:0\">\u27a5<a href=\"https:\/\/departamentos.uleam.edu.ec\/gestion-aseguramiento-calidad\/files\/2021\/06\/PAE-04-G-001-C.pdf\">PAE-04-G-001 Gu\u00eda Integral del Desempe\u00f1o del Personal Acad\u00e9mico&nbsp; V.3<\/a><\/p>\n\n\n\n<p style=\"margin-top:0;margin-bottom:0\">\u27a5<a href=\"https:\/\/departamentos.uleam.edu.ec\/gestion-aseguramiento-calidad\/files\/2021\/02\/CRONOGRAMA-EIDPA-20203-PROPUESTA.pdf\">Cronograma Eidpa 2020(2) V.2<\/a> <\/p>\n\n\n\n<p style=\"margin-top:0;margin-bottom:0\">\u27a5<a href=\"https:\/\/departamentos.uleam.edu.ec\/gestion-aseguramiento-calidad\/files\/2021\/02\/DIFUSION-PROCESO-EDIPA-20202-FACULTADES.pdf\">Presentaci\u00f3n difusi\u00f3n Eidpa 2020(2) Facultades<\/a><\/p>\n\n\n\n<p style=\"margin-top:0;margin-bottom:0\">\u27a5<a href=\"https:\/\/departamentos.uleam.edu.ec\/gestion-aseguramiento-calidad\/evaluacion-de-desempeno-2\/\">Informe Eidpa 2020 (1)<\/a><\/p>\n\n\n\n<p style=\"margin-top:0;margin-bottom:0\">\u27a5<a href=\"https:\/\/tics.uleam.edu.ec\/\">Enlace: Monitoreo de cumplimiento proceso Eidpa<\/a> <\/p>\n\n\n\n<p style=\"margin-top:0;margin-bottom:0\">\u27a5<a href=\"https:\/\/tics.uleam.edu.ec\/\">Enlace: Apelaci\u00f3n primera instancia<\/a><\/p>\n\n\n\n<p style=\"margin-top:0;margin-bottom:0\">\u27a5<a href=\"https:\/\/youtu.be\/-AmBT8etXmo\">V\u00eddeo Heteroevaluaci\u00f3n<\/a> <\/p>\n\n\n\n<p style=\"margin-top:0;margin-bottom:0\">\u27a5<a href=\"https:\/\/www.youtube.com\/watch?v=AkG3qoQZzBg\">V\u00eddeo Coevaluaci\u00f3n de pares<\/a> <\/p>\n\n\n\n<p style=\"margin-top:0;margin-bottom:0\">\u27a5<a href=\"https:\/\/www.youtube.com\/watch?v=YGmFh8N1XJo\">V\u00eddeo Apelaciones<\/a> <\/p>\n\n\n\n<p style=\"margin-top:0;margin-bottom:0\">\u27a5<a href=\"https:\/\/www.youtube.com\/watch?v=cdhUVJiqJag\">V\u00eddeo C\u00e1lculo Matem\u00e1tico<\/a><\/p>\n\n\n\n<p><\/p>\n\n\n\n<p style=\"margin-top:0;margin-bottom:0\">\ud83d\udd39\ud83d\udd39<strong>2019<\/strong>\ud83d\udd39\ud83d\udd39<\/p>\n\n\n\n<p style=\"margin-top:0;margin-bottom:0\">\u27a5<a href=\"https:\/\/departamentos.uleam.edu.ec\/gestion-aseguramiento-calidad\/files\/2019\/07\/Presentacion-EIDPA-20191-1.pdf\">Resoluci\u00f3n de aprobaci\u00f3n del proceso Eidpa<\/a>.<\/p>\n\n\n\n<p style=\"margin-top:0;margin-bottom:0\">\u27a5<a href=\"https:\/\/departamentos.uleam.edu.ec\/gestion-aseguramiento-calidad\/files\/2019\/07\/ULEAM015-REGLAMENTO-DE-EVALUACION-INTEGRAL-DEL-DESEMPENO-DEL-PERSONAL-ACADEMICO.pdf\">Reglamento de Evaluaci\u00f3n Integral del Desempe\u00f1o del Personal Acad\u00e9mico&nbsp;(27 de octubre de 2016)<\/a><\/p>\n\n\n\n<p style=\"margin-top:0;margin-bottom:0\">\u27a5<a href=\"https:\/\/departamentos.uleam.edu.ec\/gestion-aseguramiento-calidad\/files\/2020\/01\/PAE-04-G-001-GUIA-Eidpa-C.pdf\">PAE-04-G-001 Gu\u00eda Metodol\u00f3gica de Evaluaci\u00f3n Integral de Desempe\u00f1o del Personal Acad\u00e9mico Eidpa V.1<\/a><\/p>\n\n\n\n<p style=\"margin-top:0;margin-bottom:0\">\u27a5<a href=\"https:\/\/departamentos.uleam.edu.ec\/gestion-aseguramiento-calidad\/files\/2020\/08\/Socializacion_eidpa_20201.pptx\">Socializaci\u00f3n \u2013 periodo 2020 (1)<\/a><\/p>\n\n\n\n<p style=\"margin-top:0;margin-bottom:0\">\u27a5<a href=\"https:\/\/departamentos.uleam.edu.ec\/gestion-aseguramiento-calidad\/files\/2020\/08\/CRONOGRAMA-EIDPA-20201-V2.pdf\">Cronograma Eidpa 2020(1) V2<\/a><\/p>\n\n\n\n<p style=\"margin-top:0;margin-bottom:0\">\u27a5<a href=\"https:\/\/departamentos.uleam.edu.ec\/gestion-aseguramiento-calidad\/files\/2020\/09\/CRONOGRAMA-DE-EJECUCI%C3%93N-HETEROEVALUACI%C3%93N-2020-1.pdf\" target=\"_blank\" rel=\"noreferrer noopener\">Cronograma de ejecuci\u00f3n Heteroevaluaci\u00f3n 2020 (1)<\/a><\/p>\n\n\n\n<p style=\"margin-top:0;margin-bottom:0\">\u27a5<a href=\"https:\/\/departamentos.uleam.edu.ec\/gestion-aseguramiento-calidad\/files\/2020\/09\/HETEROEVALUACION-V.3-Ex.pptx\">Difusi\u00f3n proceso Eidpa 2020-1&nbsp; \u2013 Heteroevaluaci\u00f3n<\/a><\/p>\n\n\n\n<p style=\"margin-top:0;margin-bottom:0\">\u27a5<a href=\"https:\/\/departamentos.uleam.edu.ec\/gestion-aseguramiento-calidad\/evaluacion-de-desempeno-2\/\">Informe Eidpa 2019 (1)<\/a> <\/p>\n\n\n\n<p style=\"margin-top:0;margin-bottom:0\">\u27a5<a href=\"https:\/\/departamentos.uleam.edu.ec\/gestion-aseguramiento-calidad\/evaluacion-de-desempeno-2\/\">Informe Eidpa 2019(2)<\/a><\/p>\n<\/div>\n<\/div><\/div>\n","protected":false},"excerpt":{"rendered":"","protected":false},"author":105,"featured_media":0,"parent":0,"menu_order":0,"comment_status":"closed","ping_status":"closed","template":"","meta":{"footnotes":"","_links_to":"","_links_to_target":""},"class_list":["post-3819","page","type-page","status-publish","hentry"],"_links":{"self":[{"href":"https:\/\/departamentos.uleam.edu.ec\/gestion-aseguramiento-calidad\/wp-json\/wp\/v2\/pages\/3819","targetHints":{"allow":["GET"]}}],"collection":[{"href":"https:\/\/departamentos.uleam.edu.ec\/gestion-aseguramiento-calidad\/wp-json\/wp\/v2\/pages"}],"about":[{"href":"https:\/\/departamentos.uleam.edu.ec\/gestion-aseguramiento-calidad\/wp-json\/wp\/v2\/types\/page"}],"author":[{"embeddable":true,"href":"https:\/\/departamentos.uleam.edu.ec\/gestion-aseguramiento-calidad\/wp-json\/wp\/v2\/users\/105"}],"replies":[{"embeddable":true,"href":"https:\/\/departamentos.uleam.edu.ec\/gestion-aseguramiento-calidad\/wp-json\/wp\/v2\/comments?post=3819"}],"version-history":[{"count":329,"href":"https:\/\/departamentos.uleam.edu.ec\/gestion-aseguramiento-calidad\/wp-json\/wp\/v2\/pages\/3819\/revisions"}],"predecessor-version":[{"id":14615,"href":"https:\/\/departamentos.uleam.edu.ec\/gestion-aseguramiento-calidad\/wp-json\/wp\/v2\/pages\/3819\/revisions\/14615"}],"wp:attachment":[{"href":"https:\/\/departamentos.uleam.edu.ec\/gestion-aseguramiento-calidad\/wp-json\/wp\/v2\/media?parent=3819"}],"curies":[{"name":"wp","href":"https:\/\/api.w.org\/{rel}","templated":true}]}}