{"id":190,"date":"2012-11-23T15:07:48","date_gmt":"2012-11-23T15:07:48","guid":{"rendered":"http:\/\/departamentos.uleam.edu.ec\/investigacion\/?page_id=190"},"modified":"2022-04-07T19:42:14","modified_gmt":"2022-04-07T19:42:14","slug":"objetivos","status":"publish","type":"page","link":"https:\/\/departamentos.uleam.edu.ec\/investigacion\/datos-generales\/objetivos\/","title":{"rendered":"Objetivos"},"content":{"rendered":"<ul>\n<li style=\"text-align: justify\"><span style=\"color: #000000\">Generar conocimiento cient\u00edfico a trav\u00e9s de proyectos de investigaci\u00f3n en las \u00e1reas de especialidad de la Direcci\u00f3n de Investigaci\u00f3n e Innovaci\u00f3n Social y Tecnol\u00f3gica.<\/span><\/li>\n<li style=\"text-align: justify\"><span style=\"color: #000000\">Fortalecer la vinculaci\u00f3n con los sectores p\u00fablicos, privados y sociales a trav\u00e9s de proyectos de investigaci\u00f3n y desarrollo, servicios tecnol\u00f3gicos, consultor\u00edas y programas de capacitaci\u00f3n.<\/span><\/li>\n<li style=\"text-align: justify\"><span style=\"color: #000000\">Promover y participar en procesos de gesti\u00f3n para el desarrollo local y regional y en procesos internos institucionales en el \u00e1mbito de la investigaci\u00f3n.<\/span><\/li>\n<\/ul>\n<p style=\"text-align: justify\">\n","protected":false},"excerpt":{"rendered":"<p>Generar conocimiento cient\u00edfico a trav\u00e9s de proyectos de investigaci\u00f3n en las \u00e1reas de especialidad de la Direcci\u00f3n de Investigaci\u00f3n e Innovaci\u00f3n Social y Tecnol\u00f3gica. Fortalecer la vinculaci\u00f3n con los sectores p\u00fablicos, privados<a class=\"moretag\" href=\"https:\/\/departamentos.uleam.edu.ec\/investigacion\/datos-generales\/objetivos\/\">Leer m\u00e1s&#8230;<\/a><\/p>\n","protected":false},"author":56,"featured_media":0,"parent":7,"menu_order":0,"comment_status":"closed","ping_status":"closed","template":"","meta":{"footnotes":"","_links_to":"","_links_to_target":""},"class_list":["post-190","page","type-page","status-publish","hentry"],"_links":{"self":[{"href":"https:\/\/departamentos.uleam.edu.ec\/investigacion\/wp-json\/wp\/v2\/pages\/190","targetHints":{"allow":["GET"]}}],"collection":[{"href":"https:\/\/departamentos.uleam.edu.ec\/investigacion\/wp-json\/wp\/v2\/pages"}],"about":[{"href":"https:\/\/departamentos.uleam.edu.ec\/investigacion\/wp-json\/wp\/v2\/types\/page"}],"author":[{"embeddable":true,"href":"https:\/\/departamentos.uleam.edu.ec\/investigacion\/wp-json\/wp\/v2\/users\/56"}],"replies":[{"embeddable":true,"href":"https:\/\/departamentos.uleam.edu.ec\/investigacion\/wp-json\/wp\/v2\/comments?post=190"}],"version-history":[{"count":5,"href":"https:\/\/departamentos.uleam.edu.ec\/investigacion\/wp-json\/wp\/v2\/pages\/190\/revisions"}],"predecessor-version":[{"id":1372,"href":"https:\/\/departamentos.uleam.edu.ec\/investigacion\/wp-json\/wp\/v2\/pages\/190\/revisions\/1372"}],"up":[{"embeddable":true,"href":"https:\/\/departamentos.uleam.edu.ec\/investigacion\/wp-json\/wp\/v2\/pages\/7"}],"wp:attachment":[{"href":"https:\/\/departamentos.uleam.edu.ec\/investigacion\/wp-json\/wp\/v2\/media?parent=190"}],"curies":[{"name":"wp","href":"https:\/\/api.w.org\/{rel}","templated":true}]}}