{"id":318,"date":"2015-08-31T21:44:47","date_gmt":"2015-08-31T21:44:47","guid":{"rendered":"http:\/\/departamentos.uleam.edu.ec\/investigacion\/?page_id=318"},"modified":"2015-08-31T22:43:38","modified_gmt":"2015-08-31T22:43:38","slug":"informacion-a-los-autores","status":"publish","type":"page","link":"https:\/\/departamentos.uleam.edu.ec\/investigacion\/informacion-a-los-autores\/","title":{"rendered":"Informaci\u00f3n a los autores"},"content":{"rendered":"<p><span style=\"color: #000080\"><strong>INTRODUCCI\u00d3N <\/strong><\/span><\/p>\n<p><span style=\"text-decoration: underline;color: #ff6600\"><em><strong><a style=\"color: #ff6600;text-decoration: underline\" href=\"http:\/\/departamentos.uleam.edu.ec\/investigacion\/files\/2015\/08\/HEOSPHOROS-INFORMACI\u00d3N-A-LOS-AUTORES-Agosto2015.pdf\">HEOSPHOROS INFORMACI\u00d3N A LOS AUTORES<\/a>\u00a0PDF<\/strong><\/em><\/span><\/p>\n<p><span style=\"color: #000080\"><strong>Tipos de publicaciones<\/strong><\/span><\/p>\n<ol>\n<li style=\"text-align: justify\">Art\u00edculos originales de investigaci\u00f3n cient\u00edfica y tecnol\u00f3gica: resultados de trabajos de investigaci\u00f3n cient\u00edfica, y\/o tecnol\u00f3gica original.<\/li>\n<li style=\"text-align: justify\">Art\u00edculos de revisi\u00f3n: Se refieren a trabajos que revisen el estado del conocimiento de temas cient\u00edficos o tecnol\u00f3gicos de actualidad. Son el resultado del an\u00e1lisis del estado del arte a partir de investigaciones publicadas o no publicadas sobre los avances y tendencias de desarrollo.<\/li>\n<li style=\"text-align: justify\">Notas cient\u00edficas: se refieren a trabajos de investigaci\u00f3n cient\u00edfica, donde se presentan resultados originales, preliminares o parciales, de una investigaci\u00f3n cient\u00edfica o tecnol\u00f3gica, que por lo general requieren de una pronta difusi\u00f3n, o que por su alcance no pueden ser presentadas como art\u00edculos completos.<\/li>\n<li style=\"text-align: justify\">Notas t\u00e9cnicas: se refieren a descripciones breves de procedimientos experimentales, t\u00e9cnicas o actividades aplicadas en los laboratorios o en la pr\u00e1ctica de campo.<\/li>\n<li style=\"text-align: justify\">Cartas al Director: Son opiniones cr\u00edticas, anal\u00edticas o interpretativas sobre los documentos publicados en la revista, que a juicio del Consejo Editorial constituyen un aporte importante a la discusi\u00f3n del tema; por parte de la comunidad cient\u00edfica de referencia. Las cartas deben ser concisas, de inter\u00e9s general y cient\u00edfico.<\/li>\n<\/ol>\n<p><span style=\"color: #000080\"><strong>Antes de someter un manuscrito a la revista <em>HEOSPHOROS<\/em><\/strong><\/span><\/p>\n<p><span style=\"color: #000080\"><strong>\u00c9tica en publicaciones<\/strong><\/span><\/p>\n<p style=\"text-align: justify\">Al presentar sus manuscritos, los autores se comprometen a seguir las reglas de la Revista, y las normas \u00e9ticas del Acuerdo de Helsinki (http:\/\/www.onlineethics.org\/Resources\/ethcodes.aspx).<\/p>\n<p style=\"text-align: justify\">La publicaci\u00f3n de un art\u00edculo en una revista con arbitraje par es esencial para el desarrollo de una red de conocimiento coherente y respetado. Es un reflejo directo de la calidad del trabajo de los autores y de las instituciones que los apoyan. Por lo tanto, es importante acordar los est\u00e1ndares del comportamiento \u00e9tico esperado de todas las partes involucradas en la publicaci\u00f3n.<\/p>\n<p><span style=\"color: #000080\"><strong>Conflicto de Inter\u00e9s<\/strong><\/span><\/p>\n<p style=\"text-align: justify\">Se solicita que todos los autores manifiesten cualquier conflicto de inter\u00e9s, existente o\u00a0 que pueda existir, de car\u00e1cter financiero, personal, de relaciones con personas u organizaciones, durante un periodo de tres a\u00f1os despu\u00e9s de iniciado el trabajo que se somete a publicaci\u00f3n.<\/p>\n<ul>\n<li style=\"text-align: justify\">Los resultados o ideas contenidas en los trabajos deber\u00e1n ser originales e in\u00e9ditos, es decir, que constituyan una contribuci\u00f3n propia de los autores y que no hayan sido publicados ni enviados simult\u00e1neamente a otra revista para su publicaci\u00f3n.<\/li>\n<li style=\"text-align: justify\">Las opiniones de los autores son independientes de la pol\u00edtica editorial de <em>HEOSPHOROS<\/em>.<\/li>\n<li style=\"text-align: justify\"><em>HEOSPHOROS<\/em> no asume responsabilidad legal por los contenidos publicados que puedan resultar en da\u00f1os a propiedades o a personas naturales o jur\u00eddicas.<\/li>\n<li style=\"text-align: justify\">Los trabajos ser\u00e1n evaluados, al menos, por dos revisores an\u00f3nimos seleccionados por los editores.<\/li>\n<\/ul>\n<p>Se debe incluir:<\/p>\n<ol>\n<li style=\"text-align: justify\">a) Declaraci\u00f3n que indique que todos los autores han aprobado que el art\u00edculo sea sometido a evaluaci\u00f3n. Del mismo modo debe estar aprobado t\u00e1citamente o expl\u00edcitamente por las autoridades de la instituci\u00f3n donde el trabajo se llev\u00f3 a cabo. En caso de que el art\u00edculo sea aceptado para su publicaci\u00f3n los autores deben declarar que no ser\u00e1 publicado en otra parte, de forma electr\u00f3nica, en espa\u00f1ol o en cualquier otro idioma, sin el consentimiento por escrito de la Revista <em>HEOSPHOROS<\/em>.<\/li>\n<li style=\"text-align: justify\">b) Nota de advertencia en caso de que puedan existir conflictos de inter\u00e9s con alg\u00fan potencial evaluador.<\/li>\n<\/ol>\n<p><span style=\"color: #000080\"><strong>Cambios de Autores<\/strong><\/span><\/p>\n<p style=\"text-align: justify\">En cada manuscrito la revista <em>HEOSPHOROS<\/em> respetar\u00e1 el orden ini\u00adcial de los autores y sus instituciones de adscripci\u00f3n. Para modificar dicho orden o para agregar o quitar autores, es indispensable que el cambio se solicite por escrito al Editor en jefe de la revista por parte del autor correspondiente, con la firma de cada uno de los autores inicialmente registrados as\u00ed como las firmas de los que se agreguen, junto con una breve justificaci\u00f3n del cambio manifestando la conformidad con el cambio que se solicita.<\/p>\n<p><span style=\"color: #000080\"><strong>Open access (Libre difusi\u00f3n)<\/strong><\/span><\/p>\n<p style=\"text-align: justify\"><span style=\"color: #000000\"> Los art\u00edculos publicados en <em>HEOSPHOROS<\/em> son de libre acceso para los subscriptores y el p\u00fablico en general, con permiso de difusi\u00f3n.<\/span><\/p>\n<p><span style=\"color: #000080\"><strong>Idioma<\/strong><\/span><\/p>\n<p style=\"text-align: justify\">Los manuscritos podr\u00e1n presentarse en idioma castellano o en ingl\u00e9s. Para el uso del espa\u00f1ol se utiliza la \u00faltima edici\u00f3n del Diccionario de la Lengua Espa\u00f1ola, de la Real Academia Espa\u00f1ola y su versi\u00f3n electr\u00f3nica (www.rae.es) y para el idioma ingl\u00e9s el Diccionario Internacional Simon &amp; Schuster Ingl\u00e9s-Espa\u00f1ol.<\/p>\n<p><strong>\u00a0<\/strong><span style=\"color: #000080\"><strong>Envi\u00f3 de manuscritos<\/strong><\/span><\/p>\n<p style=\"text-align: justify\">Los manuscritos se enviar\u00e1n en su versi\u00f3n electr\u00f3nica (en formato Word) a los siguientes correos electr\u00f3nicos:<\/p>\n<p style=\"text-align: justify\">revista.heosphoros@uleam.edu.ec<\/p>\n<p style=\"text-align: justify\">Los manuscritos deben ir acompa\u00f1ados de una carta de presentaci\u00f3n dirigida a:<\/p>\n<p style=\"text-align: justify\">Editor en jefe<\/p>\n<p style=\"text-align: justify\"><em>HEOSPHOROS<\/em><\/p>\n<p style=\"text-align: justify\">\u00a0\u00a0\u00a0\u00a0\u00a0\u00a0\u00a0\u00a0\u00a0\u00a0\u00a0 UNIVERSIDAD LAICA ELOY ALFARO DE MANAB\u00cd<\/p>\n<p style=\"text-align: justify\"><span style=\"color: #000080\"><strong>Revisores potenciales <\/strong><\/span><\/p>\n<p style=\"text-align: justify\">Sugerir tres especialistas que pudieran ser potenciales evaluadores, incluyendo sus direcciones electr\u00f3nicas y afiliaci\u00f3n. Estos revisores sugeridos no deben ser de la misma instituci\u00f3n que el autor o autores. Tampoco podr\u00e1n ser sugeridos ni el editor de esta revista, ni ning\u00fan miembro del comit\u00e9 editorial.<\/p>\n<p style=\"text-align: justify\"><span style=\"color: #000080\"><strong>Cuotas de publicaci\u00f3n<\/strong><\/span><\/p>\n<p style=\"text-align: justify\"><em>HEOSPHORUS<\/em> no tiene cuotas de publicaci\u00f3n.<\/p>\n<p style=\"text-align: justify\"><strong>\u00a0<\/strong><span style=\"color: #000080\"><strong>PREPARACI\u00d3N DE MANUSCRITOS <\/strong><\/span><\/p>\n<p style=\"text-align: justify\">Es necesario que el manuscrito se guarde en el formato b\u00e1sico del procesador Word. El texto debe de tener un formato en una sola columna a doble espacio. Las p\u00e1ginas deben estar numeradas as\u00ed como el n\u00famero de l\u00ednea de cada p\u00e1gina. Se pueden usar las herramientas de it\u00e1licas, sub\u00edndice, super\u00edndice, etc. Aunque se aconseja incluir las tablas y las figuras en el texto para ayudar en el proceso de edici\u00f3n del documento, el texto en formato Word, figuras y tablas ser\u00e1n requeridas por separado.<\/p>\n<p style=\"text-align: justify\"><span style=\"color: #000080\"><strong>Estructura del manuscrito<\/strong><\/span><\/p>\n<p style=\"text-align: justify\">Divida su art\u00edculo en secciones y subsecciones claramente definidas y numeradas. Ejemplo: secci\u00f3n 1; subsecci\u00f3n 1.1; subsecci\u00f3n 1.1.1, 1.1.2. etc. El resumen no se incluye en la secci\u00f3n de numeraci\u00f3n.<\/p>\n<ol style=\"text-align: justify\">\n<li><strong>Introducci\u00f3n<\/strong><\/li>\n<\/ol>\n<p style=\"text-align: justify\">Indique los objetivos del trabajo y proporcione un adecuado contexto del mismo, evitando una revisi\u00f3n bibliogr\u00e1fica detallada o un resumen de los resultados.<\/p>\n<p style=\"text-align: justify\"><strong>\u00a0 \u00a0 \u00a02. Materiales y M\u00e9todos<\/strong><\/p>\n<p style=\"text-align: justify\">Proporcione suficiente detalle como para permitir que el trabajo se pueda reproducir. M\u00e9todos ya publicados deben ser indicados por una referencia, s\u00f3lo modificaciones pertinentes deben ser descritas<\/p>\n<p style=\"text-align: justify\"><strong>\u00a0 \u00a03. Resultados<\/strong><\/p>\n<p style=\"text-align: justify\">Los resultados deben ser claros y concisos.<\/p>\n<p style=\"text-align: justify\"><strong>\u00a0 \u00a04. Discusi\u00f3n<\/strong><\/p>\n<p style=\"text-align: justify\">Este apartado debe explorar el significado de los resultados del trabajo, no repetirlos. Evite las citas extensas y discusi\u00f3n de la literatura publicada.<\/p>\n<p style=\"text-align: justify\">De forma excepcional, se podr\u00e1 presentar una secci\u00f3n de Resultados y Discusi\u00f3n (de acuerdo a las observaciones de los revisores pares).<\/p>\n<p style=\"text-align: justify\"><strong>\u00a0 \u00a0 5. Conclusiones<\/strong><\/p>\n<p style=\"text-align: justify\">Las principales conclusiones del estudio se deben presentar de forma independiente en una secci\u00f3n corta.<\/p>\n<p style=\"text-align: justify\"><span style=\"color: #000080\"><strong>Informaci\u00f3n esencial en la primera p\u00e1gina del manuscrito<\/strong><\/span><\/p>\n<ul style=\"text-align: justify\">\n<li><strong>T\u00edtulo<\/strong>. Conciso e informativo. Los t\u00edtulos se utilizan a menudo en los sistemas de recuperaci\u00f3n de informaci\u00f3n. Evite las abreviaturas y f\u00f3rmulas siempre que sea posible.<\/li>\n<li><strong>Nombres de los autores y afiliaciones.<\/strong> Presentar las direcciones de afiliaci\u00f3n de cada uno de los autores (donde se realiz\u00f3 el trabajo) por debajo de los nombres. Indique todas las afiliaciones con un super\u00edndice en min\u00fascula inmediatamente despu\u00e9s del nombre del autor y al frente de la direcci\u00f3n apropiada. Proporcione la direcci\u00f3n postal completa de cada afiliaci\u00f3n, incluyendo el nombre del pa\u00eds y, en su caso, la direcci\u00f3n de correo electr\u00f3nico de cada autor.<\/li>\n<li><strong>Autor de correspondencia.<\/strong> Indique claramente quien se encargar\u00e1 de la correspondencia en todas las etapas de arbitraje y publicaci\u00f3n, tambi\u00e9n despu\u00e9s de la publicaci\u00f3n. Aseg\u00farese de que los n\u00fameros de tel\u00e9fono (con el c\u00f3digo de pa\u00eds y \u00e1rea) que se proporcionan, adem\u00e1s de la direcci\u00f3n de correo electr\u00f3nico y la direcci\u00f3n postal est\u00e9n completos. Los datos de contacto se deben mantener hasta la fecha de publicaci\u00f3n por el autor de correspondencia.<\/li>\n<li><strong>Direcci\u00f3n presente \/ permanente.<\/strong> Si un autor ha cambiado de direcci\u00f3n desde que el trabajo enviado a la revista fue realizado, o se encontraba de visita en ese momento, una \u00abDirecci\u00f3n actual\u00bb (o \u00abDirecci\u00f3n permanente\u201d) puede estar indicada como una nota al pie del nombre de ese autor. La direcci\u00f3n en la que el autor hizo realmente el trabajo debe<br \/>\nmantenerse como la direcci\u00f3n principal de la afiliaci\u00f3n. Para este tipo de notas al pie se utilizar\u00e1n n\u00fameros ar\u00e1bigos en super\u00edndice.<\/li>\n<\/ul>\n<p style=\"text-align: justify\"><span style=\"color: #000080\"><strong>Resumen<\/strong><\/span><\/p>\n<p style=\"text-align: justify\">Se requiere un resumen conciso. En \u00e9l se indicar\u00e1n brevemente el prop\u00f3sito de la investigaci\u00f3n, los principales resultados y las principales conclusiones. Un resumen se presenta a menudo por separado del art\u00edculo, por lo que debe ser capaz de sostenerse de manera independiente. Por esta raz\u00f3n, las referencias deben evitarse. Tambi\u00e9n, abreviaturas no est\u00e1ndar o no comunes deben ser evitadas, en caso de ser esenciales se deben definir en su primera menci\u00f3n en el propio resumen.<\/p>\n<p style=\"text-align: justify\">La versi\u00f3n en ingl\u00e9s del resumen (Abstract) tambi\u00e9n deber\u00e1 ser enviada.<\/p>\n<p style=\"text-align: justify\">Si el art\u00edculo est\u00e1 redactado en ingles deber\u00e1 incluirse un resumen en castellano.<\/p>\n<p style=\"text-align: justify\"><span style=\"color: #000080\"><strong>Palabras clave<\/strong><\/span><\/p>\n<p style=\"text-align: justify\">Inmediatamente despu\u00e9s del resumen, proporcionar un m\u00e1ximo de cinco palabras clave (ordenadas alfab\u00e9ticamente), que permitir\u00e1n ubicar el trabajo en los \u00edndices internacionales, preferentemente que no est\u00e9n incluidas en el t\u00edtulo. Evite t\u00e9rminos generales y plurales y m\u00faltiples conceptos (evitar, por ejemplo, \u00aby\u00bb, \u00abde\u00bb).<\/p>\n<p style=\"text-align: justify\"><span style=\"color: #000080\"><strong>Agradecimientos<\/strong><\/span><\/p>\n<p style=\"text-align: justify\">Coloque los reconocimientos en una secci\u00f3n separada al final del art\u00edculo, antes de las referencias. Enumere aqu\u00ed las personas e instituciones que proporcionaron ayuda durante la investigaci\u00f3n. Este apartado no es obligatorio.<\/p>\n<p style=\"text-align: justify\"><span style=\"color: #000080\"><strong>Tablas\/Figuras<\/strong><\/span><\/p>\n<ul style=\"text-align: justify\">\n<li>Las tablas y figuras deber\u00e1n indicarse con n\u00fameros ar\u00e1bigos, siguiendo un orden secuencial a su aparici\u00f3n dentro del texto. \u00c9stas deben ser citadas como Tabla 1 o Figura 1, etc.<\/li>\n<li>El t\u00edtulo de las tablas se incluir\u00e1 en la parte superior, mientras que el de las figuras se presentar\u00e1 en la parte inferior. Solo la palabra Tabla o Figura y su n\u00famero correspondiente ir\u00e1n en negritas.<\/li>\n<li>Las tablas llevar\u00e1n solos l\u00edneas horizontales en el encabezado y las celdas finales.<\/li>\n<li>Los pies de tabla se escriben en forma de p\u00e1rrafo en el borde inferior de la tabla. En caso necesario, utilice n\u00fameros ar\u00e1bigos como super\u00edndices para hacer referencia al contenido dentro de la tabla.<\/li>\n<li>Las figuras deber\u00e1n tener una resoluci\u00f3n m\u00ednima de 300 DPI si se trata de fotograf\u00edas, y de 1000 DPI si son dibujos, graficas o mapas.<\/li>\n<li>Aunque se aconseja incluir las tablas y las figuras en el manuscrito para ayudar en el proceso de edici\u00f3n del documento, cada tabla y\/o figura deber\u00e1 enviarse en un archivo separado.<\/li>\n<\/ul>\n<p style=\"text-align: justify\"><span style=\"color: #000080\"><strong>Referencias bibliogr\u00e1ficas<\/strong><\/span><\/p>\n<p style=\"text-align: justify\">Las referencias bibliogr\u00e1ficas se ordenar\u00e1n alfab\u00e9ticamente usando espaciado simple, con espacio adicional entre referencias y sin numeraci\u00f3n ni vi\u00f1etas.<\/p>\n<p style=\"text-align: justify\">Para todos los tipos de trabajos se usar\u00e1 la norma de la <strong>APA (<\/strong>American Psichological Association) como patr\u00f3n para las citas y referencias.<\/p>\n<p style=\"text-align: justify\">Ejemplo:<\/p>\n<p style=\"text-align: justify\">(Aguilar, 2000) o Aguilar (2000)<\/p>\n<p style=\"text-align: justify\">(Aguilar &amp; Camacho, 2001) o Aguilar &amp; Camacho (2001)<\/p>\n<p style=\"text-align: justify\">(Aguilar et al. 2002) o Aguilar et al. (2002)<\/p>\n<p style=\"text-align: justify\">(Ju\u00e1rez, 1954; Aguilar, 2000)- en orden cronol\u00f3gico.<\/p>\n<p style=\"text-align: justify\">(Ju\u00e1rez, 1954; Aguilar, 2000; M\u00e9ndez, 2000)- Cronol\u00f3gico y alfab\u00e9tico en el mismo a\u00f1o.<\/p>\n<p style=\"text-align: justify\">(Ju\u00e1rez, 1954, 1960, 1960a, 1960b)<\/p>\n<p style=\"text-align: justify\">En la secci\u00f3n, de referencias bibliogr\u00e1ficas, las citas que aparezcan en el texto, se anotar\u00e1n en orden alfab\u00e9tico seg\u00fan los ejemplos que se dan a continuaci\u00f3n:<\/p>\n<p style=\"text-align: justify\"><strong>Art\u00edculo en revista<\/strong><\/p>\n<p style=\"text-align: justify\">Brailovsky, H. &amp; Camacho, A. (2003). Especies nuevas de <em>Nematopus<\/em>&#8211; (Hemiptera: Heteroptera: Coreidae: Nematopodini) centro y sudamericanas. <em>Anales del Instituto de Biolog\u00eda, Universidad Nacional Aut\u00f3noma de M\u00e9xico, Serie Zool\u00f3gica<\/em>, 74,135-152.<\/p>\n<p style=\"text-align: justify\"><strong>Libro<\/strong><\/p>\n<p style=\"text-align: justify\">Guerra, A., Gonz\u00e1lez, A. F., Rocha, F., Gracia, J. &amp; Laria, L. (2006). <em>Enigmas de la Ciencia: El Calamar Gigante<\/em>. Vigo, Espa\u00f1a, Agencia Grafica Santiago.<\/p>\n<p style=\"text-align: justify\"><strong>Cap\u00edtulo en libro<\/strong><\/p>\n<p style=\"text-align: justify\">Gonz\u00e1lez, A.F. &amp; Guerra, A. (2013). <em>Illex coindetii<\/em>, Broadtail Shortfin Squid. En: R. Rosa, G. Pierce &amp; R. O\u00b4Dor (Eds), Advances in squid biology, ecology and fisheries. Part II. (<em>pp<\/em> 49-72).New York, Estados Unidos de Am\u00e9rica: Nova Science Publishers, Inc.<\/p>\n<p style=\"text-align: justify\"><strong>Tesis<\/strong><\/p>\n<p style=\"text-align: justify\">Paredes, E. L. (2000). <em>Fauna helmintol\u00f3gica de Rana vaillanti en la regi\u00f3n de Los Tuxtlas, Veracruz, M\u00e9xico<\/em>. Tesis de Licenciatura, Facultad de Ciencias, Universidad Nacional Aut\u00f3noma de M\u00e9xico. M\u00e9xico D.F.<\/p>\n<p style=\"text-align: justify\"><strong>Referencias electr\u00f3nicas <\/strong><\/p>\n<p style=\"text-align: justify\">Wiczorek, J. (2001). MaNis\/HerpNetORNIS Georeferencing guidelines. University of California, Berkerley. http\/\/manis.mvz.berkeley.edu; \u00faltima consulta: 5.07.2002.<\/p>\n<p style=\"text-align: justify\"><span style=\"color: #000080\"><strong>Listado de \u00edtems antes de someter el manuscrito<\/strong><\/span><\/p>\n<p style=\"text-align: justify\">Antes de someter el art\u00edculo revise que el manuscrito tenga la siguiente informaci\u00f3n:<\/p>\n<p style=\"text-align: justify\">Revise que en el manuscrito se incluya la siguiente informaci\u00f3n del autor de correspondencia:<\/p>\n<ul style=\"text-align: justify\">\n<li>Direcci\u00f3n electr\u00f3nica<\/li>\n<li>Direcci\u00f3n postal completa<\/li>\n<li>N\u00famero de tel\u00e9fono<\/li>\n<\/ul>\n<p style=\"text-align: justify\">Revise que el manuscrito y los documentos cargados contengan:<\/p>\n<ul style=\"text-align: justify\">\n<li>Palabras claves<\/li>\n<li>Informaci\u00f3n de todas las figuras del manuscrito<\/li>\n<li>Informaci\u00f3n de todas las tablas del manuscrito (incluyendo t\u00edtulo, descripci\u00f3n y pies de notas).<\/li>\n<\/ul>\n<p style=\"text-align: justify\">Adem\u00e1s se debe de considerar que<\/p>\n<ul style=\"text-align: justify\">\n<li>El manuscrito no debe de tener errores gramaticales u ortogr\u00e1ficos<\/li>\n<li>Todas las referencias mencionadas en el listado de referencias bibliogr\u00e1ficas deben de estar citadas en el texto, y viceversa<\/li>\n<li>Se debe de tener todos los permisos del uso de otros recursos bibliogr\u00e1ficos (incluidos los de internet)<\/li>\n<li>Debe de marcarse aquellas figuras que ir\u00e1n a color<\/li>\n<\/ul>\n<p style=\"text-align: justify\">Si se requiere de informaci\u00f3n adicional por favor comun\u00edquese al correo electr\u00f3nico revista.heosphoros@uleam.edu.ec<\/p>\n<p style=\"text-align: justify\"><span style=\"color: #000080\"><strong>Informaci\u00f3n adicional<\/strong><\/span><\/p>\n<p style=\"text-align: justify\"><span style=\"color: #000080\"><strong>L\u00edneas enumeradas<\/strong><\/span><\/p>\n<p style=\"text-align: justify\">Para facilitar el proceso de revisi\u00f3n por favor inserte en el texto del manuscrito la opci\u00f3n n\u00famero de l\u00ednea (numeraci\u00f3n continua).<\/p>\n<p style=\"text-align: justify\"><span style=\"color: #000080\"><strong>Tama\u00f1o del manuscrito<\/strong><\/span><\/p>\n<p style=\"text-align: justify\">Manuscritos de investigaci\u00f3n no deben de exceder las 6000 palabras. En caso de que exceda las 6000 palabras, el editor podr\u00e1 aceptar o no el manuscrito para su revisi\u00f3n. Las palabras contadas incluyen el texto, referencias, figuras y tablas. Cada figura o tabla podr\u00e1n tener hasta 300 palabras. El n\u00famero de figura y\/o tabla no deber\u00e1 de exceder un total de 7. Cada p\u00e1gina del manuscrito, incluyendo el t\u00edtulo, referencias, tablas, etc. deber\u00e1n estar enumeradas.<\/p>\n<p style=\"text-align: justify\"><span style=\"color: #000080\"><strong>Proceso editorial<\/strong><\/span><\/p>\n<p style=\"text-align: justify\">Cuando el trabajo haya sido revisado, el manuscrito con los dict\u00e1menes de los revisores se enviar\u00e1 a los autores para realizar las modificaciones pertinentes. Los autores tendr\u00e1n un plazo de 30 d\u00edas posteriores a la recepci\u00f3n de la revisi\u00f3n, para enviar la nueva versi\u00f3n corregida. Si tal versi\u00f3n no fuera devuelta en el plazo establecido, el manuscrito ser\u00e1 retirado del proceso de publicaci\u00f3n. Los autores deber\u00e1n adjuntar un listado detallado de las modificaciones realizadas al manuscrito, considerando los comentarios de los revisores.<\/p>\n<p style=\"text-align: justify\"><span style=\"color: #000080\"><strong>Despu\u00e9s de aceptado el manuscrito<\/strong><\/span><\/p>\n<p style=\"text-align: justify\"><span style=\"color: #000080\"><strong>Pruebas de imprenta<\/strong><\/span><\/p>\n<p style=\"text-align: justify\">Despu\u00e9s de que el manuscrito sea aprobado para su publicaci\u00f3n en <em>HEOSPHOROS<\/em>, un archivo PDF se enviara v\u00eda email al autor de correspondencia (corresponding autor). El archivo deber\u00e1 ser revisado y si es el caso, aprobado para ser publicado en la forma que fue enviado, de lo contario el autor de correspondencia deber\u00e1 indicar los cambios necesarios. Se debe de generar un archivo separado en el procesador de texto Word en el cual se enlistar\u00e1n los cambios que se deben de incluir en la versi\u00f3n final. Solo se aceptaran correcciones de estilo, nombres, letras, s\u00edmbolos, y\/o cambios menores en el texto. Cambios significativos en el documento solo ser\u00e1n aceptados previa autorizaci\u00f3n del Editor. El autor de correspondencia debe de asegurarse de que las correcciones fueron enviadas y recibidas para el proceso de edici\u00f3n final. La revisi\u00f3n y aceptaci\u00f3n de las pruebas de impresi\u00f3n son responsabilidad de los autores. En el caso de que <em>HEOSPHOROS<\/em> no reciba respuesta sobre las pruebas de impresi\u00f3n, el proceso de publicaci\u00f3n continuar\u00e1.<\/p>\n<p style=\"text-align: justify\"><span style=\"color: #000080\"><strong>Ejemplares impresos<\/strong><\/span><\/p>\n<p style=\"text-align: justify\">El autor de correspondencia recibir\u00e1, sin costo alguno, un ejemplar impreso de <em>HEOSPHOROS<\/em>, adem\u00e1s se le enviar\u00e1 por correo electr\u00f3nico la versi\u00f3n digital del art\u00edculo \u00a0en formato PDF.<\/p>\n<p style=\"text-align: justify\"><strong>\u00a0<\/strong><\/p>\n","protected":false},"excerpt":{"rendered":"<p>INTRODUCCI\u00d3N HEOSPHOROS INFORMACI\u00d3N A LOS AUTORES\u00a0PDF Tipos de publicaciones Art\u00edculos originales de investigaci\u00f3n cient\u00edfica y tecnol\u00f3gica: resultados de trabajos de investigaci\u00f3n cient\u00edfica, y\/o tecnol\u00f3gica original. Art\u00edculos de revisi\u00f3n: Se refieren a trabajos<a class=\"moretag\" href=\"https:\/\/departamentos.uleam.edu.ec\/investigacion\/informacion-a-los-autores\/\">Leer m\u00e1s&#8230;<\/a><\/p>\n","protected":false},"author":15,"featured_media":0,"parent":0,"menu_order":0,"comment_status":"open","ping_status":"open","template":"","meta":{"footnotes":"","_links_to":"","_links_to_target":""},"class_list":["post-318","page","type-page","status-publish","hentry"],"_links":{"self":[{"href":"https:\/\/departamentos.uleam.edu.ec\/investigacion\/wp-json\/wp\/v2\/pages\/318","targetHints":{"allow":["GET"]}}],"collection":[{"href":"https:\/\/departamentos.uleam.edu.ec\/investigacion\/wp-json\/wp\/v2\/pages"}],"about":[{"href":"https:\/\/departamentos.uleam.edu.ec\/investigacion\/wp-json\/wp\/v2\/types\/page"}],"author":[{"embeddable":true,"href":"https:\/\/departamentos.uleam.edu.ec\/investigacion\/wp-json\/wp\/v2\/users\/15"}],"replies":[{"embeddable":true,"href":"https:\/\/departamentos.uleam.edu.ec\/investigacion\/wp-json\/wp\/v2\/comments?post=318"}],"version-history":[{"count":7,"href":"https:\/\/departamentos.uleam.edu.ec\/investigacion\/wp-json\/wp\/v2\/pages\/318\/revisions"}],"predecessor-version":[{"id":355,"href":"https:\/\/departamentos.uleam.edu.ec\/investigacion\/wp-json\/wp\/v2\/pages\/318\/revisions\/355"}],"wp:attachment":[{"href":"https:\/\/departamentos.uleam.edu.ec\/investigacion\/wp-json\/wp\/v2\/media?parent=318"}],"curies":[{"name":"wp","href":"https:\/\/api.w.org\/{rel}","templated":true}]}}