{"id":102,"date":"2013-07-25T16:35:53","date_gmt":"2013-07-25T16:35:53","guid":{"rendered":"http:\/\/departamentos.uleam.edu.ec\/leydetransparenciapublica\/?page_id=102"},"modified":"2014-03-27T19:50:12","modified_gmt":"2014-03-27T19:50:12","slug":"m-rendicion-de-cuentas-2","status":"publish","type":"page","link":"https:\/\/departamentos.uleam.edu.ec\/leydetransparenciapublica\/informacion-general\/m-rendicion-de-cuentas-2\/","title":{"rendered":"Rendici\u00f3n de Cuentas"},"content":{"rendered":"<p><em>A\u00d1O 2013<\/em><\/p>\n<p><em><strong>Informe de Labores de Rectorado<\/strong><\/em><\/p>\n<blockquote>\n<ul>\n<li style=\"color: #800000;\"><span style=\"color: #800000;\"><em><a href=\"https:\/\/departamentos.uleam.edu.ec\/leydetransparenciapublica\/files\/2013\/07\/DISCURSO-DE-ORDEN-VIGESIMO-OCTAVO-ANIVERSARIO.pdf\"><span style=\"color: #800000;\">Discurso de Orden y Rendici\u00f3n de Cuentas a la Sociedad en el VIGESIMO OCTAVO ANIVERSARIO por el Rector Dr. Medardo Mora Sol\u00f3rzano<\/span><\/a><\/em><\/span><\/li>\n<li><span style=\"color: #800000;\"><em><a href=\"https:\/\/departamentos.uleam.edu.ec\/leydetransparenciapublica\/files\/2014\/03\/INFORME-ULEAM-2014.pdf\"><span style=\"color: #800000;\">Informe de Rendici\u00f3n de Cuenta<\/span><\/a><\/em><\/span><\/li>\n<\/ul>\n<\/blockquote>\n<p><em>A\u00d1O 2012<\/em><\/p>\n<p><em><strong>Informe de Labores de Rectorado<\/strong><\/em><\/p>\n<blockquote>\n<ul>\n<li><span style=\"color: #800000;\"><em><a href=\"http:\/\/www.uleam.edu.ec\/discurso-de-orden-vigesimo-septimo-aniversario-universidad-laica-eloy-alfaro-de-manabi\/\"><span style=\"color: #800000;\">Discurso de Orden y Rendici\u00f3n de Cuentas a la Sociedad en el VIGESIMO S\u00c9PTIMO ANIVERSARIO <\/span><\/a><a href=\"http:\/\/www.uleam.edu.ec\/wp-content\/uploads\/2013\/05\/DISCURSO-DE-ORDEN-VIGESIMO-QUINTO-ANIVERSARIO2010.pdf\"><span style=\"color: #800000;\">por el Rector Dr. Medardo Mora Sol\u00f3rzano<\/span><\/a><\/em><\/span><\/li>\n<li><em><span style=\"color: #800000;\"><a href=\"https:\/\/departamentos.uleam.edu.ec\/leydetransparenciapublica\/files\/2013\/07\/INFORME-DE-RENDICION-DE-CUENTAS.pdf\"><span style=\"color: #800000;\">Informe de Rendici\u00f3n de Cuentas<\/span><\/a><\/span><strong><\/strong><strong><\/strong><\/em><\/li>\n<\/ul>\n<\/blockquote>\n<p><em><strong>Informe de Labores de Otros Departamentos, Ar\u00e9as y Unidades<\/strong><\/em><\/p>\n<blockquote>\n<ul>\n<li><span style=\"color: #800000;\"><em><a href=\"https:\/\/departamentos.uleam.edu.ec\/leydetransparenciapublica\/files\/2013\/07\/INFORME-DE-CUMPLIMIENTO-DE-ACTIVIDADES-PLANIFICADAS-1.pdf\"><span style=\"color: #800000;\">Informe de Cumplimiento de Actividades del Departamento de Planeamiento<\/span><\/a><\/em><\/span><\/li>\n<\/ul>\n<\/blockquote>\n<p><em>\u00a0<\/em><\/p>\n<p><em>A\u00d1O 2011<\/em><\/p>\n<p><em><strong>Informe de Labores de Rectorado<\/strong><\/em><\/p>\n<blockquote>\n<ul>\n<li><span style=\"color: #800000;\"><em><a href=\"http:\/\/www.uleam.edu.ec\/wp-content\/uploads\/2013\/05\/DISCURSO-26-ANIVERSARIO.pdf\"><span style=\"color: #800000;\">Discurso de Orden y Rendici\u00f3n de Cuentas a la Sociedad en su VIGESIMO SEXTO ANIVERSARIO <\/span><\/a><a href=\"http:\/\/www.uleam.edu.ec\/wp-content\/uploads\/2013\/05\/DISCURSO-DE-ORDEN-VIGESIMO-QUINTO-ANIVERSARIO2010.pdf\"><span style=\"color: #800000;\">por el Rector Dr. Medardo Mora Sol\u00f3rzano\u00a0<\/span><\/a><\/em><\/span><\/li>\n<li><span style=\"color: #800000;\"><em><a href=\"http:\/\/www.uleam.edu.ec\/wp-content\/uploads\/2013\/05\/INFORME-DE-RENDICION-DE-CUENTAS-UELAM-20121.pdf\"><span style=\"color: #800000;\">Informe General de la Universidad Laica \u00abEloy Alfaro\u00bb de Manabi<\/span><\/a><\/em><\/span><\/li>\n<\/ul>\n<\/blockquote>\n<p><em>\u00a0<\/em><\/p>\n<p><em>A\u00d1O 2010<\/em><\/p>\n<p><em><strong>Informe de Labores de Rectorado<\/strong><\/em><\/p>\n<blockquote>\n<ul>\n<li><span style=\"color: #800000;\"><em><a href=\"http:\/\/www.uleam.edu.ec\/wp-content\/uploads\/2013\/05\/DISCURSO-DE-ORDEN-VIGESIMO-QUINTO-ANIVERSARIO2010.pdf\"><span style=\"color: #800000;\">Discurso de Orden y Rendici\u00f3n de Cuentas a la Sociedad en su VIGESIMO QUINTO ANIVERSARIO por el Rector Dr. Medardo Mora Sol\u00f3rzano <\/span><\/a><\/em><\/span><\/li>\n<\/ul>\n<\/blockquote>\n","protected":false},"excerpt":{"rendered":"<p>A\u00d1O 2013 Informe de Labores de Rectorado Discurso de Orden y Rendici\u00f3n de Cuentas a la Sociedad en el VIGESIMO OCTAVO ANIVERSARIO por el Rector Dr. Medardo Mora Sol\u00f3rzano Informe de Rendici\u00f3n de Cuenta A\u00d1O 2012 Informe de Labores de [&hellip;]<\/p>\n","protected":false},"author":2,"featured_media":0,"parent":44,"menu_order":0,"comment_status":"closed","ping_status":"closed","template":"","meta":{"footnotes":"","_links_to":"","_links_to_target":""},"class_list":["post-102","page","type-page","status-publish","hentry"],"_links":{"self":[{"href":"https:\/\/departamentos.uleam.edu.ec\/leydetransparenciapublica\/wp-json\/wp\/v2\/pages\/102","targetHints":{"allow":["GET"]}}],"collection":[{"href":"https:\/\/departamentos.uleam.edu.ec\/leydetransparenciapublica\/wp-json\/wp\/v2\/pages"}],"about":[{"href":"https:\/\/departamentos.uleam.edu.ec\/leydetransparenciapublica\/wp-json\/wp\/v2\/types\/page"}],"author":[{"embeddable":true,"href":"https:\/\/departamentos.uleam.edu.ec\/leydetransparenciapublica\/wp-json\/wp\/v2\/users\/2"}],"replies":[{"embeddable":true,"href":"https:\/\/departamentos.uleam.edu.ec\/leydetransparenciapublica\/wp-json\/wp\/v2\/comments?post=102"}],"version-history":[{"count":26,"href":"https:\/\/departamentos.uleam.edu.ec\/leydetransparenciapublica\/wp-json\/wp\/v2\/pages\/102\/revisions"}],"predecessor-version":[{"id":293,"href":"https:\/\/departamentos.uleam.edu.ec\/leydetransparenciapublica\/wp-json\/wp\/v2\/pages\/102\/revisions\/293"}],"up":[{"embeddable":true,"href":"https:\/\/departamentos.uleam.edu.ec\/leydetransparenciapublica\/wp-json\/wp\/v2\/pages\/44"}],"wp:attachment":[{"href":"https:\/\/departamentos.uleam.edu.ec\/leydetransparenciapublica\/wp-json\/wp\/v2\/media?parent=102"}],"curies":[{"name":"wp","href":"https:\/\/api.w.org\/{rel}","templated":true}]}}