{"id":1513,"date":"2016-02-11T14:08:37","date_gmt":"2016-02-11T14:08:37","guid":{"rendered":"http:\/\/departamentos.uleam.edu.ec\/leydetransparenciapublica\/?page_id=1513"},"modified":"2016-11-30T21:32:20","modified_gmt":"2016-11-30T21:32:20","slug":"transparencia-2016","status":"publish","type":"page","link":"https:\/\/departamentos.uleam.edu.ec\/leydetransparenciapublica\/transparencia-2016\/","title":{"rendered":"TRANSPARENCIA 2016"},"content":{"rendered":"<h3 class=\"name post-title entry-title\">Informaci\u00f3n P\u00fablica 2016<\/h3>\n<div class=\"clear\"><\/div>\n<div class=\"entry\">\n<p><strong>INFORMACI\u00d3N DE ACUERDO A LA LEY ORG\u00c1NICA DE TRANSPARENCIA Y ACCESO A LA INFORMACI\u00d3N P\u00daBLICA<\/strong><\/p>\n<p style=\"text-align: justify;\"><strong>Art. 7.-<\/strong> Difusi\u00f3n de la Informaci\u00f3n P\u00fablica.- Por la transparencia en la gesti\u00f3n administrativa que est\u00e1n obligadas a observar todas las instituciones del Estado que conforman el sector p\u00fablico en los t\u00e9rminos del art\u00edculo 118 de la Constituci\u00f3n Pol\u00edtica de la Rep\u00fablica y dem\u00e1s entes se\u00f1alados en el art\u00edculo 1 de la presente Ley, difundir\u00e1n a trav\u00e9s de un portal de informaci\u00f3n o p\u00e1gina web, as\u00ed como de los medios necesarios a disposici\u00f3n del p\u00fablico, implementados en la misma instituci\u00f3n, la siguiente informaci\u00f3n m\u00ednima actualizada, que para efectos de esta Ley, se la considera de naturaleza obligatoria:<\/p>\n<ul>\n<li>Literal c\n<ul>\n<li><span style=\"color: #0000ff;\"><a style=\"color: #0000ff;\" href=\"https:\/\/departamentos.uleam.edu.ec\/leydetransparenciapublica\/transparencia-2016\/remuneracion-mensual-por-puesto-y-todo-ingreso-adicional\/\">Remuneraci\u00f3n mensual por puesto y todo ingreso adicional<\/a><\/span><\/li>\n<\/ul>\n<\/li>\n<li>Literal b1\n<ul>\n<li><span style=\"color: #0000ff;\"><a style=\"color: #0000ff;\" href=\"https:\/\/departamentos.uleam.edu.ec\/leydetransparenciapublica\/transparencia-2016\/directorio-completo-de-la-institucion\/\">Directorio completo de la Instituci\u00f3n<\/a><\/span><\/li>\n<\/ul>\n<\/li>\n<li>Literal b2\n<ul>\n<li><span style=\"color: #0000ff;\"><a style=\"color: #0000ff;\" href=\"https:\/\/departamentos.uleam.edu.ec\/leydetransparenciapublica\/transparencia-2016\/distributivo-de-personal\/\">Distributivo de personal<\/a><\/span><\/li>\n<\/ul>\n<\/li>\n<li><span style=\"color: #0000ff;\"><a style=\"color: #0000ff;\" href=\"https:\/\/departamentos.uleam.edu.ec\/leydetransparenciapublica\/transparencia-2016\/metas-y-objetivos-de-unidades-administrativas\/\">Literal a4<\/a><\/span>\n<ul>\n<li><span style=\"color: #0000ff;\"><a style=\"color: #0000ff;\" href=\"https:\/\/departamentos.uleam.edu.ec\/leydetransparenciapublica\/transparencia-2016\/metas-y-objetivos-de-unidades-administrativas\/\">Metas y Objetivos de Unidades Administrativas de Conformidad con sus Programas Operativo. Planeamiento<\/a><\/span><\/li>\n<\/ul>\n<\/li>\n<li>Literal a3\n<ul>\n<li><span style=\"color: #0000ff;\"><a style=\"color: #0000ff;\" href=\"https:\/\/departamentos.uleam.edu.ec\/leydetransparenciapublica\/transparencia-2016\/regulaciones-y-procedimientos-internos-aplicables-a-la-entidad\/\">Regulaciones y Procedimientos Internos Aplicables a la Entidad<\/a><\/span><\/li>\n<li><span style=\"color: #0000ff;\"><a style=\"color: #0000ff;\" href=\"https:\/\/departamentos.uleam.edu.ec\/leydetransparenciapublica\/transparencia-2016\/matriz-de-formulario-y-solicitudes\/\">Matriz de Formulario y Solicitudes<\/a><\/span><\/li>\n<\/ul>\n<\/li>\n<li><span style=\"color: #0000ff;\"><a style=\"color: #0000ff;\" href=\"https:\/\/departamentos.uleam.edu.ec\/leydetransparenciapublica\/transparencia-2016\/base-legal-que-la-rige\/\">Literal a2<\/a><\/span>\n<ul>\n<li><span style=\"color: #0000ff;\"><a style=\"color: #0000ff;\" href=\"https:\/\/departamentos.uleam.edu.ec\/leydetransparenciapublica\/transparencia-2016\/base-legal-que-la-rige\/\">Base Legal que la rige<\/a><\/span><\/li>\n<\/ul>\n<\/li>\n<li><span style=\"color: #0000ff;\"><a style=\"color: #0000ff;\" href=\"https:\/\/departamentos.uleam.edu.ec\/leydetransparenciapublica\/transparencia-2016\/organigrama-estructural-institucional\/\">Literal a1<\/a><\/span>\n<ul>\n<li><span style=\"color: #0000ff;\"><a style=\"color: #0000ff;\" href=\"https:\/\/departamentos.uleam.edu.ec\/leydetransparenciapublica\/transparencia-2016\/organigrama-estructural-institucional\/\">Organigrama Estructural Institucional<\/a><\/span><\/li>\n<\/ul>\n<\/li>\n<li>Literal d<\/li>\n<li>Servicios que ofrece y las formas de acceder a ellos, horarios de atenci\u00f3n y dem\u00e1s indicaciones necesarias\n<ul>\n<li><span style=\"color: #0000ff;\"><a style=\"color: #0000ff;\" href=\"https:\/\/departamentos.uleam.edu.ec\/leydetransparenciapublica\/transparencia-2016\/d1-servicios-que-ofrece-bienestar-universitario\/\">d1.- Servicios que ofrece Bienestar Universitario<\/a><\/span><\/li>\n<li><span style=\"color: #0000ff;\"><a style=\"color: #0000ff;\" href=\"https:\/\/departamentos.uleam.edu.ec\/leydetransparenciapublica\/transparencia-2016\/d2-servicios-que-ofrece-vinculacion-con-la-colectividad\/\">d2.- Servicios que ofrece Vinculaci\u00f3n con la Colectividad<\/a><\/span><\/li>\n<\/ul>\n<\/li>\n<li>Literal e\n<ul>\n<li><span style=\"color: #0000ff;\"><a style=\"color: #0000ff;\" href=\"https:\/\/departamentos.uleam.edu.ec\/leydetransparenciapublica\/transparencia-2016\/texto-integro-de-todos-los-contratos-colectivos-vigentes\/\">Texto Integro de todos los Contratos Colectivos Vigente<\/a><\/span><\/li>\n<\/ul>\n<\/li>\n<\/ul>\n<ul>\n<li>Literal f2\n<ul>\n<li><span style=\"color: #0000ff;\"><a style=\"color: #0000ff;\" href=\"https:\/\/departamentos.uleam.edu.ec\/leydetransparenciapublica\/transparencia-2016\/literal-f2-formato-para-solicitudes-de-acceso-a-la-informacion-publica\/\">Formato para solicitudes de acceso a la informaci\u00f3n p\u00fablica<\/a><\/span><\/li>\n<\/ul>\n<\/li>\n<li>Literal f1\n<ul>\n<li><span style=\"color: #0000ff;\"><a style=\"color: #0000ff;\" href=\"https:\/\/departamentos.uleam.edu.ec\/leydetransparenciapublica\/transparencia-2016\/matriz-de-formulario-y-solicitudes\/\">Formulario o Formato de solicitudes<\/a><\/span><\/li>\n<\/ul>\n<\/li>\n<li><span style=\"color: #0000ff;\"><a style=\"color: #0000ff;\" href=\"https:\/\/departamentos.uleam.edu.ec\/leydetransparenciapublica\/transparencia-2016\/informacion-de-presupuesto-mensual-y-anexos\/\">Literal g<\/a><\/span>\n<ul>\n<li><span style=\"color: #0000ff;\"><a style=\"color: #0000ff;\" href=\"https:\/\/departamentos.uleam.edu.ec\/leydetransparenciapublica\/transparencia-2016\/informacion-de-presupuesto-mensual-y-anexos\/\">Informaci\u00f3n de Presupuesto Mensual y Anexos<\/a><\/span><\/li>\n<\/ul>\n<\/li>\n<li><span style=\"color: #0000ff;\"><a style=\"color: #0000ff;\" href=\"https:\/\/departamentos.uleam.edu.ec\/leydetransparenciapublica\/transparencia-2016\/resultados-de-auditorias-internas\/\">Literal h<\/a><\/span>\n<ul>\n<li><span style=\"color: #0000ff;\"><a style=\"color: #0000ff;\" href=\"https:\/\/departamentos.uleam.edu.ec\/leydetransparenciapublica\/transparencia-2016\/resultados-de-auditorias-internas\/\">Resultados de Auditorias Internas<\/a><\/span><\/li>\n<\/ul>\n<\/li>\n<li><a href=\"https:\/\/departamentos.uleam.edu.ec\/leydetransparenciapublica\/transparencia-2016\/proceso-de-contrataciones-contratacion-publica\/\"><span style=\"color: #0000ff;\">Literal i<\/span><\/a><\/li>\n<li><a href=\"https:\/\/departamentos.uleam.edu.ec\/leydetransparenciapublica\/?page_id=1839&amp;preview=true\">Procesos precontractuales, contractuales, de adjudicaci\u00f3n y liquidaci\u00f3n, de las contrataciones de obras, adquisici\u00f3n de bienes, prestaci\u00f3n de servicios, arrendamientos mercantiles, etc., celebrados por la instituci\u00f3n con personas naturales o jur\u00eddicas, incluidos concesiones, permisos o autorizaciones<\/a><\/li>\n<\/ul>\n<ul>\n<li><span style=\"color: #0000ff;\"><a style=\"color: #0000ff;\" href=\"https:\/\/departamentos.uleam.edu.ec\/leydetransparenciapublica\/transparencia-2016\/planes-y-programacion-en-ejecucion\/\">Literal k<\/a><\/span>\n<ul>\n<li><span style=\"color: #0000ff;\"><a style=\"color: #0000ff;\" href=\"https:\/\/departamentos.uleam.edu.ec\/leydetransparenciapublica\/transparencia-2016\/planes-y-programacion-en-ejecucion\/\">Planes y Programaci\u00f3n en Ejecuci\u00f3n<\/a><\/span><\/li>\n<\/ul>\n<\/li>\n<li>Literal j\n<ul>\n<li><span style=\"color: #0000ff;\"><a style=\"color: #0000ff;\" href=\"https:\/\/departamentos.uleam.edu.ec\/leydetransparenciapublica\/transparencia-2016\/empresas-y-personas-que-han-incumplido-contratos\/\">Empresas y personas que han incumplido contratos<\/a><\/span><\/li>\n<\/ul>\n<\/li>\n<li>Literal l\n<ul>\n<li><span style=\"color: #0000ff;\"><a style=\"color: #0000ff;\" href=\"https:\/\/departamentos.uleam.edu.ec\/leydetransparenciapublica\/transparencia-2016\/contratos-de-creditos-externos-o-internos\/\">Contratos de Cr\u00e9ditos Externos o Internos<\/a><\/span><\/li>\n<\/ul>\n<\/li>\n<li>Literal m\n<ul>\n<li><span style=\"color: #0000ff;\"><a style=\"color: #0000ff;\" href=\"https:\/\/departamentos.uleam.edu.ec\/leydetransparenciapublica\/transparencia-2016\/mecanismos-de-rendicion-de-cuentas-a-la-ciudadania\/\">Mecanismos de Rendici\u00f3n de Cuentas a la Ciudadania<\/a><\/span><\/li>\n<\/ul>\n<\/li>\n<li>Literal n\n<ul>\n<li><span style=\"color: #0000ff;\"><a style=\"color: #0000ff;\" href=\"https:\/\/departamentos.uleam.edu.ec\/leydetransparenciapublica\/transparencia-2016\/viaticos-informe-de-trabajo-y-justificativos\/\">Vi\u00e1ticos, informe de trabajo y justificativos<\/a><\/span><\/li>\n<\/ul>\n<\/li>\n<li><span style=\"color: #0000ff;\"><a style=\"color: #0000ff;\" href=\"https:\/\/departamentos.uleam.edu.ec\/leydetransparenciapublica\/transparencia-2016\/informacion-autorizada-por-directivos\/\">Informaci\u00f3n Autorizada por Directivos<\/a><\/span><\/li>\n<li><span style=\"color: #0000ff;\"><a style=\"color: #0000ff;\" href=\"https:\/\/departamentos.uleam.edu.ec\/leydetransparenciapublica\/transparencia-2016\/calificacion-de-la-trasparencia-activa-literales-del-art-7-de-la-lotaip\/\">C<b>alificaci\u00f3n de la trasparencia activa \u2013 literales del Art. 7 de la\u00a0 LOTAIP<\/b><\/a><\/span><\/li>\n<\/ul>\n<ul>\n<li><span style=\"color: #0000ff;\"><a style=\"color: #0000ff;\" href=\"https:\/\/departamentos.uleam.edu.ec\/leydetransparenciapublica\/transparencia-2016\/informacion-publica-archivo-central\/\">Literal o<\/a><\/span>\n<ul>\n<li><span style=\"color: #0000ff;\"><a style=\"color: #0000ff;\" href=\"https:\/\/departamentos.uleam.edu.ec\/leydetransparenciapublica\/transparencia-2016\/informacion-publica-archivo-central\/\">Informaci\u00f3n P\u00fablica.- Archivo Central<\/a><\/span><\/li>\n<\/ul>\n<\/li>\n<\/ul>\n<\/div>\n","protected":false},"excerpt":{"rendered":"<p>Informaci\u00f3n P\u00fablica 2016 INFORMACI\u00d3N DE ACUERDO A LA LEY ORG\u00c1NICA DE TRANSPARENCIA Y ACCESO A LA INFORMACI\u00d3N P\u00daBLICA Art. 7.- Difusi\u00f3n de la Informaci\u00f3n P\u00fablica.- Por la transparencia en la gesti\u00f3n administrativa que est\u00e1n obligadas a observar todas las instituciones [&hellip;]<\/p>\n","protected":false},"author":22,"featured_media":0,"parent":0,"menu_order":0,"comment_status":"closed","ping_status":"closed","template":"","meta":{"footnotes":"","_links_to":"","_links_to_target":""},"class_list":["post-1513","page","type-page","status-publish","hentry"],"_links":{"self":[{"href":"https:\/\/departamentos.uleam.edu.ec\/leydetransparenciapublica\/wp-json\/wp\/v2\/pages\/1513","targetHints":{"allow":["GET"]}}],"collection":[{"href":"https:\/\/departamentos.uleam.edu.ec\/leydetransparenciapublica\/wp-json\/wp\/v2\/pages"}],"about":[{"href":"https:\/\/departamentos.uleam.edu.ec\/leydetransparenciapublica\/wp-json\/wp\/v2\/types\/page"}],"author":[{"embeddable":true,"href":"https:\/\/departamentos.uleam.edu.ec\/leydetransparenciapublica\/wp-json\/wp\/v2\/users\/22"}],"replies":[{"embeddable":true,"href":"https:\/\/departamentos.uleam.edu.ec\/leydetransparenciapublica\/wp-json\/wp\/v2\/comments?post=1513"}],"version-history":[{"count":36,"href":"https:\/\/departamentos.uleam.edu.ec\/leydetransparenciapublica\/wp-json\/wp\/v2\/pages\/1513\/revisions"}],"predecessor-version":[{"id":1543,"href":"https:\/\/departamentos.uleam.edu.ec\/leydetransparenciapublica\/wp-json\/wp\/v2\/pages\/1513\/revisions\/1543"}],"wp:attachment":[{"href":"https:\/\/departamentos.uleam.edu.ec\/leydetransparenciapublica\/wp-json\/wp\/v2\/media?parent=1513"}],"curies":[{"name":"wp","href":"https:\/\/api.w.org\/{rel}","templated":true}]}}