{"id":1590,"date":"2016-03-09T20:57:42","date_gmt":"2016-03-09T20:57:42","guid":{"rendered":"http:\/\/departamentos.uleam.edu.ec\/leydetransparenciapublica\/?page_id=1590"},"modified":"2016-12-14T16:50:30","modified_gmt":"2016-12-14T16:50:30","slug":"informacion-publica-archivo-central","status":"publish","type":"page","link":"https:\/\/departamentos.uleam.edu.ec\/leydetransparenciapublica\/transparencia-2016\/informacion-publica-archivo-central\/","title":{"rendered":"literal o &#8211; Informaci\u00f3n P\u00fablica.- Archivo Central"},"content":{"rendered":"<ul>\n<li><a href=\"https:\/\/departamentos.uleam.edu.ec\/leydetransparenciapublica\/files\/2016\/03\/Copia-de-LITERAL-O-ENERO.xlsx\">ENERO<\/a><\/li>\n<li><a href=\"https:\/\/departamentos.uleam.edu.ec\/leydetransparenciapublica\/files\/2016\/03\/literal-o-MES-DE-FEBRERO-2016.xls\">El nombre, direcci\u00f3n de la oficina, apartado postal y direcci\u00f3n electr\u00f3nica del responsable de atender la informaci\u00f3n p\u00fablica de que trata esta Ley<\/a><\/li>\n<li>FEBRERO\n<ul>\n<li><a href=\"https:\/\/departamentos.uleam.edu.ec\/leydetransparenciapublica\/files\/2016\/03\/literal-o-MES-DE-FEBRERO-2016.xls\">El nombre, direcci\u00f3n de la oficina, apartado postal y direcci\u00f3n electr\u00f3nica del responsable de atender la informaci\u00f3n p\u00fablica de que trata esta Ley<\/a><\/li>\n<\/ul>\n<\/li>\n<li>MARZO\n<ul>\n<li><a href=\"https:\/\/departamentos.uleam.edu.ec\/leydetransparenciapublica\/files\/2016\/03\/Copia-de-literal-o-MES-DE-MARZO.xls\">El nombre, direcci\u00f3n de la oficina, apartado postal y direcci\u00f3n electr\u00f3nica del responsable de atender la informaci\u00f3n p\u00fablica de que se trata esta ley<\/a><\/li>\n<\/ul>\n<\/li>\n<li>ABRIL\n<ul>\n<li><a href=\"https:\/\/departamentos.uleam.edu.ec\/leydetransparenciapublica\/files\/2016\/03\/LITERAL-O-ABRIL-2016.pdf\">El nombre, direcci\u00f3n de la oficina, apartado\u00a0 postal y direcci\u00f3n electr\u00f3nica del responsable de atender la informaci\u00f3n p\u00fablica de que se trata esta ley<\/a><\/li>\n<\/ul>\n<\/li>\n<li>MAYO\n<ul>\n<li><a href=\"https:\/\/departamentos.uleam.edu.ec\/leydetransparenciapublica\/files\/2016\/03\/LITERAL-O-MAYO2016.pdf\">El nombre, direcci\u00f3n de la oficina, apartado postal y direcci\u00f3n electr\u00f3nica del responsable de atender la informaci\u00f3n p\u00fablica de que se trata esta ley<\/a><\/li>\n<\/ul>\n<\/li>\n<li>JUNIO\n<ul>\n<li><a href=\"https:\/\/departamentos.uleam.edu.ec\/leydetransparenciapublica\/files\/2016\/03\/LITERAL-O-MAYO20161.pdf\">El nombre, direcci\u00f3n de la oficina, apartado postal y direcci\u00f3n electr\u00f3nica del responsable de atender la informaci\u00f3n p\u00fablica de que se trata esta ley <\/a><\/li>\n<\/ul>\n<\/li>\n<li>JULIO\n<ul>\n<li><a href=\"https:\/\/departamentos.uleam.edu.ec\/leydetransparenciapublica\/files\/2016\/03\/LITERAL-O-JULIO20161.pdf\">El nombre, direcci\u00f3n de la oficina, apartado postal y direcci\u00f3n electr\u00f3nica del responsable de atender la informaci\u00f3n p\u00fablica de que se trata esta ley <\/a><\/li>\n<\/ul>\n<\/li>\n<li>AGOSTO\n<ul>\n<li><a href=\"https:\/\/departamentos.uleam.edu.ec\/leydetransparenciapublica\/files\/2016\/03\/LITERAL-O-AGOSTO-2016.pdf\">El nombre, direcci\u00f3n de la oficina, apartado postal y direcci\u00f3n electr\u00f3nica del responsable de atender la informaci\u00f3n p\u00fablica de que se trata esta ley\u00a0<\/a><\/li>\n<\/ul>\n<\/li>\n<li>SEPTIEMBRE\n<ul>\n<li><a href=\"https:\/\/departamentos.uleam.edu.ec\/leydetransparenciapublica\/files\/2016\/03\/LITERAL-O-SEPTIEMBRE-2016.pdf\">El nombre, direcci\u00f3n de la oficina, apartado postal y direcci\u00f3n electr\u00f3nica del responsable de atender la informaci\u00f3n p\u00fablica de que se trata esta ley <\/a><\/li>\n<\/ul>\n<\/li>\n<li><a href=\"https:\/\/departamentos.uleam.edu.ec\/leydetransparenciapublica\/files\/2016\/03\/Copia-de-LITERAL-O-A-OCTUBRE-.xlsx\">Octubre<\/a>\n<ul>\n<li><a href=\"https:\/\/departamentos.uleam.edu.ec\/leydetransparenciapublica\/files\/2016\/03\/LITERAL-O-SEPTIEMBRE-2016.pdf\">El nombre, direcci\u00f3n de la oficina, apartado postal y direcci\u00f3n electr\u00f3nica del responsable de atender la informaci\u00f3n p\u00fablica de que se trata esta ley<\/a><\/li>\n<\/ul>\n<\/li>\n<li>\u00a0<a href=\"https:\/\/departamentos.uleam.edu.ec\/leydetransparenciapublica\/files\/2016\/03\/LITERAL-O-NOVIEMBRE-2016-1.pdf\">NOVIEMBRE<\/a>\n<ul>\n<li><a href=\"https:\/\/departamentos.uleam.edu.ec\/leydetransparenciapublica\/files\/2016\/03\/LITERAL-O-SEPTIEMBRE-2016.pdf\">El nombre, direcci\u00f3n de la oficina, apartado postal y direcci\u00f3n electr\u00f3nica del responsable de atender la informaci\u00f3n p\u00fablica de que se trata esta ley<\/a><\/li>\n<\/ul>\n<\/li>\n<\/ul>\n","protected":false},"excerpt":{"rendered":"<p>ENERO El nombre, direcci\u00f3n de la oficina, apartado postal y direcci\u00f3n electr\u00f3nica del responsable de atender la informaci\u00f3n p\u00fablica de que trata esta Ley FEBRERO El nombre, direcci\u00f3n de la oficina, apartado postal y direcci\u00f3n electr\u00f3nica del responsable de atender [&hellip;]<\/p>\n","protected":false},"author":2,"featured_media":0,"parent":1513,"menu_order":0,"comment_status":"closed","ping_status":"closed","template":"","meta":{"footnotes":"","_links_to":"","_links_to_target":""},"class_list":["post-1590","page","type-page","status-publish","hentry"],"_links":{"self":[{"href":"https:\/\/departamentos.uleam.edu.ec\/leydetransparenciapublica\/wp-json\/wp\/v2\/pages\/1590","targetHints":{"allow":["GET"]}}],"collection":[{"href":"https:\/\/departamentos.uleam.edu.ec\/leydetransparenciapublica\/wp-json\/wp\/v2\/pages"}],"about":[{"href":"https:\/\/departamentos.uleam.edu.ec\/leydetransparenciapublica\/wp-json\/wp\/v2\/types\/page"}],"author":[{"embeddable":true,"href":"https:\/\/departamentos.uleam.edu.ec\/leydetransparenciapublica\/wp-json\/wp\/v2\/users\/2"}],"replies":[{"embeddable":true,"href":"https:\/\/departamentos.uleam.edu.ec\/leydetransparenciapublica\/wp-json\/wp\/v2\/comments?post=1590"}],"version-history":[{"count":18,"href":"https:\/\/departamentos.uleam.edu.ec\/leydetransparenciapublica\/wp-json\/wp\/v2\/pages\/1590\/revisions"}],"predecessor-version":[{"id":1934,"href":"https:\/\/departamentos.uleam.edu.ec\/leydetransparenciapublica\/wp-json\/wp\/v2\/pages\/1590\/revisions\/1934"}],"up":[{"embeddable":true,"href":"https:\/\/departamentos.uleam.edu.ec\/leydetransparenciapublica\/wp-json\/wp\/v2\/pages\/1513"}],"wp:attachment":[{"href":"https:\/\/departamentos.uleam.edu.ec\/leydetransparenciapublica\/wp-json\/wp\/v2\/media?parent=1590"}],"curies":[{"name":"wp","href":"https:\/\/api.w.org\/{rel}","templated":true}]}}