{"id":3090,"date":"2018-02-07T15:53:32","date_gmt":"2018-02-07T15:53:32","guid":{"rendered":"http:\/\/departamentos.uleam.edu.ec\/leydetransparenciapublica\/?page_id=3090"},"modified":"2018-02-07T16:29:13","modified_gmt":"2018-02-07T16:29:13","slug":"diciembre-2","status":"publish","type":"page","link":"https:\/\/departamentos.uleam.edu.ec\/leydetransparenciapublica\/diciembre-2\/","title":{"rendered":"Diciembre"},"content":{"rendered":"<p><a href=\"https:\/\/departamentos.uleam.edu.ec\/leydetransparenciapublica\/files\/2018\/02\/Literal-a1-Organigrama-de-la-institucion-DICIEMBRE-DEL-2017-PRESENTADO-ENERO-2018.pdf\">Literal a1.- Organigrama de la instituci\u00f3n<\/a><\/p>\n<p><a href=\"https:\/\/departamentos.uleam.edu.ec\/leydetransparenciapublica\/files\/2018\/02\/DICIEMBRE-2017-LOTAIP-DPTO.-CONSULTOR\u00cdA-Y-ASESOR\u00cdA-JUR\u00cdDICA-1-1.pdf\">Lieral a2 .- Base Legal que rige la Instituci\u00f3n\u00a0<\/a><\/p>\n<p><a href=\"https:\/\/departamentos.uleam.edu.ec\/leydetransparenciapublica\/files\/2018\/02\/Literal-a3-Regulaciones-y-procedimientos-internos-aplicables-a-la-Universidad-DICIEMBRE-DEL-2017-PRESENTADO-ENERO-2018.pdf\">Literal-a3 Regulaciones y procedimientos internos aplicables a la Universidad\u00a0<\/a><\/p>\n<p><a href=\"https:\/\/departamentos.uleam.edu.ec\/leydetransparenciapublica\/files\/2018\/02\/Literal-a4-.-.pdf\">Literal a4 .- Metas y Objetivos de las Unidades Administrativas\u00a0<\/a><\/p>\n<p><a href=\"https:\/\/departamentos.uleam.edu.ec\/leydetransparenciapublica\/files\/2018\/02\/literal-b1-Directorio-de-la-institucion-6.pdf\">literal b1) Directorio de la institucion <\/a><\/p>\n<p><a href=\"https:\/\/departamentos.uleam.edu.ec\/leydetransparenciapublica\/files\/2018\/02\/literal-b2-Distributivo-de-personal-5.pdf\">literal b2) Distributivo de personal <\/a><\/p>\n<p><a href=\"https:\/\/departamentos.uleam.edu.ec\/leydetransparenciapublica\/files\/2018\/02\/literal-c-Remuneracio\u00a6\u00fcn-mensual-por-puesto-8.pdf\">literal c) Remuneraci\u00f3n\u00a0 mensual por puesto<\/a><\/p>\n<p><a href=\"https:\/\/departamentos.uleam.edu.ec\/leydetransparenciapublica\/files\/2018\/02\/12.-LOTAIP-DICIEMBRE-2017-DBE-.pdf\">Literal d.- Servicios que ofrece la Instituci\u00f3n y forma de acceder a ellos\u00a0<\/a><\/p>\n<p><a href=\"https:\/\/departamentos.uleam.edu.ec\/leydetransparenciapublica\/files\/2018\/02\/Otros-Servicios.pdf\">Otros Servicios<\/a><\/p>\n<p><a href=\"https:\/\/departamentos.uleam.edu.ec\/leydetransparenciapublica\/files\/2018\/02\/literal-e-Texto-de-contratos-colectivos-vigentes.pdf\">literal e.- Texto de contratos colectivos vigentes<\/a><\/p>\n<p><a href=\"https:\/\/departamentos.uleam.edu.ec\/leydetransparenciapublica\/files\/2018\/02\/Literal-f1-Formularios-o-formatos-para-los-tramites-institucionales-DICIEMBRE-DEL-2017-PRESENTADO-ENERO-2018.pdf\">Literal f 1.- Formularios o formatos para los tramites institucionales\u00a0<\/a><\/p>\n<p><a href=\"https:\/\/departamentos.uleam.edu.ec\/leydetransparenciapublica\/files\/2018\/02\/literal-f2-Formulario-solicitud-acceso-informacion-publica.docx-DICIEMBRE.pdf\">literal f2.-\u00a0 Formulario solicitud acceso informacion p\u00fablica<\/a><\/p>\n<p><a href=\"https:\/\/departamentos.uleam.edu.ec\/leydetransparenciapublica\/files\/2018\/02\/Literal-g-.-Presupuesto-de-la-Instituci\u00f3n.pdf\">Literal g .- Presupuesto de la Instituci\u00f3n<\/a><\/p>\n<p><a href=\"https:\/\/departamentos.uleam.edu.ec\/leydetransparenciapublica\/files\/2018\/02\/C\u00c9DULA-DE-GASTOS-DICIEMBRE-2017.pdf\">C\u00e9dula de gastos\u00a0<\/a><\/p>\n<p><a href=\"https:\/\/departamentos.uleam.edu.ec\/leydetransparenciapublica\/files\/2018\/02\/C\u00c9DULA-DE-INGRESOS-DICIEMBRE-2017.pdf\">C\u00e9dula de ingresos\u00a0<\/a><\/p>\n<p><a href=\"https:\/\/departamentos.uleam.edu.ec\/leydetransparenciapublica\/files\/2018\/02\/MATRIZ-h-diciembre-de-2017.pdf\">Literal h .- Resultados de Auditorias Internas y Gubernamentales<\/a><\/p>\n<p><a href=\"https:\/\/departamentos.uleam.edu.ec\/leydetransparenciapublica\/files\/2018\/02\/LITERAL-I.pdf\">Literal i .- Procesos de contrataciones <\/a><\/p>\n<p><a href=\"https:\/\/departamentos.uleam.edu.ec\/leydetransparenciapublica\/files\/2018\/02\/literal-j.pdf\">Literal j.- Empresas y personas que han incumplido contratos\u00a0<\/a><\/p>\n<p><a href=\"https:\/\/departamentos.uleam.edu.ec\/leydetransparenciapublica\/files\/2018\/02\/Literal-k.-.pdf\">Literal k.- Planes y Programas en ejecuci\u00f3n\u00a0<\/a><\/p>\n<p><a href=\"https:\/\/departamentos.uleam.edu.ec\/leydetransparenciapublica\/files\/2018\/02\/literal-l-Contratos-cr\u00e9dito-externos-o-internos-3-copia.pdf\">Literal L.- Contratos cr\u00e9dito externos o internos<\/a><\/p>\n<p><a href=\"https:\/\/departamentos.uleam.edu.ec\/leydetransparenciapublica\/files\/2018\/02\/Literal-m.-Mecanismos-de-rendici\u00f3n-de-cuentas-a-la-ciudadan\u00eda.pdf\">Literal m.- Mecanismos de rendici\u00f3n de cuentas a la ciudadan\u00eda<\/a><\/p>\n<p><a href=\"https:\/\/departamentos.uleam.edu.ec\/leydetransparenciapublica\/files\/2018\/02\/Literal-\u2013-n-.-Vi\u00e1ticos-informes-de-trabajo-y-justificativos.pdf\">Literal \u2013 n .- Vi\u00e1ticos, informes de trabajo y justificativos<\/a><\/p>\n<p><a href=\"https:\/\/departamentos.uleam.edu.ec\/leydetransparenciapublica\/files\/2018\/02\/LITERAL-O-DICIEMBRE-2017.pdf\">Literal o.- Responsable de atender la informaci\u00f3n p\u00fablica\u00a0<\/a><\/p>\n<p>&nbsp;<\/p>\n<p>&nbsp;<\/p>\n<p>&nbsp;<\/p>\n<p>&nbsp;<\/p>\n<p>&nbsp;<\/p>\n","protected":false},"excerpt":{"rendered":"<p>Literal a1.- Organigrama de la instituci\u00f3n Lieral a2 .- Base Legal que rige la Instituci\u00f3n\u00a0 Literal-a3 Regulaciones y procedimientos internos aplicables a la Universidad\u00a0 Literal a4 .- Metas y Objetivos de las Unidades Administrativas\u00a0 literal b1) Directorio de la institucion [&hellip;]<\/p>\n","protected":false},"author":56,"featured_media":0,"parent":0,"menu_order":0,"comment_status":"closed","ping_status":"closed","template":"","meta":{"footnotes":"","_links_to":"","_links_to_target":""},"class_list":["post-3090","page","type-page","status-publish","hentry"],"_links":{"self":[{"href":"https:\/\/departamentos.uleam.edu.ec\/leydetransparenciapublica\/wp-json\/wp\/v2\/pages\/3090","targetHints":{"allow":["GET"]}}],"collection":[{"href":"https:\/\/departamentos.uleam.edu.ec\/leydetransparenciapublica\/wp-json\/wp\/v2\/pages"}],"about":[{"href":"https:\/\/departamentos.uleam.edu.ec\/leydetransparenciapublica\/wp-json\/wp\/v2\/types\/page"}],"author":[{"embeddable":true,"href":"https:\/\/departamentos.uleam.edu.ec\/leydetransparenciapublica\/wp-json\/wp\/v2\/users\/56"}],"replies":[{"embeddable":true,"href":"https:\/\/departamentos.uleam.edu.ec\/leydetransparenciapublica\/wp-json\/wp\/v2\/comments?post=3090"}],"version-history":[{"count":3,"href":"https:\/\/departamentos.uleam.edu.ec\/leydetransparenciapublica\/wp-json\/wp\/v2\/pages\/3090\/revisions"}],"predecessor-version":[{"id":3118,"href":"https:\/\/departamentos.uleam.edu.ec\/leydetransparenciapublica\/wp-json\/wp\/v2\/pages\/3090\/revisions\/3118"}],"wp:attachment":[{"href":"https:\/\/departamentos.uleam.edu.ec\/leydetransparenciapublica\/wp-json\/wp\/v2\/media?parent=3090"}],"curies":[{"name":"wp","href":"https:\/\/api.w.org\/{rel}","templated":true}]}}