{"id":9080,"date":"2024-09-05T14:48:48","date_gmt":"2024-09-05T14:48:48","guid":{"rendered":"https:\/\/departamentos.uleam.edu.ec\/leydetransparenciapublica\/?page_id=9080"},"modified":"2024-09-06T20:34:04","modified_gmt":"2024-09-06T20:34:04","slug":"rendicion-de-cuentas-2021","status":"publish","type":"page","link":"https:\/\/departamentos.uleam.edu.ec\/leydetransparenciapublica\/rendicion-de-cuentas-2021\/","title":{"rendered":"Rendici\u00f3n de Cuentas 2021"},"content":{"rendered":"\n<p><strong>FASE 0<\/strong><\/p>\n\n\n\n<p><a href=\"https:\/\/departamentos.uleam.edu.ec\/leydetransparenciapublica\/files\/2022\/04\/Acta-de-Trabajo-Proceso-de-Rendicion-de-Cuentas-1.pdf\">Acta de Trabajo-Proceso de Rendici\u00f3n de Cuentas&nbsp;<\/a><\/p>\n\n\n\n<p><a href=\"https:\/\/departamentos.uleam.edu.ec\/leydetransparenciapublica\/files\/2022\/05\/2.-Cronograma-del-proceso-de-Rendicion-de-Cuentas-ULEAM-2021.pdf\">&nbsp;Cronograma del proceso de Rendici\u00f3n de Cuentas ULEAM 2021<\/a><\/p>\n\n\n\n<p><a href=\"https:\/\/departamentos.uleam.edu.ec\/leydetransparenciapublica\/files\/2022\/04\/Aprobacion-de-Cronograma-y-designacion-del-Equipo-Tecnico-de-Rendicion-de-Cuentas-2021.pdf\">Aprobaci\u00f3n de Cronograma y designaci\u00f3n del Equipo T\u00e9cnico de Rendici\u00f3n de Cuentas 2021<\/a><\/p>\n\n\n\n<p><strong>FASE 1<\/strong><\/p>\n\n\n\n<p><a href=\"https:\/\/departamentos.uleam.edu.ec\/leydetransparenciapublica\/files\/2022\/05\/1.-Solicitud-informe-de-gestion-y-formulario-excel-periodo-2021-para-consolidar-la-informacion.pdf\">Solicitud informe de gesti\u00f3n y formulario excel periodo 2021 para consolidar la informaci\u00f3n<\/a><\/p>\n\n\n\n<p><a href=\"https:\/\/departamentos.uleam.edu.ec\/leydetransparenciapublica\/files\/2022\/05\/2.-Acta-de-Trabajo-del-Informe-y-Formularios-de-Rendicion-de-Cuentas-Uleam-2021.pdf\">Acta de Trabajo del Informe y Formularios de Rendici\u00f3n de Cuentas Uleam 2021<\/a><\/p>\n\n\n\n<p><a href=\"https:\/\/departamentos.uleam.edu.ec\/leydetransparenciapublica\/files\/2022\/05\/3.-Acta-de-trabajo-Aprobacion-Informe-y-Formularios-preliminar-Rendicion-de-Cuentas-Uleam-2021.pdf\">&nbsp;Acta de trabajo Aprobaci\u00f3n Informe y Formularios preliminar Rendici\u00f3n de Cuentas Uleam 2021<\/a><\/p>\n\n\n\n<p><a href=\"https:\/\/departamentos.uleam.edu.ec\/leydetransparenciapublica\/files\/2022\/05\/4.-Envio-de-Informe-y-Formularios-preliminar-de-Rendicion-de-Cuentas-Uleam-2021.pdf\">Env\u00edo de Informe y Formularios preliminar de Rendici\u00f3n de Cuentas Uleam 2021<\/a><\/p>\n\n\n\n<p><a href=\"https:\/\/departamentos.uleam.edu.ec\/leydetransparenciapublica\/files\/2022\/05\/5.-Acta-de-trabajo-Aprobacion-Informe-y-Formularios-Finales-Rendicion-de-Cuentas-Uleam-2021.pdf\">Acta de trabajo Aprobaci\u00f3n Informe y Formularios Finales Rendici\u00f3n de Cuentas Uleam 2021<\/a><\/p>\n\n\n\n<p><a href=\"https:\/\/departamentos.uleam.edu.ec\/leydetransparenciapublica\/files\/2022\/05\/6.-Informe-de-Rendicion-de-Cuentas-ULEAM-2021.pdf\">&nbsp;Informe de Rendici\u00f3n de Cuentas ULEAM 2021<\/a><\/p>\n\n\n\n<p><strong>FASE 2&nbsp;<\/strong><\/p>\n\n\n\n<p>Invitaci\u00f3n&nbsp;<\/p>\n\n\n\n<figure class=\"wp-block-image\"><a href=\"https:\/\/departamentos.uleam.edu.ec\/leydetransparenciapublica\/files\/2022\/03\/INVITACION-RS-CON-ENLACE-ZOOM.png\"><img decoding=\"async\" src=\"https:\/\/departamentos.uleam.edu.ec\/leydetransparenciapublica\/files\/2022\/03\/INVITACION-RS-CON-ENLACE-ZOOM-300x300.png\" alt=\"\"\/><\/a><\/figure>\n\n\n\n<p><a href=\"https:\/\/departamentos.uleam.edu.ec\/leydetransparenciapublica\/files\/2022\/03\/Diapositivas-del-informe-de-Rendicion-de-cuentas-2021.pptx\">Diapositivas del informe de Rendici\u00f3n de cuentas 2021<\/a><\/p>\n\n\n\n<p><a href=\"https:\/\/www.facebook.com\/watch\/live\/?extid=CL-UNK-UNK-UNK-AN_GK0T-GK1C&amp;ref=watch_permalink&amp;v=3198707913697276\">Trasmisi\u00f3n en vivo en la p\u00e1gina de Facebook live Uleam Ecuador&nbsp;<\/a><\/p>\n\n\n\n<figure class=\"wp-block-embed is-type-video is-provider-youtube wp-block-embed-youtube wp-embed-aspect-16-9 wp-has-aspect-ratio\"><div class=\"wp-block-embed__wrapper\">\n<iframe title=\"AUDIENCIA P\u00daBLICA DE RENDICI\u00d3N DE CUENTAS 2021\" width=\"500\" height=\"281\" src=\"https:\/\/www.youtube.com\/embed\/Xw7dmrg-rYk?feature=oembed\" frameborder=\"0\" allow=\"accelerometer; autoplay; clipboard-write; encrypted-media; gyroscope; picture-in-picture; web-share\" referrerpolicy=\"strict-origin-when-cross-origin\" allowfullscreen><\/iframe>\n<\/div><\/figure>\n\n\n\n<p><a href=\"https:\/\/www.youtube.com\/watch?v=Xw7dmrg-rYk\">Evento en el canal de You Tube&nbsp;&nbsp;<\/a><\/p>\n\n\n\n<figure class=\"wp-block-embed is-type-video is-provider-youtube wp-block-embed-youtube wp-embed-aspect-16-9 wp-has-aspect-ratio\"><div class=\"wp-block-embed__wrapper\">\n<iframe title=\"Intervenci\u00f3n del Se\u00f1or Rector en la Audiencia p\u00fablica de rendici\u00f3n de cuentas 2021\" width=\"500\" height=\"281\" src=\"https:\/\/www.youtube.com\/embed\/k_Vw5pxpTOM?feature=oembed\" frameborder=\"0\" allow=\"accelerometer; autoplay; clipboard-write; encrypted-media; gyroscope; picture-in-picture; web-share\" referrerpolicy=\"strict-origin-when-cross-origin\" allowfullscreen><\/iframe>\n<\/div><\/figure>\n\n\n\n<p><a href=\"https:\/\/www.youtube.com\/watch?v=k_Vw5pxpTOM\">Video completo de la presentaci\u00f3n del Informe de rendici\u00f3n de cuentas 2021 por el Dr. Marcos Zambrano&nbsp;<\/a><\/p>\n\n\n\n<figure class=\"wp-block-embed is-type-video is-provider-youtube wp-block-embed-youtube wp-embed-aspect-16-9 wp-has-aspect-ratio\"><div class=\"wp-block-embed__wrapper\">\n<iframe title=\"Detalles del evento de rendici\u00f3n de cuenta 2021\" width=\"500\" height=\"281\" src=\"https:\/\/www.youtube.com\/embed\/EpQeKYyiwl0?feature=oembed\" frameborder=\"0\" allow=\"accelerometer; autoplay; clipboard-write; encrypted-media; gyroscope; picture-in-picture; web-share\" referrerpolicy=\"strict-origin-when-cross-origin\" allowfullscreen><\/iframe>\n<\/div><\/figure>\n\n\n\n<p><a href=\"https:\/\/www.youtube.com\/watch?v=EpQeKYyiwl0\">S\u00edntesis del Informe de Rendici\u00f3n de cuentas 2021&nbsp;<\/a><\/p>\n\n\n\n<figure class=\"wp-block-embed is-type-video is-provider-youtube wp-block-embed-youtube wp-embed-aspect-16-9 wp-has-aspect-ratio\"><div class=\"wp-block-embed__wrapper\">\n<iframe title=\"Aportes ciudadanos en la rendici\u00f3n de cuentas del 2021\" width=\"500\" height=\"281\" src=\"https:\/\/www.youtube.com\/embed\/mnw8c34ERQs?feature=oembed\" frameborder=\"0\" allow=\"accelerometer; autoplay; clipboard-write; encrypted-media; gyroscope; picture-in-picture; web-share\" referrerpolicy=\"strict-origin-when-cross-origin\" allowfullscreen><\/iframe>\n<\/div><\/figure>\n\n\n\n<p><a href=\"https:\/\/www.youtube.com\/watch?v=mnw8c34ERQs\">Aportes ciudadanos a la Rendici\u00f3n de cuentas 2021<\/a><\/p>\n\n\n\n<p><a href=\"https:\/\/departamentos.uleam.edu.ec\/leydetransparenciapublica\/files\/2024\/09\/Acta-de-asistencia-Rendicion-de-Cuentas-2021-y-Aportes-ciudadanos.pdf\">Acta de asistencia Rendici\u00f3n de Cuentas 2021 y Aportes ciudadanos<\/a><\/p>\n\n\n\n<p><a href=\"https:\/\/departamentos.uleam.edu.ec\/leydetransparenciapublica\/files\/2022\/03\/Informe-de-piezas-graficas-de-la-rendicion-de-cuentas-2021.pdf\">Informe de piezas gr\u00e1ficas de la rendici\u00f3n de cuentas 2021<\/a><\/p>\n\n\n\n<p><a href=\"https:\/\/departamentos.uleam.edu.ec\/leydetransparenciapublica\/files\/2022\/03\/Informe-de-la-gestion-comunicacional-en-la-Rendicion-de-cuentas-2021-1.pdf\">Informe de la gesti\u00f3n comunicacional en la Rendici\u00f3n de cuentas 2021<\/a><\/p>\n\n\n\n<p><a href=\"https:\/\/departamentos.uleam.edu.ec\/leydetransparenciapublica\/files\/2022\/04\/ACTA-ASISTENCIA.pdf\">ACTA ASISTENCIA<\/a><\/p>\n\n\n\n<p><a href=\"https:\/\/departamentos.uleam.edu.ec\/leydetransparenciapublica\/files\/2022\/04\/Aportes-ciudadanos-Rendicion-de-Cuentas-2021.pdf\">Aportes ciudadanos Rendici\u00f3n de Cuentas 2021<\/a><\/p>\n\n\n\n<p><strong>Galer\u00eda de fotos de la Audiencia P\u00fablica de&nbsp; Rendici\u00f3n de cuentas Uleam 2021<\/strong><\/p>\n\n\n\n<figure class=\"wp-block-image\"><a href=\"https:\/\/departamentos.uleam.edu.ec\/leydetransparenciapublica\/files\/2022\/03\/bdc6c2a5-ea3b-4e9e-8d2a-b116144fe5c8.jpg\"><img decoding=\"async\" src=\"https:\/\/departamentos.uleam.edu.ec\/leydetransparenciapublica\/files\/2022\/03\/bdc6c2a5-ea3b-4e9e-8d2a-b116144fe5c8-300x200.jpg\" alt=\"\"\/><\/a><\/figure>\n\n\n\n<figure class=\"wp-block-image\"><a href=\"https:\/\/departamentos.uleam.edu.ec\/leydetransparenciapublica\/files\/2022\/03\/e8ee2c48-ad98-4b27-b0ae-bf2f7a52ae63.jpg\"><img decoding=\"async\" src=\"https:\/\/departamentos.uleam.edu.ec\/leydetransparenciapublica\/files\/2022\/03\/e8ee2c48-ad98-4b27-b0ae-bf2f7a52ae63-300x200.jpg\" alt=\"\"\/><\/a><\/figure>\n\n\n\n<figure class=\"wp-block-image\"><a href=\"https:\/\/departamentos.uleam.edu.ec\/leydetransparenciapublica\/files\/2022\/03\/2f5d7a66-c7d5-47b8-85d0-67368b07d398.jpg\"><img decoding=\"async\" src=\"https:\/\/departamentos.uleam.edu.ec\/leydetransparenciapublica\/files\/2022\/03\/2f5d7a66-c7d5-47b8-85d0-67368b07d398-300x200.jpg\" alt=\"\"\/><\/a><\/figure>\n\n\n\n<figure class=\"wp-block-image\"><a href=\"https:\/\/departamentos.uleam.edu.ec\/leydetransparenciapublica\/files\/2022\/03\/2f8a803b-8432-4514-b5a7-406299a3e5d0.jpg\"><img decoding=\"async\" src=\"https:\/\/departamentos.uleam.edu.ec\/leydetransparenciapublica\/files\/2022\/03\/2f8a803b-8432-4514-b5a7-406299a3e5d0-300x200.jpg\" alt=\"\"\/><\/a><\/figure>\n\n\n\n<figure class=\"wp-block-image\"><a href=\"https:\/\/departamentos.uleam.edu.ec\/leydetransparenciapublica\/files\/2022\/03\/3a3c2998-debc-4c88-9c2b-346cbde87699.jpg\"><img decoding=\"async\" src=\"https:\/\/departamentos.uleam.edu.ec\/leydetransparenciapublica\/files\/2022\/03\/3a3c2998-debc-4c88-9c2b-346cbde87699-300x200.jpg\" alt=\"\"\/><\/a><\/figure>\n\n\n\n<figure class=\"wp-block-image\"><a href=\"https:\/\/departamentos.uleam.edu.ec\/leydetransparenciapublica\/files\/2022\/03\/c3366f64-2d35-4806-8f17-e0734a72a419.jpg\"><img decoding=\"async\" src=\"https:\/\/departamentos.uleam.edu.ec\/leydetransparenciapublica\/files\/2022\/03\/c3366f64-2d35-4806-8f17-e0734a72a419-300x200.jpg\" alt=\"\"\/><\/a><\/figure>\n\n\n\n<figure class=\"wp-block-image\"><a href=\"https:\/\/departamentos.uleam.edu.ec\/leydetransparenciapublica\/files\/2022\/03\/3950ecb8-7998-4cae-89aa-3ba2c374290d.jpg\"><img decoding=\"async\" src=\"https:\/\/departamentos.uleam.edu.ec\/leydetransparenciapublica\/files\/2022\/03\/3950ecb8-7998-4cae-89aa-3ba2c374290d-300x200.jpg\" alt=\"\"\/><\/a><\/figure>\n\n\n\n<figure class=\"wp-block-image\"><a href=\"https:\/\/departamentos.uleam.edu.ec\/leydetransparenciapublica\/files\/2022\/03\/3fdc4f7a-03bd-4ede-bbcb-24299aaa69c3.jpg\"><img decoding=\"async\" src=\"https:\/\/departamentos.uleam.edu.ec\/leydetransparenciapublica\/files\/2022\/03\/3fdc4f7a-03bd-4ede-bbcb-24299aaa69c3-300x200.jpg\" alt=\"\"\/><\/a><\/figure>\n\n\n\n<figure class=\"wp-block-image\"><a href=\"https:\/\/departamentos.uleam.edu.ec\/leydetransparenciapublica\/files\/2022\/03\/6c0de2e6-b8f1-4f2f-9d19-62b3f799c6a7.jpg\"><img decoding=\"async\" src=\"https:\/\/departamentos.uleam.edu.ec\/leydetransparenciapublica\/files\/2022\/03\/6c0de2e6-b8f1-4f2f-9d19-62b3f799c6a7-300x200.jpg\" alt=\"\"\/><\/a><\/figure>\n\n\n\n<figure class=\"wp-block-image\"><a href=\"https:\/\/departamentos.uleam.edu.ec\/leydetransparenciapublica\/files\/2022\/03\/33c33259-b9cf-405e-b73e-040776aaaf6d.jpg\"><img decoding=\"async\" src=\"https:\/\/departamentos.uleam.edu.ec\/leydetransparenciapublica\/files\/2022\/03\/33c33259-b9cf-405e-b73e-040776aaaf6d-300x200.jpg\" alt=\"\"\/><\/a><\/figure>\n\n\n\n<figure class=\"wp-block-image\"><a href=\"https:\/\/departamentos.uleam.edu.ec\/leydetransparenciapublica\/files\/2022\/03\/342dee21-c321-4226-b2ea-d997eadf7b86.jpg\"><img decoding=\"async\" src=\"https:\/\/departamentos.uleam.edu.ec\/leydetransparenciapublica\/files\/2022\/03\/342dee21-c321-4226-b2ea-d997eadf7b86-300x200.jpg\" alt=\"\"\/><\/a><\/figure>\n\n\n\n<figure class=\"wp-block-image\"><a href=\"https:\/\/departamentos.uleam.edu.ec\/leydetransparenciapublica\/files\/2022\/03\/3950ecb8-7998-4cae-89aa-3ba2c374290d.jpg\"><img decoding=\"async\" src=\"https:\/\/departamentos.uleam.edu.ec\/leydetransparenciapublica\/files\/2022\/03\/3950ecb8-7998-4cae-89aa-3ba2c374290d-300x200.jpg\" alt=\"\"\/><\/a><\/figure>\n\n\n\n<figure class=\"wp-block-image\"><a href=\"https:\/\/departamentos.uleam.edu.ec\/leydetransparenciapublica\/files\/2022\/03\/42334177-6f94-414e-b54e-f0443cb5f7de.jpg\"><img decoding=\"async\" src=\"https:\/\/departamentos.uleam.edu.ec\/leydetransparenciapublica\/files\/2022\/03\/42334177-6f94-414e-b54e-f0443cb5f7de-300x200.jpg\" alt=\"\"\/><\/a><\/figure>\n\n\n\n<figure class=\"wp-block-image\"><a href=\"https:\/\/departamentos.uleam.edu.ec\/leydetransparenciapublica\/files\/2022\/03\/51342732-0e9e-43ea-b3d8-094bf3e2cbeb.jpg\"><img decoding=\"async\" src=\"https:\/\/departamentos.uleam.edu.ec\/leydetransparenciapublica\/files\/2022\/03\/51342732-0e9e-43ea-b3d8-094bf3e2cbeb-300x200.jpg\" alt=\"\"\/><\/a><\/figure>\n\n\n\n<figure class=\"wp-block-image\"><a href=\"https:\/\/departamentos.uleam.edu.ec\/leydetransparenciapublica\/files\/2022\/03\/a26a3aca-7d77-450c-b0ec-8c1934bfced2.jpg\"><img decoding=\"async\" src=\"https:\/\/departamentos.uleam.edu.ec\/leydetransparenciapublica\/files\/2022\/03\/a26a3aca-7d77-450c-b0ec-8c1934bfced2-300x200.jpg\" alt=\"\"\/><\/a><\/figure>\n\n\n\n<figure class=\"wp-block-image\"><a href=\"https:\/\/departamentos.uleam.edu.ec\/leydetransparenciapublica\/files\/2022\/03\/7d1196a5-4feb-4452-b833-059a47140310.jpg\"><img decoding=\"async\" src=\"https:\/\/departamentos.uleam.edu.ec\/leydetransparenciapublica\/files\/2022\/03\/7d1196a5-4feb-4452-b833-059a47140310-200x300.jpg\" alt=\"\"\/><\/a><\/figure>\n\n\n\n<figure class=\"wp-block-image\"><a href=\"https:\/\/departamentos.uleam.edu.ec\/leydetransparenciapublica\/files\/2022\/03\/bdcefa7b-e9b2-4d57-bb32-8783261a3927.jpg\"><img decoding=\"async\" src=\"https:\/\/departamentos.uleam.edu.ec\/leydetransparenciapublica\/files\/2022\/03\/bdcefa7b-e9b2-4d57-bb32-8783261a3927-200x300.jpg\" alt=\"\"\/><\/a><\/figure>\n\n\n\n<figure class=\"wp-block-image\"><a href=\"https:\/\/departamentos.uleam.edu.ec\/leydetransparenciapublica\/files\/2022\/03\/c2fd71e6-af5a-4fe9-91e4-438386001bbc.jpg\"><img decoding=\"async\" src=\"https:\/\/departamentos.uleam.edu.ec\/leydetransparenciapublica\/files\/2022\/03\/c2fd71e6-af5a-4fe9-91e4-438386001bbc-300x200.jpg\" alt=\"\"\/><\/a><\/figure>\n\n\n\n<figure class=\"wp-block-image\"><a href=\"https:\/\/departamentos.uleam.edu.ec\/leydetransparenciapublica\/files\/2022\/03\/dircii.jpg\"><img decoding=\"async\" src=\"https:\/\/departamentos.uleam.edu.ec\/leydetransparenciapublica\/files\/2022\/03\/dircii-300x200.jpg\" alt=\"\"\/><\/a><\/figure>\n\n\n\n<p><strong>FASE 3&nbsp;<\/strong><\/p>\n\n\n\n<p><a href=\"https:\/\/departamentos.uleam.edu.ec\/leydetransparenciapublica\/files\/2022\/05\/1.-Formularios-CPCCS-Rendicion-de-Cuentas-Uleam-2021.pdf\">1.- Formularios CPCCS Rendici\u00f3n de Cuentas Uleam 2021<\/a><\/p>\n\n\n\n<p><a href=\"https:\/\/departamentos.uleam.edu.ec\/leydetransparenciapublica\/files\/2022\/05\/2.-Informe-finalizado-en-el-Sistema-Nacional-de-Rendicion-de-Cuentas.pdf\">2.- Informe finalizado en el Sistema Nacional de Rendici\u00f3n de Cuentas<\/a><\/p>\n","protected":false},"excerpt":{"rendered":"<p>FASE 0 Acta de Trabajo-Proceso de Rendici\u00f3n de Cuentas&nbsp; &nbsp;Cronograma del proceso de Rendici\u00f3n de Cuentas ULEAM 2021 Aprobaci\u00f3n de Cronograma y designaci\u00f3n del Equipo T\u00e9cnico de Rendici\u00f3n de Cuentas 2021 FASE 1 Solicitud informe de gesti\u00f3n y formulario excel [&hellip;]<\/p>\n","protected":false},"author":47,"featured_media":0,"parent":0,"menu_order":0,"comment_status":"closed","ping_status":"closed","template":"","meta":{"footnotes":"","_links_to":"","_links_to_target":""},"class_list":["post-9080","page","type-page","status-publish","hentry"],"_links":{"self":[{"href":"https:\/\/departamentos.uleam.edu.ec\/leydetransparenciapublica\/wp-json\/wp\/v2\/pages\/9080","targetHints":{"allow":["GET"]}}],"collection":[{"href":"https:\/\/departamentos.uleam.edu.ec\/leydetransparenciapublica\/wp-json\/wp\/v2\/pages"}],"about":[{"href":"https:\/\/departamentos.uleam.edu.ec\/leydetransparenciapublica\/wp-json\/wp\/v2\/types\/page"}],"author":[{"embeddable":true,"href":"https:\/\/departamentos.uleam.edu.ec\/leydetransparenciapublica\/wp-json\/wp\/v2\/users\/47"}],"replies":[{"embeddable":true,"href":"https:\/\/departamentos.uleam.edu.ec\/leydetransparenciapublica\/wp-json\/wp\/v2\/comments?post=9080"}],"version-history":[{"count":6,"href":"https:\/\/departamentos.uleam.edu.ec\/leydetransparenciapublica\/wp-json\/wp\/v2\/pages\/9080\/revisions"}],"predecessor-version":[{"id":9122,"href":"https:\/\/departamentos.uleam.edu.ec\/leydetransparenciapublica\/wp-json\/wp\/v2\/pages\/9080\/revisions\/9122"}],"wp:attachment":[{"href":"https:\/\/departamentos.uleam.edu.ec\/leydetransparenciapublica\/wp-json\/wp\/v2\/media?parent=9080"}],"curies":[{"name":"wp","href":"https:\/\/api.w.org\/{rel}","templated":true}]}}