{"id":194,"date":"2019-02-13T15:42:37","date_gmt":"2019-02-13T15:42:37","guid":{"rendered":"http:\/\/departamentos.uleam.edu.ec\/procuraduria\/?page_id=194"},"modified":"2019-06-10T19:02:11","modified_gmt":"2019-06-10T19:02:11","slug":"rendicion-de-cuentas","status":"publish","type":"page","link":"https:\/\/departamentos.uleam.edu.ec\/procuraduria\/rendicion-de-cuentas\/","title":{"rendered":"Rendici\u00f3n de cuentas"},"content":{"rendered":"<p><span style=\"color: #000000\"><a style=\"color: #000000\" href=\"https:\/\/departamentos.uleam.edu.ec\/procuraduria\/files\/2019\/05\/Presentaci\u00f3n-RENDICI\u00d3N-CUENTAS-PROCURADUR\u00cdA-2017.pdf\">Rendici\u00f3n de cuentas Procuradur\u00eda\u00a0 2017<\/a><\/span><\/p>\n<p><span style=\"color: #000000\"><a style=\"color: #000000\" href=\"https:\/\/departamentos.uleam.edu.ec\/procuraduria\/files\/2019\/06\/Rendici\u00f3n-de-Procuradur\u00eda-2018.docx\">Rendici\u00f3n de cuentas Procuradur\u00eda 2018<\/a><\/span><\/p>\n","protected":false},"excerpt":{"rendered":"<p>Rendici\u00f3n de cuentas Procuradur\u00eda\u00a0 2017 Rendici\u00f3n de cuentas Procuradur\u00eda 2018<\/p>\n","protected":false},"author":56,"featured_media":0,"parent":0,"menu_order":0,"comment_status":"closed","ping_status":"closed","template":"","meta":{"footnotes":"","_links_to":"","_links_to_target":""},"class_list":["post-194","page","type-page","status-publish","hentry"],"_links":{"self":[{"href":"https:\/\/departamentos.uleam.edu.ec\/procuraduria\/wp-json\/wp\/v2\/pages\/194","targetHints":{"allow":["GET"]}}],"collection":[{"href":"https:\/\/departamentos.uleam.edu.ec\/procuraduria\/wp-json\/wp\/v2\/pages"}],"about":[{"href":"https:\/\/departamentos.uleam.edu.ec\/procuraduria\/wp-json\/wp\/v2\/types\/page"}],"author":[{"embeddable":true,"href":"https:\/\/departamentos.uleam.edu.ec\/procuraduria\/wp-json\/wp\/v2\/users\/56"}],"replies":[{"embeddable":true,"href":"https:\/\/departamentos.uleam.edu.ec\/procuraduria\/wp-json\/wp\/v2\/comments?post=194"}],"version-history":[{"count":5,"href":"https:\/\/departamentos.uleam.edu.ec\/procuraduria\/wp-json\/wp\/v2\/pages\/194\/revisions"}],"predecessor-version":[{"id":420,"href":"https:\/\/departamentos.uleam.edu.ec\/procuraduria\/wp-json\/wp\/v2\/pages\/194\/revisions\/420"}],"wp:attachment":[{"href":"https:\/\/departamentos.uleam.edu.ec\/procuraduria\/wp-json\/wp\/v2\/media?parent=194"}],"curies":[{"name":"wp","href":"https:\/\/api.w.org\/{rel}","templated":true}]}}