{"id":34,"date":"2017-08-30T20:13:15","date_gmt":"2017-08-30T20:13:15","guid":{"rendered":"http:\/\/departamentos.uleam.edu.ec\/procuraduria\/?page_id=34"},"modified":"2019-08-02T14:03:18","modified_gmt":"2019-08-02T14:03:18","slug":"mision-y-vision","status":"publish","type":"page","link":"https:\/\/departamentos.uleam.edu.ec\/procuraduria\/mision-y-vision\/","title":{"rendered":"Misi\u00f3n y Visi\u00f3n"},"content":{"rendered":"<h4 style=\"text-align: center\"><span style=\"color: #000000\">Misi\u00f3n y Visi\u00f3n de la Direcci\u00f3n de Procuradur\u00eda\u00a0<\/span><\/h4>\n<p><span style=\"color: #000000\"><strong>Misi\u00f3n:\u00a0<\/strong><\/span><br \/>\n<span style=\"color: #000000\"> Ejercer la defensa t\u00e9cnica legal tanto judicial y extrajudicialmente de la Universidad Laica \u201cEloy Alfaro\u201d de Manab\u00ed.<\/span><\/p>\n<p style=\"text-align: justify\"><span style=\"color: #000000\"><strong>Visi\u00f3n:\u00a0<\/strong><\/span><br \/>\n<span style=\"color: #000000\"> Consolidar la eficacia de la Direcci\u00f3n de Procuradur\u00eda, a trav\u00e9s de la precautelaci\u00f3n de la seguridad jur\u00eddica, con informaci\u00f3n y asesoramiento oportuno, con calidad y calidez, informaci\u00f3n confiable y transparente a la Comunidad Universitaria.<\/span><\/p>\n","protected":false},"excerpt":{"rendered":"<p>Misi\u00f3n y Visi\u00f3n de la Direcci\u00f3n de Procuradur\u00eda\u00a0 Misi\u00f3n:\u00a0 Ejercer la defensa t\u00e9cnica legal tanto judicial y extrajudicialmente de la Universidad Laica \u201cEloy Alfaro\u201d de Manab\u00ed. Visi\u00f3n:\u00a0 Consolidar la eficacia de la Direcci\u00f3n de Procuradur\u00eda, a trav\u00e9s de la precautelaci\u00f3n [&hellip;]<\/p>\n","protected":false},"author":56,"featured_media":0,"parent":0,"menu_order":0,"comment_status":"closed","ping_status":"closed","template":"","meta":{"footnotes":"","_links_to":"","_links_to_target":""},"class_list":["post-34","page","type-page","status-publish","hentry"],"_links":{"self":[{"href":"https:\/\/departamentos.uleam.edu.ec\/procuraduria\/wp-json\/wp\/v2\/pages\/34","targetHints":{"allow":["GET"]}}],"collection":[{"href":"https:\/\/departamentos.uleam.edu.ec\/procuraduria\/wp-json\/wp\/v2\/pages"}],"about":[{"href":"https:\/\/departamentos.uleam.edu.ec\/procuraduria\/wp-json\/wp\/v2\/types\/page"}],"author":[{"embeddable":true,"href":"https:\/\/departamentos.uleam.edu.ec\/procuraduria\/wp-json\/wp\/v2\/users\/56"}],"replies":[{"embeddable":true,"href":"https:\/\/departamentos.uleam.edu.ec\/procuraduria\/wp-json\/wp\/v2\/comments?post=34"}],"version-history":[{"count":6,"href":"https:\/\/departamentos.uleam.edu.ec\/procuraduria\/wp-json\/wp\/v2\/pages\/34\/revisions"}],"predecessor-version":[{"id":483,"href":"https:\/\/departamentos.uleam.edu.ec\/procuraduria\/wp-json\/wp\/v2\/pages\/34\/revisions\/483"}],"wp:attachment":[{"href":"https:\/\/departamentos.uleam.edu.ec\/procuraduria\/wp-json\/wp\/v2\/media?parent=34"}],"curies":[{"name":"wp","href":"https:\/\/api.w.org\/{rel}","templated":true}]}}