{"id":611,"date":"2020-01-22T21:04:08","date_gmt":"2020-01-22T21:04:08","guid":{"rendered":"http:\/\/departamentos.uleam.edu.ec\/procuraduria\/?page_id=611"},"modified":"2021-03-30T14:04:13","modified_gmt":"2021-03-30T14:04:13","slug":"convenios-2020","status":"publish","type":"page","link":"https:\/\/departamentos.uleam.edu.ec\/procuraduria\/convenios-2020\/","title":{"rendered":"Convenios 2020"},"content":{"rendered":"\n<p><\/p>\n\n\n<p><strong>ADENDUM<\/strong><\/p>\n<p><span style=\"color: #000000\"><a style=\"color: #000000\" href=\"https:\/\/departamentos.uleam.edu.ec\/procuraduria\/files\/2020\/02\/Adendum-Uleam-y-UEES.pdf\">Adendum Uleam y UEES<\/a><\/span><\/p>\n<p><strong data-rich-text-format-boundary=\"true\">CONVENIOS MARCOS<\/strong><\/p>\n<p><span style=\"color: #000000\"><a style=\"color: #000000\" href=\"https:\/\/departamentos.uleam.edu.ec\/procuraduria\/files\/2020\/01\/ULEAM-Y-GAD-MONTECRISTI.pdf\">Uleam y Gad Montecristi<\/a><\/span><\/p>\n<p><span style=\"color: #000000\"><a style=\"color: #000000\" href=\"https:\/\/departamentos.uleam.edu.ec\/procuraduria\/files\/2020\/02\/Uleam-y-Comuna-bajo-de-afuera-del-Cant\u00f3n-Montecristi.pdf\">Uleam y Comuna bajo de afuera del Cant\u00f3n Montecristi<\/a><\/span><\/p>\n<p><span style=\"color: #000000\"><a style=\"color: #000000\" href=\"https:\/\/departamentos.uleam.edu.ec\/procuraduria\/files\/2020\/12\/ASAMBLEA-NACIONAL-Y-ULEAM.pdf\">Asamblea Nacional y Uleam<\/a><\/span><\/p>\n<p><span style=\"color: #000000\"><a style=\"color: #000000\" href=\"https:\/\/departamentos.uleam.edu.ec\/procuraduria\/files\/2020\/12\/INDTEC-CA-Y-ULEAM-1.pdf\">Indtec C.A\u00a0 y\u00a0 Uleam-1<\/a><\/span><\/p>\n<p><span style=\"color: #000000\"><a style=\"color: #000000\" href=\"https:\/\/departamentos.uleam.edu.ec\/procuraduria\/files\/2021\/03\/ULEAM-Y-FEDERACIONSECTORIAL-DE-BARRIOS-PARROQUIA-TARQUI.pdf\">Uleam y Federaci\u00f3n Sectorial de Barrios de la Parroquia Tarqui cant\u00f3n Manta provincia de Manab\u00ed<\/a><\/span><\/p>\n<p><span style=\"color: #000000\"><a style=\"color: #000000\" href=\"https:\/\/departamentos.uleam.edu.ec\/procuraduria\/files\/2021\/03\/ULEAM-Y-SOUTH-AMERICA-GOWRH-PROJECT-FOUNDATION.pdf\">Uleam y South Am\u00e9rica Gowth Project Foundation para la comunidad de Liguiqui perteneciente a la Parroquia San Lorenzo del cant\u00f3n Manta provincia de Manab\u00ed<\/a><\/span><\/p>\n<p><strong>CONVENIOS ESPEC\u00cdFICOS<\/strong><\/p>\n<p><span style=\"color: #000000\"><a style=\"color: #000000\" href=\"https:\/\/departamentos.uleam.edu.ec\/procuraduria\/files\/2020\/02\/Uleam-y-Cofarve..pdf\">Uleam y Cofarve.<\/a> <\/span><\/p>\n<p><span style=\"color: #000000\"><a style=\"color: #000000\" href=\"https:\/\/departamentos.uleam.edu.ec\/procuraduria\/files\/2020\/02\/Uleam-y-Distribuidora-Miraflores..pdf\">Uleam y Distribuidora Miraflores.<\/a><\/span><\/p>\n<p><a href=\"https:\/\/departamentos.uleam.edu.ec\/procuraduria\/files\/2020\/12\/FUNDACION-RESCATE-ANIMAL-CALLEJERITOS-Y-ULEAM.pdf\"><span style=\"color: #000000\">Fundaci\u00f3n Rescate Animal Callejeritos y Uleam<\/span><\/a><\/p>\n<p><span style=\"color: #000000\"><a style=\"color: #000000\" href=\"https:\/\/departamentos.uleam.edu.ec\/procuraduria\/files\/2020\/12\/GAD-MONTECRISTI-Y-ULEAM.pdf\">Gad Montecristi y Uleam<\/a><\/span><\/p>\n<p><span style=\"color: #000000\"><a style=\"color: #000000\" href=\"https:\/\/departamentos.uleam.edu.ec\/procuraduria\/files\/2020\/12\/MIES-Y-ULEAM.pdf\">Mies y Uleam<\/a><\/span><\/p>\n<p><strong>Convenios de Cooperaci\u00f3n\u00a0<\/strong><\/p>\n<p><a href=\"https:\/\/departamentos.uleam.edu.ec\/procuraduria\/files\/2020\/12\/ASORBAEX-Y-ULEAM.pdf\"><span style=\"color: #000000\">Asorbaex y\u00a0 Uleam<\/span><\/a><\/p>\n<p><span style=\"color: #000000\"><a style=\"color: #000000\" href=\"https:\/\/departamentos.uleam.edu.ec\/procuraduria\/files\/2020\/12\/GAD-SANTO-DOMINGO-Y-ULEAM.pdf\">Gad Santo Domingo y Uleam<\/a><\/span><\/p>\n<p><span style=\"color: #000000\"><a style=\"color: #000000\" href=\"https:\/\/departamentos.uleam.edu.ec\/procuraduria\/files\/2020\/12\/INDUATUN-Y-ULEAM.pdf\">Induatun y Uleam<\/a><\/span><\/p>\n<p><span style=\"color: #000000\"><a style=\"color: #000000\" href=\"https:\/\/departamentos.uleam.edu.ec\/procuraduria\/files\/2020\/12\/ULEAM-Y-FUEGOS.pdf\">Uleam y Fuegos<\/a><\/span><\/p>\n<p><span style=\"color: #000000\"><a style=\"color: #000000\" href=\"https:\/\/departamentos.uleam.edu.ec\/procuraduria\/files\/2020\/12\/ULEAM-Y-MIDUVI.pdf\">Uleam y Miduvi<\/a><\/span><\/p>\n<p><span style=\"color: #000000\"><a style=\"color: #000000\" href=\"https:\/\/departamentos.uleam.edu.ec\/procuraduria\/files\/2020\/12\/VALLE-DEL-CAUCA-COLOMBIA-Y-ULEAM.pdf\">Valle Del Cauca Colombia y Uleam<\/a><\/span><\/p>\n<p><b>CONVENIO COOPERACI\u00d3N INTERINSTITUCIONAL<\/b><\/p>\n<p style=\"text-align: left\"><span style=\"color: #000000\"><a style=\"color: #000000\" href=\"https:\/\/departamentos.uleam.edu.ec\/procuraduria\/files\/2021\/03\/ULEAM-Y-MINISTERIO-EDUCACION-COORD.-ZONAL-4.pdf\">Uleam y Ministerio de Educaci\u00f3n Coordinaci\u00f3n Zonal 4 para ejecuci\u00f3n de procesos de pr\u00e1cticas Pre-profesionales, Pasant\u00edas, Investigaci\u00f3n, Innovaci\u00f3n, y Vinculaci\u00f3n de estudiantes de Educaci\u00f3n Superior con Unidades Educativas del Sistema Fiscales y Fiscomisionales de Manab\u00ed.<\/a><\/span><\/p>\n<div class=\"_2vreQC5gkI3XCcLRq638aT\">\n<div class=\"_30xWjUPGZhpuRi35EVSJLL _2dudd1Co_AQo__3Mg48CAr\">\n<div class=\"_1rGA5291Yki5ZAtnlCWE_6\">\n<div class=\"_1RXgKvT5uZsOz60ou2Py5p\">\n<div class=\"nd61WdEGM_AYd1pkT3C0- allowTextSelection\" title=\"ACTAS ENTREGA RECEPCI\u00d3N-COMODATOS\" role=\"heading\"><strong><span class=\"ITWTqi_23IoOPmK3O6ErT\">ACTAS ENTREGA RECPCI\u00d3N -COMODATOS<\/span><\/strong><\/div>\n<div title=\"ACTAS ENTREGA RECEPCI\u00d3N-COMODATOS\" role=\"heading\">\n<p><a href=\"https:\/\/departamentos.uleam.edu.ec\/procuraduria\/files\/2020\/12\/COMODATO-INSTALACIONES-POLICLINICO-ULEAM-Y-MP-MINISTR-1.pdf\"><span style=\"color: #000000\">Comodato Instalaciones Policl\u00ednico Uleam y MP Ministr-1<\/span><\/a><\/p>\n<p><span style=\"color: #000000\"><a style=\"color: #000000\" href=\"https:\/\/departamentos.uleam.edu.ec\/procuraduria\/files\/2020\/12\/COMODATO-TERRENO-CHONE-1.pdf\">Comodato Terreno Chone-1<\/a><\/span><\/p>\n<p><span style=\"color: #000000\"><a style=\"color: #000000\" href=\"https:\/\/departamentos.uleam.edu.ec\/procuraduria\/files\/2020\/12\/EQUIPOS-Y-DISPENSARIO-2.pdf\">Equipos y Dispensario 2<\/a><\/span><\/p>\n<p><span style=\"color: #000000\"><a style=\"color: #000000\" href=\"https:\/\/departamentos.uleam.edu.ec\/procuraduria\/files\/2020\/12\/RECEPCION-EQUIPOS-Y-DISPENSARIO-MEDICO-1.pdf\">Recepci\u00f3n Equipos y Dispensario M\u00e9dico 1<\/a><\/span><\/p>\n<\/div>\n<p>\u00a0<\/p>\n<\/div>\n<\/div>\n<\/div>\n<div class=\"_2i_RngRaG8pEq-tyFJJ2MD\">\n<div class=\"\">\n<div>\u00a0<\/div>\n<\/div>\n<\/div>\n<\/div>\n<div class=\"_2BDBxo-9kfOUcm02zcT5PR\">\n<div class=\"aKEZUGyWi5haT6riFXgvp customScrollBar\">\n<div class=\"_2le66D_cFAbkq67CrgZcmE\">\n<div class=\"\">\n<div class=\"wide-content-host\">\n<div class=\"B1IVVpQay0rPzznhParFr KcNy0Xfd9-is-_CEp3QOI\">\n<div class=\"_3FAYod7kjH9o5HZX_Phvf6 allowTextSelection\">\n<div class=\"_1Lo7BjmdsKZy3IMMxN7mVu\">\n<div class=\"_2CRlxt5XG5f-niSlWZo1fR _15q0jqoHOf4oBgTyp_8gio\">\u00a0<\/div>\n<\/div>\n<\/div>\n<\/div>\n<\/div>\n<\/div>\n<\/div>\n<\/div>\n<\/div>","protected":false},"excerpt":{"rendered":"<p>ADENDUM Adendum Uleam y UEES CONVENIOS MARCOS Uleam y Gad Montecristi Uleam y Comuna bajo de afuera del Cant\u00f3n Montecristi Asamblea Nacional y Uleam Indtec C.A\u00a0 y\u00a0 Uleam-1 Uleam y Federaci\u00f3n Sectorial de Barrios de la Parroquia Tarqui cant\u00f3n Manta [&hellip;]<\/p>\n","protected":false},"author":56,"featured_media":0,"parent":0,"menu_order":0,"comment_status":"closed","ping_status":"closed","template":"","meta":{"footnotes":"","_links_to":"","_links_to_target":""},"class_list":["post-611","page","type-page","status-publish","hentry"],"_links":{"self":[{"href":"https:\/\/departamentos.uleam.edu.ec\/procuraduria\/wp-json\/wp\/v2\/pages\/611","targetHints":{"allow":["GET"]}}],"collection":[{"href":"https:\/\/departamentos.uleam.edu.ec\/procuraduria\/wp-json\/wp\/v2\/pages"}],"about":[{"href":"https:\/\/departamentos.uleam.edu.ec\/procuraduria\/wp-json\/wp\/v2\/types\/page"}],"author":[{"embeddable":true,"href":"https:\/\/departamentos.uleam.edu.ec\/procuraduria\/wp-json\/wp\/v2\/users\/56"}],"replies":[{"embeddable":true,"href":"https:\/\/departamentos.uleam.edu.ec\/procuraduria\/wp-json\/wp\/v2\/comments?post=611"}],"version-history":[{"count":6,"href":"https:\/\/departamentos.uleam.edu.ec\/procuraduria\/wp-json\/wp\/v2\/pages\/611\/revisions"}],"predecessor-version":[{"id":660,"href":"https:\/\/departamentos.uleam.edu.ec\/procuraduria\/wp-json\/wp\/v2\/pages\/611\/revisions\/660"}],"wp:attachment":[{"href":"https:\/\/departamentos.uleam.edu.ec\/procuraduria\/wp-json\/wp\/v2\/media?parent=611"}],"curies":[{"name":"wp","href":"https:\/\/api.w.org\/{rel}","templated":true}]}}