{"id":23,"date":"2012-01-03T17:04:05","date_gmt":"2012-01-03T17:04:05","guid":{"rendered":"http:\/\/departamentos.uleam.edu.ec\/recursoshumanos-universidad\/?page_id=23"},"modified":"2019-08-06T20:00:25","modified_gmt":"2019-08-06T20:00:25","slug":"organigrama-funcional","status":"publish","type":"page","link":"https:\/\/departamentos.uleam.edu.ec\/recursoshumanos-universidad\/organigrama-funcional\/","title":{"rendered":"Misi\u00f3n y Visi\u00f3n"},"content":{"rendered":"<p style=\"text-align: center\"><strong><span style=\"color: #000000\">Misi\u00f3n y Visi\u00f3n de la Direcci\u00f3n de Administraci\u00f3n del Talento Humano\u00a0<\/span><\/strong><\/p>\n<p><span style=\"color: #000000\"><strong>Misi\u00f3n<\/strong><\/span><\/p>\n<p style=\"text-align: justify\"><span style=\"color: #000000\">La Direcci\u00f3n de Administraci\u00f3n del Talento Humano de la Universidad Laica Eloy Alfaro de Manab\u00ed, plenamente identificada con los valores, principios \u00e9ticos y morales universitarios, tiene como responsabilidad la administraci\u00f3n del personal docente, administrativo y trabajadores, la coordinaci\u00f3n y verificaci\u00f3n de pol\u00edticas, procesos y procedimientos en lo relacionado con el Talento Humano de la Universidad, cuyo objetivo primordial es el de contribuir a la presencia de un adecuado entorno laboral, sustent\u00e1ndose en el mejoramiento integral de procesos, en la atenci\u00f3n a usuarios e integraci\u00f3n de la gesti\u00f3n del Talento Humano.<\/span><\/p>\n<p><span style=\"color: #000000\"><strong>Visi\u00f3n<\/strong><\/span><\/p>\n<p style=\"text-align: justify\"><span style=\"color: #000000\">La Direcci\u00f3n de Administraci\u00f3n del Talento Humano aspira ser reconocido como parte integral de la Universidad Laica Eloy Alfaro de Manab\u00ed, que se concentrara en la atenci\u00f3n personalizada y continua de cada servidor, mediante la gesti\u00f3n administrativa eficaz del Talento Humano, toda vez que se cuenta con personal especializado y altamente calificado en el \u00e1rea.<\/span><\/p>\n","protected":false},"excerpt":{"rendered":"<p>Misi\u00f3n y Visi\u00f3n de la Direcci\u00f3n de Administraci\u00f3n del Talento Humano\u00a0 Misi\u00f3n La Direcci\u00f3n de Administraci\u00f3n del Talento Humano de la Universidad Laica Eloy Alfaro de Manab\u00ed, plenamente identificada con los valores, principios \u00e9ticos y morales universitarios, tiene como responsabilidad [&hellip;]<\/p>\n","protected":false},"author":56,"featured_media":0,"parent":0,"menu_order":0,"comment_status":"closed","ping_status":"closed","template":"","meta":{"footnotes":"","_links_to":"","_links_to_target":""},"class_list":["post-23","page","type-page","status-publish","hentry"],"_links":{"self":[{"href":"https:\/\/departamentos.uleam.edu.ec\/recursoshumanos-universidad\/wp-json\/wp\/v2\/pages\/23","targetHints":{"allow":["GET"]}}],"collection":[{"href":"https:\/\/departamentos.uleam.edu.ec\/recursoshumanos-universidad\/wp-json\/wp\/v2\/pages"}],"about":[{"href":"https:\/\/departamentos.uleam.edu.ec\/recursoshumanos-universidad\/wp-json\/wp\/v2\/types\/page"}],"author":[{"embeddable":true,"href":"https:\/\/departamentos.uleam.edu.ec\/recursoshumanos-universidad\/wp-json\/wp\/v2\/users\/56"}],"replies":[{"embeddable":true,"href":"https:\/\/departamentos.uleam.edu.ec\/recursoshumanos-universidad\/wp-json\/wp\/v2\/comments?post=23"}],"version-history":[{"count":10,"href":"https:\/\/departamentos.uleam.edu.ec\/recursoshumanos-universidad\/wp-json\/wp\/v2\/pages\/23\/revisions"}],"predecessor-version":[{"id":284,"href":"https:\/\/departamentos.uleam.edu.ec\/recursoshumanos-universidad\/wp-json\/wp\/v2\/pages\/23\/revisions\/284"}],"wp:attachment":[{"href":"https:\/\/departamentos.uleam.edu.ec\/recursoshumanos-universidad\/wp-json\/wp\/v2\/media?parent=23"}],"curies":[{"name":"wp","href":"https:\/\/api.w.org\/{rel}","templated":true}]}}