{"id":2029,"date":"2017-01-20T22:51:00","date_gmt":"2017-01-20T22:51:00","guid":{"rendered":"http:\/\/departamentos.uleam.edu.ec\/vinculacion-colectividad\/?page_id=2029"},"modified":"2019-08-29T10:46:31","modified_gmt":"2019-08-29T15:46:31","slug":"reglamentos-2015","status":"publish","type":"page","link":"https:\/\/departamentos.uleam.edu.ec\/vinculacion-colectividad\/reglamentos-2015\/","title":{"rendered":"Reglamentos 2015"},"content":{"rendered":"<p><span style=\"color: #000000\"><strong>Descargar en l\u00ednea\u00a0<\/strong><\/span><\/p>\n<ul>\n<li><span style=\"color: #000000\"><strong><a style=\"color: #000000\" href=\"http:\/\/departamentos.uleam.edu.ec\/wp-content\/uploads\/2017\/01\/1 Reglamento Org\u00e1nico de Gesti\u00f3n Organizacional por Procesos_opt.pdf\">Reglamento Org\u00e1nico de Gesti\u00f3n Organizacional por Procesos<\/a><\/strong><\/span><\/li>\n<li><span style=\"color: #000000\"><strong><a style=\"color: #000000\" href=\"http:\/\/departamentos.uleam.edu.ec\/wp-content\/uploads\/2017\/01\/2 Reglamento de los Procesos de Vinculacion con la Sociedad de.pdf\">Reglamento de los Procesos de Vinculaci\u00f3n con la Sociedad<\/a><\/strong><\/span><\/li>\n<li><span style=\"color: #000000\"><strong><a style=\"color: #000000\" href=\"http:\/\/departamentos.uleam.edu.ec\/wp-content\/uploads\/2017\/01\/3 Plan Integrado de Vinculacion Intitucional con la Sociedad.pdf\">Plan Integrado de Vinculaci\u00f3n Institucional con la Sociedad<\/a><\/strong><\/span><\/li>\n<\/ul>\n","protected":false},"excerpt":{"rendered":"<p>Descargar en l\u00ednea\u00a0 Reglamento Org\u00e1nico de Gesti\u00f3n Organizacional por Procesos Reglamento de los Procesos de Vinculaci\u00f3n con la Sociedad Plan Integrado de Vinculaci\u00f3n Institucional con la Sociedad<\/p>\n","protected":false},"author":56,"featured_media":0,"parent":0,"menu_order":0,"comment_status":"closed","ping_status":"closed","template":"","meta":{"footnotes":"","_links_to":"","_links_to_target":""},"class_list":["post-2029","page","type-page","status-publish","hentry"],"_links":{"self":[{"href":"https:\/\/departamentos.uleam.edu.ec\/vinculacion-colectividad\/wp-json\/wp\/v2\/pages\/2029","targetHints":{"allow":["GET"]}}],"collection":[{"href":"https:\/\/departamentos.uleam.edu.ec\/vinculacion-colectividad\/wp-json\/wp\/v2\/pages"}],"about":[{"href":"https:\/\/departamentos.uleam.edu.ec\/vinculacion-colectividad\/wp-json\/wp\/v2\/types\/page"}],"author":[{"embeddable":true,"href":"https:\/\/departamentos.uleam.edu.ec\/vinculacion-colectividad\/wp-json\/wp\/v2\/users\/56"}],"replies":[{"embeddable":true,"href":"https:\/\/departamentos.uleam.edu.ec\/vinculacion-colectividad\/wp-json\/wp\/v2\/comments?post=2029"}],"version-history":[{"count":5,"href":"https:\/\/departamentos.uleam.edu.ec\/vinculacion-colectividad\/wp-json\/wp\/v2\/pages\/2029\/revisions"}],"predecessor-version":[{"id":3045,"href":"https:\/\/departamentos.uleam.edu.ec\/vinculacion-colectividad\/wp-json\/wp\/v2\/pages\/2029\/revisions\/3045"}],"wp:attachment":[{"href":"https:\/\/departamentos.uleam.edu.ec\/vinculacion-colectividad\/wp-json\/wp\/v2\/media?parent=2029"}],"curies":[{"name":"wp","href":"https:\/\/api.w.org\/{rel}","templated":true}]}}