{"id":2035,"date":"2017-01-20T22:57:07","date_gmt":"2017-01-20T22:57:07","guid":{"rendered":"http:\/\/departamentos.uleam.edu.ec\/vinculacion-colectividad\/?page_id=2035"},"modified":"2025-04-14T10:57:50","modified_gmt":"2025-04-14T15:57:50","slug":"procesos-de-vinculacion-con-la-sociedad","status":"publish","type":"page","link":"https:\/\/departamentos.uleam.edu.ec\/vinculacion-colectividad\/procesos-de-vinculacion-con-la-sociedad\/","title":{"rendered":"MACROPROCESOS DE LA DIRECCI\u00d3N"},"content":{"rendered":"\n\n\n<p><strong><strong>GESTI\u00d3N DEL CONOCIMIENTO<\/strong><\/strong><\/p>\n\n\n\n<p><strong>COOPERACI\u00d3N DESARROLLO Y EMPRENDIMIENTO<\/strong><\/p>\n\n\n\n<p><strong><a href=\"https:\/\/departamentos.uleam.edu.ec\/vinculacion-colectividad\/educacion-continua\/\" target=\"_blank\" rel=\"noreferrer noopener\">EDUCACI\u00d3N CONTINUA<\/a><\/strong><\/p>\n\n\n\n<p><\/p>\n","protected":false},"excerpt":{"rendered":"<p>GESTI\u00d3N DEL CONOCIMIENTO COOPERACI\u00d3N DESARROLLO Y EMPRENDIMIENTO EDUCACI\u00d3N CONTINUA<\/p>\n","protected":false},"author":2,"featured_media":0,"parent":0,"menu_order":0,"comment_status":"closed","ping_status":"closed","template":"","meta":{"footnotes":"","_links_to":"","_links_to_target":""},"class_list":["post-2035","page","type-page","status-publish","hentry"],"_links":{"self":[{"href":"https:\/\/departamentos.uleam.edu.ec\/vinculacion-colectividad\/wp-json\/wp\/v2\/pages\/2035","targetHints":{"allow":["GET"]}}],"collection":[{"href":"https:\/\/departamentos.uleam.edu.ec\/vinculacion-colectividad\/wp-json\/wp\/v2\/pages"}],"about":[{"href":"https:\/\/departamentos.uleam.edu.ec\/vinculacion-colectividad\/wp-json\/wp\/v2\/types\/page"}],"author":[{"embeddable":true,"href":"https:\/\/departamentos.uleam.edu.ec\/vinculacion-colectividad\/wp-json\/wp\/v2\/users\/2"}],"replies":[{"embeddable":true,"href":"https:\/\/departamentos.uleam.edu.ec\/vinculacion-colectividad\/wp-json\/wp\/v2\/comments?post=2035"}],"version-history":[{"count":14,"href":"https:\/\/departamentos.uleam.edu.ec\/vinculacion-colectividad\/wp-json\/wp\/v2\/pages\/2035\/revisions"}],"predecessor-version":[{"id":5815,"href":"https:\/\/departamentos.uleam.edu.ec\/vinculacion-colectividad\/wp-json\/wp\/v2\/pages\/2035\/revisions\/5815"}],"wp:attachment":[{"href":"https:\/\/departamentos.uleam.edu.ec\/vinculacion-colectividad\/wp-json\/wp\/v2\/media?parent=2035"}],"curies":[{"name":"wp","href":"https:\/\/api.w.org\/{rel}","templated":true}]}}