{"id":2403,"date":"2018-02-23T16:31:19","date_gmt":"2018-02-23T16:31:19","guid":{"rendered":"http:\/\/departamentos.uleam.edu.ec\/vinculacion-colectividad\/?page_id=2403"},"modified":"2019-08-29T15:48:45","modified_gmt":"2019-08-29T20:48:45","slug":"agropecuaria","status":"publish","type":"page","link":"https:\/\/departamentos.uleam.edu.ec\/vinculacion-colectividad\/agropecuaria\/","title":{"rendered":"Agropecuaria"},"content":{"rendered":"<p><span style=\"color: #000000\"><strong>Convenio Espec\u00edficos Suscritos:<\/strong><\/span><\/p>\n<table style=\"height: 706px\" width=\"676\">\n<tbody>\n<tr>\n<td width=\"44\"><span style=\"color: #000000\"><strong>Items<\/strong><\/span><\/td>\n<td width=\"282\"><span style=\"color: #000000\"><strong>Instituci\u00f3n<\/strong><\/span><\/td>\n<td width=\"80\"><span style=\"color: #000000\"><strong>Fecha<\/strong><\/span><\/td>\n<td width=\"80\"><span style=\"color: #000000\"><strong>Descarga<\/strong><\/span><\/td>\n<\/tr>\n<tr>\n<td><span style=\"color: #000000\">1<\/span><\/td>\n<td style=\"text-align: justify\" width=\"282\"><span style=\"color: #000000\">Convenio de cooperaci\u00f3n interinstitucional de pr\u00e1cticas preprofesionales entre la Universidad Laica Eloy Alfaro y la Universidad Internacional\u00a0 \u00abSEK\u00bb<\/span><\/td>\n<td style=\"text-align: justify\"><span style=\"color: #000000\">24-nov-17<\/span><\/td>\n<td style=\"text-align: justify\"><span style=\"color: #000000\">\u00a0<a style=\"color: #000000\" href=\"https:\/\/departamentos.uleam.edu.ec\/vinculacion-colectividad\/files\/2018\/02\/sek.pdf\"><img decoding=\"async\" class=\"alignnone wp-image-2218\" src=\"https:\/\/departamentos.uleam.edu.ec\/vinculacion-colectividad\/files\/2018\/02\/simbolodescarga.png\" alt=\"\" width=\"63\" height=\"64\" srcset=\"https:\/\/departamentos.uleam.edu.ec\/vinculacion-colectividad\/files\/2018\/02\/simbolodescarga.png 228w, https:\/\/departamentos.uleam.edu.ec\/vinculacion-colectividad\/files\/2018\/02\/simbolodescarga-150x150.png 150w, https:\/\/departamentos.uleam.edu.ec\/vinculacion-colectividad\/files\/2018\/02\/simbolodescarga-55x55.png 55w\" sizes=\"(max-width: 63px) 100vw, 63px\" \/><\/a><\/span><\/td>\n<\/tr>\n<tr style=\"text-align: justify\">\n<td><span style=\"color: #000000\">2<\/span><\/td>\n<td width=\"282\"><span style=\"color: #000000\">Convenio de cooperaci\u00f3n interinstitucional de pr\u00e1cticas preprofesionales entre la Universidad Laica Eloy Alfaro de Manab\u00ed y el Gobierno Aut\u00f3nomo Descentralizado Municipal del Cant\u00f3n Manta.<\/span><\/td>\n<td><span style=\"color: #000000\">29-nov-17<\/span><\/td>\n<td><span style=\"color: #000000\">\u00a0<a style=\"color: #000000\" href=\"https:\/\/departamentos.uleam.edu.ec\/vinculacion-colectividad\/files\/2018\/02\/agrop-autonomo1.pdf\"><img decoding=\"async\" class=\"alignnone wp-image-2218\" src=\"https:\/\/departamentos.uleam.edu.ec\/vinculacion-colectividad\/files\/2018\/02\/simbolodescarga.png\" alt=\"\" width=\"63\" height=\"64\" srcset=\"https:\/\/departamentos.uleam.edu.ec\/vinculacion-colectividad\/files\/2018\/02\/simbolodescarga.png 228w, https:\/\/departamentos.uleam.edu.ec\/vinculacion-colectividad\/files\/2018\/02\/simbolodescarga-150x150.png 150w, https:\/\/departamentos.uleam.edu.ec\/vinculacion-colectividad\/files\/2018\/02\/simbolodescarga-55x55.png 55w\" sizes=\"(max-width: 63px) 100vw, 63px\" \/><\/a><\/span><\/td>\n<\/tr>\n<tr>\n<td style=\"text-align: justify\"><span style=\"color: #000000\">3<\/span><\/td>\n<td style=\"text-align: justify\" width=\"282\"><span style=\"color: #000000\">Convenio de cooperaci\u00f3n interinstitucional de pr\u00e1cticas preprofesionales, vinculaci\u00f3n con la sociedad entre la Facultad de Ciencias Agropecuarias de la Universidad Laica Eloy Alfaro de Manab\u00ed y\u00a0 Costa EP Empresa P\u00fablica Mancomunidad de Manta, Montecristi y Jaramij\u00f3.\u00a0<\/span><\/td>\n<td><span style=\"color: #000000\">29-nov-1<\/span>7<\/td>\n<td>\u00a0<a href=\"https:\/\/departamentos.uleam.edu.ec\/vinculacion-colectividad\/files\/2018\/02\/costalimpia-agrop.pdf\"><img decoding=\"async\" class=\"alignnone wp-image-2218\" src=\"https:\/\/departamentos.uleam.edu.ec\/vinculacion-colectividad\/files\/2018\/02\/simbolodescarga.png\" alt=\"\" width=\"63\" height=\"64\" srcset=\"https:\/\/departamentos.uleam.edu.ec\/vinculacion-colectividad\/files\/2018\/02\/simbolodescarga.png 228w, https:\/\/departamentos.uleam.edu.ec\/vinculacion-colectividad\/files\/2018\/02\/simbolodescarga-150x150.png 150w, https:\/\/departamentos.uleam.edu.ec\/vinculacion-colectividad\/files\/2018\/02\/simbolodescarga-55x55.png 55w\" sizes=\"(max-width: 63px) 100vw, 63px\" \/><\/a><\/td>\n<\/tr>\n<\/tbody>\n<\/table>\n","protected":false},"excerpt":{"rendered":"<p>Convenio Espec\u00edficos Suscritos: Items Instituci\u00f3n Fecha Descarga 1 Convenio de cooperaci\u00f3n interinstitucional de pr\u00e1cticas preprofesionales entre la Universidad Laica Eloy Alfaro y la Universidad Internacional\u00a0 \u00abSEK\u00bb 24-nov-17 \u00a0 2 Convenio de cooperaci\u00f3n<a class=\"moretag\" href=\"https:\/\/departamentos.uleam.edu.ec\/vinculacion-colectividad\/agropecuaria\/\">Leer m\u00e1s&#8230;<\/a><\/p>\n","protected":false},"author":47,"featured_media":0,"parent":0,"menu_order":0,"comment_status":"closed","ping_status":"closed","template":"","meta":{"footnotes":"","_links_to":"","_links_to_target":""},"class_list":["post-2403","page","type-page","status-publish","hentry"],"_links":{"self":[{"href":"https:\/\/departamentos.uleam.edu.ec\/vinculacion-colectividad\/wp-json\/wp\/v2\/pages\/2403","targetHints":{"allow":["GET"]}}],"collection":[{"href":"https:\/\/departamentos.uleam.edu.ec\/vinculacion-colectividad\/wp-json\/wp\/v2\/pages"}],"about":[{"href":"https:\/\/departamentos.uleam.edu.ec\/vinculacion-colectividad\/wp-json\/wp\/v2\/types\/page"}],"author":[{"embeddable":true,"href":"https:\/\/departamentos.uleam.edu.ec\/vinculacion-colectividad\/wp-json\/wp\/v2\/users\/47"}],"replies":[{"embeddable":true,"href":"https:\/\/departamentos.uleam.edu.ec\/vinculacion-colectividad\/wp-json\/wp\/v2\/comments?post=2403"}],"version-history":[{"count":6,"href":"https:\/\/departamentos.uleam.edu.ec\/vinculacion-colectividad\/wp-json\/wp\/v2\/pages\/2403\/revisions"}],"predecessor-version":[{"id":3333,"href":"https:\/\/departamentos.uleam.edu.ec\/vinculacion-colectividad\/wp-json\/wp\/v2\/pages\/2403\/revisions\/3333"}],"wp:attachment":[{"href":"https:\/\/departamentos.uleam.edu.ec\/vinculacion-colectividad\/wp-json\/wp\/v2\/media?parent=2403"}],"curies":[{"name":"wp","href":"https:\/\/api.w.org\/{rel}","templated":true}]}}