{"id":2656,"date":"2018-09-06T11:49:33","date_gmt":"2018-09-06T16:49:33","guid":{"rendered":"http:\/\/departamentos.uleam.edu.ec\/vinculacion-colectividad\/?page_id=2656"},"modified":"2018-09-06T11:54:42","modified_gmt":"2018-09-06T16:54:42","slug":"proyectos-de-vinculacion-extension-chone-2015","status":"publish","type":"page","link":"https:\/\/departamentos.uleam.edu.ec\/vinculacion-colectividad\/proyectos-de-vinculacion-extension-chone-2015\/","title":{"rendered":"PROYECTOS DE VINCULACI\u00d3N (EXTENSI\u00d3N CHONE) 2015"},"content":{"rendered":"<p style=\"text-align: center\"><strong>Proyectos de Vinculaci\u00f3n (Extensi\u00f3n Chone) 2015<\/strong><\/p>\n<table style=\"height: 129px\" width=\"695\">\n<tbody>\n<tr>\n<td width=\"34\"><strong>N\u00b0<\/strong><\/td>\n<td width=\"486\"><b>Proyecto<\/b><\/td>\n<td width=\"82\"><b>Carrera<\/b><\/td>\n<\/tr>\n<tr>\n<td width=\"34\"><strong>1<\/strong><\/td>\n<td width=\"486\">ENSE\u00d1ANZA DEL IDIOMA INGL\u00c9S COMO SEGUNDA LENGUA A LOS ESTUDIANTES EN LOS CENTROS DE EDUCACI\u00d3N B\u00c1SICA DE LA CIUDAD DE CHONE Y TOSAGUA DURANTE EL PER\u00cdODO 2014-2016<\/td>\n<td width=\"82\">Ciencias Agropecuarias<\/td>\n<\/tr>\n<tr>\n<td width=\"34\"><b>2<\/b><\/td>\n<td width=\"486\">PROGRAMACI\u00d3N DE COSECHA, NUTRICI\u00d3N Y CONTROL DE PLAGAS DE LOS CULTIVOS DE PL\u00c1TANO EN LAS ASOCIACIONES DE PRODUCTORES DEL CANT\u00d3N EL CARMEN.<\/td>\n<td width=\"82\">Ciencias Agropecuarias<\/td>\n<\/tr>\n<tr>\n<td width=\"34\"><b>3<\/b><\/td>\n<td width=\"486\">PREVENCI\u00d3N DE RIESGOS DE LAS VIVIENDAS QUE SE ENCUENTRAN EDIFICADAS EN ZONAS VULNERABLES ANTE EVENTOS NATURALES DEL CANT\u00d3N CHONE 2015-2017<\/td>\n<td width=\"82\">Ingenier\u00eda<\/td>\n<\/tr>\n<tr>\n<td width=\"34\"><b>4<\/b><\/td>\n<td width=\"486\">PROMOCI\u00d3N DE ESTRATEGIAS T\u00c9CNICAS PARA LA PREVENCI\u00d3N DE RIESGOS EL\u00c9CTRICOS EN LA ZONA URBANA MARGINAL DE LOS CANTONES CHONE Y TOSAGUA 2015-2017<\/td>\n<td width=\"82\">Ingenier\u00eda<\/td>\n<\/tr>\n<tr>\n<td width=\"34\"><b>5<\/b><\/td>\n<td width=\"486\">CAPACITACI\u00d3N SOBRE EL USO DE TECNOLOG\u00cdAS DE LA INFORMACI\u00d3N Y COMUNICACI\u00d3N (TIC&#8217;S) A LOS SECTORES BARRIALES DEL CANT\u00d3N CHONE<\/td>\n<td width=\"82\">Ciencias Inform\u00e1ticas<\/td>\n<\/tr>\n<tr>\n<td width=\"34\"><b>6<\/b><\/td>\n<td width=\"486\">SERVICIO Y ASESORAMIENTO INFORM\u00c1TICO A LA COMUNIDAD CHONENSE Y TOSAGUA<\/td>\n<td width=\"82\">Ciencias Inform\u00e1ticas<\/td>\n<\/tr>\n<tr>\n<td width=\"34\"><b>7<\/b><\/td>\n<td width=\"486\">INTERVENCI\u00d3N EN DISLALIA EN CENTROS EDUCATIVOS DE LA PARROQUIA CANUTO DEL CANT\u00d3N CHONE<\/td>\n<td width=\"82\">Ciencias M\u00e9dicas<\/td>\n<\/tr>\n<\/tbody>\n<\/table>\n","protected":false},"excerpt":{"rendered":"<p>Proyectos de Vinculaci\u00f3n (Extensi\u00f3n Chone) 2015 N\u00b0 Proyecto Carrera 1 ENSE\u00d1ANZA DEL IDIOMA INGL\u00c9S COMO SEGUNDA LENGUA A LOS ESTUDIANTES EN LOS CENTROS DE EDUCACI\u00d3N B\u00c1SICA DE LA CIUDAD DE CHONE Y<a class=\"moretag\" href=\"https:\/\/departamentos.uleam.edu.ec\/vinculacion-colectividad\/proyectos-de-vinculacion-extension-chone-2015\/\">Leer m\u00e1s&#8230;<\/a><\/p>\n","protected":false},"author":47,"featured_media":0,"parent":0,"menu_order":0,"comment_status":"closed","ping_status":"closed","template":"","meta":{"footnotes":"","_links_to":"","_links_to_target":""},"class_list":["post-2656","page","type-page","status-publish","hentry"],"_links":{"self":[{"href":"https:\/\/departamentos.uleam.edu.ec\/vinculacion-colectividad\/wp-json\/wp\/v2\/pages\/2656","targetHints":{"allow":["GET"]}}],"collection":[{"href":"https:\/\/departamentos.uleam.edu.ec\/vinculacion-colectividad\/wp-json\/wp\/v2\/pages"}],"about":[{"href":"https:\/\/departamentos.uleam.edu.ec\/vinculacion-colectividad\/wp-json\/wp\/v2\/types\/page"}],"author":[{"embeddable":true,"href":"https:\/\/departamentos.uleam.edu.ec\/vinculacion-colectividad\/wp-json\/wp\/v2\/users\/47"}],"replies":[{"embeddable":true,"href":"https:\/\/departamentos.uleam.edu.ec\/vinculacion-colectividad\/wp-json\/wp\/v2\/comments?post=2656"}],"version-history":[{"count":4,"href":"https:\/\/departamentos.uleam.edu.ec\/vinculacion-colectividad\/wp-json\/wp\/v2\/pages\/2656\/revisions"}],"predecessor-version":[{"id":2664,"href":"https:\/\/departamentos.uleam.edu.ec\/vinculacion-colectividad\/wp-json\/wp\/v2\/pages\/2656\/revisions\/2664"}],"wp:attachment":[{"href":"https:\/\/departamentos.uleam.edu.ec\/vinculacion-colectividad\/wp-json\/wp\/v2\/media?parent=2656"}],"curies":[{"name":"wp","href":"https:\/\/api.w.org\/{rel}","templated":true}]}}