{"id":2752,"date":"2018-09-07T12:24:25","date_gmt":"2018-09-07T17:24:25","guid":{"rendered":"http:\/\/departamentos.uleam.edu.ec\/vinculacion-colectividad\/?page_id=2752"},"modified":"2019-08-29T12:36:57","modified_gmt":"2019-08-29T17:36:57","slug":"proyectos-de-vinculacion-extension-el-carmen-2018","status":"publish","type":"page","link":"https:\/\/departamentos.uleam.edu.ec\/vinculacion-colectividad\/proyectos-de-vinculacion-extension-el-carmen-2018\/","title":{"rendered":"Proyectos de vinculaci\u00f3n (Extensi\u00f3n El Carmen ) 2018"},"content":{"rendered":"<p style=\"text-align: center\"><span style=\"color: #000000\"><strong>Proyectos de Vinculaci\u00f3n (Extensi\u00f3n El Carmen) 2018<\/strong><\/span><\/p>\n<table style=\"height: 129px\" width=\"695\">\n<tbody>\n<tr>\n<td width=\"34\"><span style=\"color: #000000\"><strong>N\u00b0<\/strong><\/span><\/td>\n<td width=\"486\"><span style=\"color: #000000\"><b>Proyecto<\/b><\/span><\/td>\n<td width=\"82\"><span style=\"color: #000000\"><b>Carrera<\/b><\/span><\/td>\n<\/tr>\n<tr>\n<td style=\"text-align: justify\" width=\"34\"><span style=\"color: #000000\"><strong>1<\/strong><\/span><\/td>\n<td style=\"text-align: justify\" width=\"486\"><span style=\"color: #000000\">Asistencia t\u00e9cnica en agricultura sostenible mediante la construcci\u00f3n de huertos horticultoras a grupos organizados del Cant\u00f3n El Carmen 2015-2018<\/span><\/td>\n<td style=\"text-align: justify\" width=\"82\"><span style=\"color: #000000\">Ciencias Agropecuarias<\/span><\/td>\n<\/tr>\n<tr style=\"text-align: justify\">\n<td width=\"34\"><span style=\"color: #000000\"><b>2<\/b><\/span><\/td>\n<td width=\"486\"><span style=\"color: #000000\">Desarrollo y fortalecimiento de destrezas y habilidades empresariales de grupos organizados del Cant\u00f3n El Carmen y su zona de influencia en el periodo 2015-2019<\/span><\/td>\n<td width=\"82\"><span style=\"color: #000000\">Contabilidad y Auditoria<\/span><\/td>\n<\/tr>\n<tr>\n<td style=\"text-align: justify\" width=\"34\"><span style=\"color: #000000\"><b>3<\/b><\/span><\/td>\n<td style=\"text-align: justify\" width=\"486\"><span style=\"color: #000000\">Alfabetizaci\u00f3n digital a grupos organizados del Cant\u00f3n El Carmen y su zona de influencia (2015-2018)<\/span><\/td>\n<td width=\"82\"><span style=\"color: #000000\">Ciencias Inform\u00e1ticas<\/span><\/td>\n<\/tr>\n<\/tbody>\n<\/table>\n","protected":false},"excerpt":{"rendered":"<p>Proyectos de Vinculaci\u00f3n (Extensi\u00f3n El Carmen) 2018 N\u00b0 Proyecto Carrera 1 Asistencia t\u00e9cnica en agricultura sostenible mediante la construcci\u00f3n de huertos horticultoras a grupos organizados del Cant\u00f3n El Carmen 2015-2018 Ciencias Agropecuarias<a class=\"moretag\" href=\"https:\/\/departamentos.uleam.edu.ec\/vinculacion-colectividad\/proyectos-de-vinculacion-extension-el-carmen-2018\/\">Leer m\u00e1s&#8230;<\/a><\/p>\n","protected":false},"author":47,"featured_media":0,"parent":0,"menu_order":0,"comment_status":"closed","ping_status":"closed","template":"","meta":{"footnotes":"","_links_to":"","_links_to_target":""},"class_list":["post-2752","page","type-page","status-publish","hentry"],"_links":{"self":[{"href":"https:\/\/departamentos.uleam.edu.ec\/vinculacion-colectividad\/wp-json\/wp\/v2\/pages\/2752","targetHints":{"allow":["GET"]}}],"collection":[{"href":"https:\/\/departamentos.uleam.edu.ec\/vinculacion-colectividad\/wp-json\/wp\/v2\/pages"}],"about":[{"href":"https:\/\/departamentos.uleam.edu.ec\/vinculacion-colectividad\/wp-json\/wp\/v2\/types\/page"}],"author":[{"embeddable":true,"href":"https:\/\/departamentos.uleam.edu.ec\/vinculacion-colectividad\/wp-json\/wp\/v2\/users\/47"}],"replies":[{"embeddable":true,"href":"https:\/\/departamentos.uleam.edu.ec\/vinculacion-colectividad\/wp-json\/wp\/v2\/comments?post=2752"}],"version-history":[{"count":3,"href":"https:\/\/departamentos.uleam.edu.ec\/vinculacion-colectividad\/wp-json\/wp\/v2\/pages\/2752\/revisions"}],"predecessor-version":[{"id":3054,"href":"https:\/\/departamentos.uleam.edu.ec\/vinculacion-colectividad\/wp-json\/wp\/v2\/pages\/2752\/revisions\/3054"}],"wp:attachment":[{"href":"https:\/\/departamentos.uleam.edu.ec\/vinculacion-colectividad\/wp-json\/wp\/v2\/media?parent=2752"}],"curies":[{"name":"wp","href":"https:\/\/api.w.org\/{rel}","templated":true}]}}

Proyectos de vinculación (Extensión El Carmen ) 2018

<p style="text-align: center"><span style="color: #000000"><strong>Proyectos de Vinculación (Extensión El Carmen) 2018</strong></span></p>
<table style="height: 129px" width="695">
<tbody>
<tr>
<td width="34"><span style="color: #000000"><strong>N°</strong></span></td>
<td width="486"><span style="color: #000000"><b>Proyecto</b></span></td>
<td width="82"><span style="color: #000000"><b>Carrera</b></span></td>
</tr>
<tr>
<td style="text-align: justify" width="34"><span style="color: #000000"><strong>1</strong></span></td>
<td style="text-align: justify" width="486"><span style="color: #000000">Asistencia técnica en agricultura sostenible mediante la construcción de huertos horticultoras a grupos organizados del Cantón El Carmen 2015-2018</span></td>
<td style="text-align: justify" width="82"><span style="color: #000000">Ciencias Agropecuarias</span></td>
</tr>
<tr style="text-align: justify">
<td width="34"><span style="color: #000000"><b>2</b></span></td>
<td width="486"><span style="color: #000000">Desarrollo y fortalecimiento de destrezas y habilidades empresariales de grupos organizados del Cantón El Carmen y su zona de influencia en el periodo 2015-2019</span></td>
<td width="82"><span style="color: #000000">Contabilidad y Auditoria</span></td>
</tr>
<tr>
<td style="text-align: justify" width="34"><span style="color: #000000"><b>3</b></span></td>
<td style="text-align: justify" width="486"><span style="color: #000000">Alfabetización digital a grupos organizados del Cantón El Carmen y su zona de influencia (2015-2018)</span></td>
<td width="82"><span style="color: #000000">Ciencias Informáticas</span></td>
</tr>
</tbody>
</table>

<p>Proyectos de Vinculación (Extensión El Carmen) 2018 N° Proyecto Carrera 1 Asistencia técnica en agricultura sostenible mediante la construcción de huertos horticultoras a grupos organizados del Cantón El Carmen 2015-2018 Ciencias Agropecuarias<a class="moretag" href="https://departamentos.uleam.edu.ec/vinculacion-colectividad/proyectos-de-vinculacion-extension-el-carmen-2018/">Leer más&#8230;</a></p>
