{"id":3341,"date":"2021-03-03T17:03:56","date_gmt":"2021-03-03T22:03:56","guid":{"rendered":"http:\/\/departamentos.uleam.edu.ec\/vinculacion-colectividad\/?page_id=3341"},"modified":"2026-02-18T10:56:00","modified_gmt":"2026-02-18T15:56:00","slug":"proyectos-devinculacion-con-la-sociedad-2","status":"publish","type":"page","link":"https:\/\/departamentos.uleam.edu.ec\/vinculacion-colectividad\/proyectos-devinculacion-con-la-sociedad-2\/","title":{"rendered":"GESTI\u00d3N Y PROYECTOS DE VINCULACI\u00d3N Y EMPRENDIMIENTO"},"content":{"rendered":"<h2><strong>A\u00d1O 2020<\/strong><\/h2>\n\n\n<p><\/p>\n\n\n\n<p><\/p>\n\n\n\n<p><a href=\"https:\/\/apps.powerapps.com\/play\/81d88525-8786-4e5f-855f-cafb5f40ef5e?tenantId=31a17900-7589-4cfc-b11a-f4e83c27b8edb8ed\">Sistema de Administraci\u00f3n de los Proyectos de Intervenci\u00f3n Social \u00abSAPIS\u00bb<\/a><\/p>\n\n\n\n<p><a style=\"background-color: #ffffff;font-size: 1rem\" href=\"https:\/\/departamentos.uleam.edu.ec\/vinculacion-colectividad\/files\/2021\/03\/Proyectos-vinculacion..pdf\" target=\"_blank\" rel=\"noreferrer noopener\">Proyectos vinculaci\u00f3n.<\/a>&nbsp;<\/p>\n\n\n\n<p><a href=\"https:\/\/departamentos.uleam.edu.ec\/vinculacion-colectividad\/files\/2021\/03\/consolidacion-logros.pdf\">Consolidaci\u00f3n de logros de los Proyectos de Vinculaci\u00f3n per\u00edodo 2020<\/a><\/p>\n\n\n<h2><strong>A\u00d1O 2021<\/strong><\/h2>\n<p><a href=\"https:\/\/departamentos.uleam.edu.ec\/vinculacion-colectividad\/?page_id=4022\">Resultados de Vinculaci\u00f3n. Periodo 2021<\/a><\/p>\n\n\n<p><a href=\"https:\/\/departamentos.uleam.edu.ec\/vinculacion-colectividad\/files\/2021\/03\/Propuesta-direccion-vinculacion-PEDI.pdf\" target=\"_blank\" rel=\"noreferrer noopener\">Directrices de vinculaci\u00f3n &#8211; PEDI<\/a><\/p>\n\n\n\n<p><a href=\"https:\/\/departamentos.uleam.edu.ec\/vinculacion-colectividad\/files\/2021\/03\/Infografia-propuesta-PEDI.pdf\" target=\"_blank\" rel=\"noreferrer noopener\">Infograf\u00eda de las directrices &#8211; PEDI<\/a><\/p>\n\n\n\n<p><a href=\"https:\/\/departamentos.uleam.edu.ec\/vinculacion-colectividad\/files\/2021\/03\/Resultados-de-vinculacion.-Periodo-2020.pdf\" target=\"_blank\" rel=\"noreferrer noopener\">Resultados de vinculaci\u00f3n ULEAM. Periodo 2020 y 1er trimestre 2021<\/a><\/p>\n\n\n\n<p><a href=\"https:\/\/departamentos.uleam.edu.ec\/vinculacion-colectividad\/files\/2021\/03\/RESULTADOS-PROYECTOS-VINCULACION-2020.pdf\" target=\"_blank\" rel=\"noreferrer noopener\">Sistematizaci\u00f3n de los resultados de proyectos de vinculaci\u00f3n<\/a><\/p>\n\n\n\n<p><a href=\"https:\/\/departamentos.uleam.edu.ec\/vinculacion-colectividad\/files\/2021\/03\/Proyectos-vincula.pdf\" target=\"_blank\" rel=\"noreferrer noopener\">Evaluaci\u00f3n de los proyectos de vinculaci\u00f3n <\/a><\/p>\n\n\n\n<h2 class=\"wp-block-heading\"><strong>A\u00d1O 2022<\/strong><\/h2>\n\n\n\n<p><a href=\"https:\/\/departamentos.uleam.edu.ec\/vinculacion-colectividad\/proyectos-2022\/\" data-type=\"page\" target=\"_blank\" rel=\"noreferrer noopener\">PROYECTO 2022<\/a><\/p>\n\n\n\n<p><a href=\"https:\/\/departamentos.uleam.edu.ec\/vinculacion-colectividad\/informe-de-gestion-2022\/\" target=\"_blank\" rel=\"noreferrer noopener\">INFORME DE GESTI\u00d3N 2022<\/a><\/p>\n\n\n\n<h2 class=\"wp-block-heading\"><strong>A\u00d1O 2023<\/strong><\/h2>\n\n\n\n<p><a href=\"https:\/\/departamentos.uleam.edu.ec\/vinculacion-colectividad\/2024\/01\/23\/matriz-logros-y-resultados-de-los-proyectos2023\/\" target=\"_blank\" rel=\"noreferrer noopener\">MATRIZ LOGROS Y RESULTADOS DE LOS PROYECTOS<\/a><\/p>\n\n\n\n<p><a href=\"https:\/\/departamentos.uleam.edu.ec\/vinculacion-colectividad\/proyectos-2023\/\" target=\"_blank\" rel=\"noreferrer noopener\">PROYECTOS 2023<\/a><\/p>\n\n\n\n<p><a href=\"https:\/\/departamentos.uleam.edu.ec\/vinculacion-colectividad\/informe-de-gestion-2023\/\" target=\"_blank\" rel=\"noreferrer noopener\">INFORME DE GESTI\u00d3N 2023<\/a><\/p>\n\n\n\n<h2 class=\"wp-block-heading\"><strong>A\u00d1O 202<\/strong>4<\/h2>\n\n\n\n<p><a href=\"https:\/\/departamentos.uleam.edu.ec\/vinculacion-colectividad\/matriz-logros-y-resultados-de-los-proyectos2024\/\" target=\"_blank\" rel=\"noreferrer noopener\">MATRIZ LOGROS Y RESULTADOS DE LOS PROYECTOS<\/a><\/p>\n\n\n\n<p><a href=\"https:\/\/departamentos.uleam.edu.ec\/vinculacion-colectividad\/?page_id=5779\" target=\"_blank\" rel=\"noreferrer noopener\">PROYECTOS 2024<\/a><\/p>\n\n\n\n<p><a href=\"https:\/\/departamentos.uleam.edu.ec\/vinculacion-colectividad\/informe-de-gestion-2024\/\" target=\"_blank\" rel=\"noreferrer noopener\">INFORME DE GESTI\u00d3N 2024<\/a><\/p>\n\n\n\n<h2 class=\"wp-block-heading\"><strong>A\u00d1O 202<\/strong>5<\/h2>\n\n\n\n<p><a href=\"https:\/\/departamentos.uleam.edu.ec\/vinculacion-colectividad\/matriz-logros-y-resultados-de-los-proyectos-2025\/\" target=\"_blank\" rel=\"noreferrer noopener\">MATRIZ LOGROS Y RESULTADOS DE LOS PROYECTOS 2025<\/a><\/p>\n\n\n\n<p><a href=\"https:\/\/departamentos.uleam.edu.ec\/vinculacion-colectividad\/proyectos-2025\/\" target=\"_blank\" rel=\"noreferrer noopener\">PROYECTOS 2025<\/a><\/p>\n\n\n\n<p><a href=\"https:\/\/departamentos.uleam.edu.ec\/vinculacion-colectividad\/informe-de-gestion-2025\/\" target=\"_blank\" rel=\"noreferrer noopener\">INFORME DE GESTI\u00d3N 2025<\/a><\/p>\n\n\n\n<p><a href=\"https:\/\/departamentos.uleam.edu.ec\/vinculacion-colectividad\/infografia-2025\/\" target=\"_blank\" rel=\"noreferrer noopener\">INFOGRAFIA 2025<\/a><\/p>\n\n\n\n<p><\/p>\n","protected":false},"excerpt":{"rendered":"<p>A\u00d1O 2020 Sistema de Administraci\u00f3n de los Proyectos de Intervenci\u00f3n Social \u00abSAPIS\u00bb Proyectos vinculaci\u00f3n.&nbsp; Consolidaci\u00f3n de logros de los Proyectos de Vinculaci\u00f3n per\u00edodo 2020 A\u00d1O 2021 Resultados de Vinculaci\u00f3n. Periodo 2021 Directrices<a class=\"moretag\" href=\"https:\/\/departamentos.uleam.edu.ec\/vinculacion-colectividad\/proyectos-devinculacion-con-la-sociedad-2\/\">Leer m\u00e1s&#8230;<\/a><\/p>\n","protected":false},"author":124,"featured_media":0,"parent":0,"menu_order":0,"comment_status":"closed","ping_status":"closed","template":"","meta":{"footnotes":"","_links_to":"","_links_to_target":"_blank"},"class_list":["post-3341","page","type-page","status-publish","hentry"],"_links":{"self":[{"href":"https:\/\/departamentos.uleam.edu.ec\/vinculacion-colectividad\/wp-json\/wp\/v2\/pages\/3341","targetHints":{"allow":["GET"]}}],"collection":[{"href":"https:\/\/departamentos.uleam.edu.ec\/vinculacion-colectividad\/wp-json\/wp\/v2\/pages"}],"about":[{"href":"https:\/\/departamentos.uleam.edu.ec\/vinculacion-colectividad\/wp-json\/wp\/v2\/types\/page"}],"author":[{"embeddable":true,"href":"https:\/\/departamentos.uleam.edu.ec\/vinculacion-colectividad\/wp-json\/wp\/v2\/users\/124"}],"replies":[{"embeddable":true,"href":"https:\/\/departamentos.uleam.edu.ec\/vinculacion-colectividad\/wp-json\/wp\/v2\/comments?post=3341"}],"version-history":[{"count":72,"href":"https:\/\/departamentos.uleam.edu.ec\/vinculacion-colectividad\/wp-json\/wp\/v2\/pages\/3341\/revisions"}],"predecessor-version":[{"id":5873,"href":"https:\/\/departamentos.uleam.edu.ec\/vinculacion-colectividad\/wp-json\/wp\/v2\/pages\/3341\/revisions\/5873"}],"wp:attachment":[{"href":"https:\/\/departamentos.uleam.edu.ec\/vinculacion-colectividad\/wp-json\/wp\/v2\/media?parent=3341"}],"curies":[{"name":"wp","href":"https:\/\/api.w.org\/{rel}","templated":true}]}}