{"id":4260,"date":"2022-08-05T08:27:08","date_gmt":"2022-08-05T13:27:08","guid":{"rendered":"https:\/\/departamentos.uleam.edu.ec\/vinculacion-colectividad\/?page_id=4260"},"modified":"2023-05-11T08:48:10","modified_gmt":"2023-05-11T13:48:10","slug":"escueladeliderazgo","status":"publish","type":"page","link":"https:\/\/departamentos.uleam.edu.ec\/vinculacion-colectividad\/escueladeliderazgo\/","title":{"rendered":"Escuela de Liderazgo \u201cRosal\u00eda Arteaga\u201d"},"content":{"rendered":"\n<p class=\"has-text-align-center\" style=\"font-size:24px\"><strong>PER\u00cdODO ACAD\u00c9MICO 2021<\/strong>&nbsp;<\/p>\n\n\n\n<p style=\"font-size:18px\">Proyecto Interdisciplinario de Vinculaci\u00f3n y Emprendimiento<\/p>\n\n\n\n<p style=\"font-size:18px\"><strong><em>L\u00cdNEA DE VINCULACI\u00d3N:<\/em><\/strong> \u00abEducaci\u00f3n&nbsp; y formaci\u00f3n de profesionales\u00bb<\/p>\n\n\n\n<div style=\"height:73px\" aria-hidden=\"true\" class=\"wp-block-spacer\"><\/div>\n\n\n\n<figure class=\"wp-block-table is-style-regular\"><table><tbody><tr><td><strong>Equipo T\u00e9cnico:<\/strong><br>Dr. Marcos Zambrano Zambrano<br>Dra. C. Lourdes Mora<br>Ab. Elizabeth Molina \u00c1lvarez<br>Dra. C. Daysi Soto Calder\u00f3n&nbsp;<\/td><\/tr><tr><\/tr><tr><\/tr><tr><\/tr><tr><\/tr><tr><\/tr><\/tbody><\/table><\/figure>\n\n\n\n<figure class=\"wp-block-table is-style-regular\"><table><tbody><tr><td><strong>\u00c1rea del conocimiento:<\/strong><br>Programas generales&nbsp;<\/td><td><strong>Sub\u00e1rea del conocimiento:<\/strong><br>Desarrollo personal&nbsp;<\/td><td><strong>Sub\u00e1rea espec\u00edfica:<\/strong><br>Desarrollo de destrezas personales<\/td><\/tr><tr><\/tr><tr><\/tr><tr><\/tr><tr><td><strong>Campo amplio:<\/strong><br>Educaci\u00f3n<\/td><td><strong>Campo espec\u00edfico:&nbsp;<\/strong><br>Competencias personales y desarrollo&nbsp;<\/td><td><strong>Campos detallados:<\/strong><br>Desarrollo personal&nbsp;<\/td><\/tr><tr><\/tr><tr><\/tr><tr><\/tr><\/tbody><\/table><\/figure>\n\n\n\n<figure class=\"wp-block-table is-style-regular\"><table><tbody><tr><td><strong>L\u00ednea de Vinculaci\u00f3n:<\/strong><br>Educaci\u00f3n&nbsp; y formaci\u00f3n de profesionales<\/td><td><strong>Dominio acad\u00e9mico:<\/strong><br>Desarrollo de habilidades personales&nbsp;<\/td><\/tr><tr><\/tr><tr><\/tr><tr><\/tr><tr><td><strong>L\u00ednea de Investigaci\u00f3n:<\/strong><br>Educaci\u00f3n y formaci\u00f3n del profesional<br><br>&nbsp;<\/td><td><strong>Objetivos de desarrollo sostenible:&nbsp;<\/strong><br>4. Garantizar una educaci\u00f3n inclusiva y equitativa de calidad y promover oportunidades de aprendizaje permanente para todos.<\/td><\/tr><tr><\/tr><tr><\/tr><tr><\/tr><tr><td><strong>Fecha inicio:<\/strong> <br>Junio 2021<\/td><td><strong>Fecha de Fin Planeado:<\/strong> <br>Febrero 2024<\/td><\/tr><tr><\/tr><\/tbody><\/table><\/figure>\n\n\n\n<figure class=\"wp-block-table is-style-regular\"><table><tbody><tr><td><strong>Convenios:<\/strong> <br>GADS Cantonales&nbsp;<\/td><\/tr><tr><\/tr><tr><\/tr><tr><td><strong>Beneficiarios:<\/strong><br>Estudiantes de tercer nivel y l\u00edderes comunitarios de la provincia de Manab\u00ed.<\/td><\/tr><tr><\/tr><tr><\/tr><tr><\/tr><\/tbody><\/table><\/figure>\n\n\n\n<p><strong>FUENTES DE INFORMACI\u00d3N<\/strong><\/p>\n\n\n\n<figure class=\"wp-block-table is-style-regular\"><table><tbody><tr><td>Ley Org\u00e1nica de Educaci\u00f3n Superior<br>Reglamento de R\u00e9gimen Acad\u00e9mico<br>L\u00edneas de Investigaci\u00f3n y L\u00edneas de Vinculaci\u00f3n ULEAM<br>Objetivos de Desarrollo Sostenible<br>Plan Nacional de desarrollo: creando oportunidades 2021-2025&nbsp;<br>INEC, Variables e Indicadores.&nbsp;<br>Planes de Desarrollo y Ordenamiento Territorial<br>Plan Estrat\u00e9gico de Desarrollo Institucional ULEAM<\/td><\/tr><tr><\/tr><tr><\/tr><tr><\/tr><tr><\/tr><tr><\/tr><\/tbody><\/table><\/figure>\n\n\n\n<p><strong>COBERTURA Y LOCALIZACI\u00d3N<\/strong><\/p>\n\n\n\n<figure class=\"wp-block-table is-style-regular\"><table><tbody><tr><td><strong>Alcance territorial:<\/strong><br>Provincial<\/td><td><strong>Provincia\/s:<\/strong><br>Manab\u00ed<\/td><\/tr><tr><\/tr><\/tbody><\/table><\/figure>\n\n\n\n<figure class=\"wp-block-table is-style-regular\"><table><tbody><tr><td><strong>Cant\u00f3n o Cantones: <\/strong><br>22 Cantones<\/td><td><strong>Parroquia\/s: <\/strong><br>Jurisdicci\u00f3n de los cantones involucrados&nbsp;<\/td><td><strong>Barrio\/s: <\/strong><br>Jurisdicci\u00f3n de los cantones involucrados&nbsp;<\/td><\/tr><tr><\/tr><\/tbody><\/table><\/figure>\n\n\n\n<p><strong>PRESUPUESTO<\/strong><\/p>\n\n\n\n<figure class=\"wp-block-table is-style-regular\"><table><tbody><tr><td><strong>Presupuesto financiar por la IES:<\/strong> <br>$ 117.720,00<\/td><td><strong>Presupuesto total de aliados estrat\u00e9gicos:<\/strong>&nbsp; <br>$ 00,00<\/td><\/tr><tr><\/tr><\/tbody><\/table><\/figure>\n\n\n\n<div style=\"height:38px\" aria-hidden=\"true\" class=\"wp-block-spacer\"><\/div>\n\n\n\n<p><strong>OBJETIVO DEL PROYECTO<\/strong><\/p>\n\n\n\n<p class=\"has-text-align-center\"><strong><em>OBJETIVO GENERAL<\/em><\/strong><\/p>\n\n\n\n<figure class=\"wp-block-table is-style-regular\"><table><tbody><tr><td>Desarrollar un centro de alto nivel para la formaci\u00f3n en liderazgo, innovaci\u00f3n, emprendimiento universitario y comunitario, en la Provincia de Manab\u00ed.&nbsp;<\/td><\/tr><tr><\/tr><tr><\/tr><tr><\/tr><tr><\/tr><\/tbody><\/table><\/figure>\n\n\n\n<p class=\"has-text-align-center\"><strong><em>OBJETIVOS ESPEC\u00cdFICOS<\/em><\/strong><\/p>\n\n\n\n<figure class=\"wp-block-table is-style-regular\"><table><tbody><tr><td><strong>O.E1:<\/strong> Levantar la l\u00ednea base para el proyecto.&nbsp;<br><br><strong>O.E2:<\/strong> Establecer la metodolog\u00eda para la Escuela de Liderazgo.<br><br><strong>O.E3:<\/strong> Desarrollar competencias personales y profesionales con \u00e9nfasis en generaci\u00f3n de contactos afines de causas,&nbsp; a trav\u00e9s del liderazgo universitario y comunitario&nbsp;<br><br><strong>O.E4:<\/strong> Fomentar el liderazgo en los beneficiarios con la implementaci\u00f3n de una red de l\u00edderes que contribuya con el crecimiento social y econ\u00f3mico de los territorios en Manab\u00ed.&nbsp;<\/td><\/tr><tr><\/tr><tr><\/tr><tr><\/tr><tr><\/tr><tr><\/tr><tr><\/tr><tr><\/tr><tr><\/tr><tr><\/tr><tr><\/tr><\/tbody><\/table><\/figure>\n\n\n\n<div style=\"height:38px\" aria-hidden=\"true\" class=\"wp-block-spacer\"><\/div>\n\n\n\n<div class=\"wp-block-file aligncenter\"><a href=\"https:\/\/departamentos.uleam.edu.ec\/vinculacion-colectividad\/files\/2022\/08\/v2-Proyecto-de-Vinculacion-Escuela-de-Liderazgo-3-1.pdf\" class=\"wp-block-file__button\" download>Descarga<\/a><\/div>\n","protected":false},"excerpt":{"rendered":"<p>PER\u00cdODO ACAD\u00c9MICO 2021&nbsp; Proyecto Interdisciplinario de Vinculaci\u00f3n y Emprendimiento L\u00cdNEA DE VINCULACI\u00d3N: \u00abEducaci\u00f3n&nbsp; y formaci\u00f3n de profesionales\u00bb Equipo T\u00e9cnico:Dr. Marcos Zambrano ZambranoDra. C. Lourdes MoraAb. Elizabeth Molina \u00c1lvarezDra. C. Daysi Soto Calder\u00f3n&nbsp;<a class=\"moretag\" href=\"https:\/\/departamentos.uleam.edu.ec\/vinculacion-colectividad\/escueladeliderazgo\/\">Leer m\u00e1s&#8230;<\/a><\/p>\n","protected":false},"author":124,"featured_media":0,"parent":0,"menu_order":0,"comment_status":"closed","ping_status":"closed","template":"","meta":{"footnotes":"","_links_to":"","_links_to_target":""},"class_list":["post-4260","page","type-page","status-publish","hentry"],"_links":{"self":[{"href":"https:\/\/departamentos.uleam.edu.ec\/vinculacion-colectividad\/wp-json\/wp\/v2\/pages\/4260","targetHints":{"allow":["GET"]}}],"collection":[{"href":"https:\/\/departamentos.uleam.edu.ec\/vinculacion-colectividad\/wp-json\/wp\/v2\/pages"}],"about":[{"href":"https:\/\/departamentos.uleam.edu.ec\/vinculacion-colectividad\/wp-json\/wp\/v2\/types\/page"}],"author":[{"embeddable":true,"href":"https:\/\/departamentos.uleam.edu.ec\/vinculacion-colectividad\/wp-json\/wp\/v2\/users\/124"}],"replies":[{"embeddable":true,"href":"https:\/\/departamentos.uleam.edu.ec\/vinculacion-colectividad\/wp-json\/wp\/v2\/comments?post=4260"}],"version-history":[{"count":5,"href":"https:\/\/departamentos.uleam.edu.ec\/vinculacion-colectividad\/wp-json\/wp\/v2\/pages\/4260\/revisions"}],"predecessor-version":[{"id":5199,"href":"https:\/\/departamentos.uleam.edu.ec\/vinculacion-colectividad\/wp-json\/wp\/v2\/pages\/4260\/revisions\/5199"}],"wp:attachment":[{"href":"https:\/\/departamentos.uleam.edu.ec\/vinculacion-colectividad\/wp-json\/wp\/v2\/media?parent=4260"}],"curies":[{"name":"wp","href":"https:\/\/api.w.org\/{rel}","templated":true}]}}

Escuela de Liderazgo “Rosalía Arteaga”

<p class="has-text-align-center" style="font-size:24px"><strong>PERÍODO ACADÉMICO 2021</strong>&nbsp;</p>



<p style="font-size:18px">Proyecto Interdisciplinario de Vinculación y Emprendimiento</p>



<p style="font-size:18px"><strong><em>LÍNEA DE VINCULACIÓN:</em></strong> «Educación&nbsp; y formación de profesionales»</p>



<div style="height:73px" aria-hidden="true" class="wp-block-spacer"></div>



<figure class="wp-block-table is-style-regular"><table><tbody><tr><td><strong>Equipo Técnico:</strong><br>Dr. Marcos Zambrano Zambrano<br>Dra. C. Lourdes Mora<br>Ab. Elizabeth Molina Álvarez<br>Dra. C. Daysi Soto Calderón&nbsp;</td></tr><tr></tr><tr></tr><tr></tr><tr></tr><tr></tr></tbody></table></figure>



<figure class="wp-block-table is-style-regular"><table><tbody><tr><td><strong>Área del conocimiento:</strong><br>Programas generales&nbsp;</td><td><strong>Subárea del conocimiento:</strong><br>Desarrollo personal&nbsp;</td><td><strong>Subárea específica:</strong><br>Desarrollo de destrezas personales</td></tr><tr></tr><tr></tr><tr></tr><tr><td><strong>Campo amplio:</strong><br>Educación</td><td><strong>Campo específico:&nbsp;</strong><br>Competencias personales y desarrollo&nbsp;</td><td><strong>Campos detallados:</strong><br>Desarrollo personal&nbsp;</td></tr><tr></tr><tr></tr><tr></tr></tbody></table></figure>



<figure class="wp-block-table is-style-regular"><table><tbody><tr><td><strong>Línea de Vinculación:</strong><br>Educación&nbsp; y formación de profesionales</td><td><strong>Dominio académico:</strong><br>Desarrollo de habilidades personales&nbsp;</td></tr><tr></tr><tr></tr><tr></tr><tr><td><strong>Línea de Investigación:</strong><br>Educación y formación del profesional<br><br>&nbsp;</td><td><strong>Objetivos de desarrollo sostenible:&nbsp;</strong><br>4. Garantizar una educación inclusiva y equitativa de calidad y promover oportunidades de aprendizaje permanente para todos.</td></tr><tr></tr><tr></tr><tr></tr><tr><td><strong>Fecha inicio:</strong> <br>Junio 2021</td><td><strong>Fecha de Fin Planeado:</strong> <br>Febrero 2024</td></tr><tr></tr></tbody></table></figure>



<figure class="wp-block-table is-style-regular"><table><tbody><tr><td><strong>Convenios:</strong> <br>GADS Cantonales&nbsp;</td></tr><tr></tr><tr></tr><tr><td><strong>Beneficiarios:</strong><br>Estudiantes de tercer nivel y líderes comunitarios de la provincia de Manabí.</td></tr><tr></tr><tr></tr><tr></tr></tbody></table></figure>



<p><strong>FUENTES DE INFORMACIÓN</strong></p>



<figure class="wp-block-table is-style-regular"><table><tbody><tr><td>Ley Orgánica de Educación Superior<br>Reglamento de Régimen Académico<br>Líneas de Investigación y Líneas de Vinculación ULEAM<br>Objetivos de Desarrollo Sostenible<br>Plan Nacional de desarrollo: creando oportunidades 2021-2025&nbsp;<br>INEC, Variables e Indicadores.&nbsp;<br>Planes de Desarrollo y Ordenamiento Territorial<br>Plan Estratégico de Desarrollo Institucional ULEAM</td></tr><tr></tr><tr></tr><tr></tr><tr></tr><tr></tr></tbody></table></figure>



<p><strong>COBERTURA Y LOCALIZACIÓN</strong></p>



<figure class="wp-block-table is-style-regular"><table><tbody><tr><td><strong>Alcance territorial:</strong><br>Provincial</td><td><strong>Provincia/s:</strong><br>Manabí</td></tr><tr></tr></tbody></table></figure>



<figure class="wp-block-table is-style-regular"><table><tbody><tr><td><strong>Cantón o Cantones: </strong><br>22 Cantones</td><td><strong>Parroquia/s: </strong><br>Jurisdicción de los cantones involucrados&nbsp;</td><td><strong>Barrio/s: </strong><br>Jurisdicción de los cantones involucrados&nbsp;</td></tr><tr></tr></tbody></table></figure>



<p><strong>PRESUPUESTO</strong></p>



<figure class="wp-block-table is-style-regular"><table><tbody><tr><td><strong>Presupuesto financiar por la IES:</strong> <br>$ 117.720,00</td><td><strong>Presupuesto total de aliados estratégicos:</strong>&nbsp; <br>$ 00,00</td></tr><tr></tr></tbody></table></figure>



<div style="height:38px" aria-hidden="true" class="wp-block-spacer"></div>



<p><strong>OBJETIVO DEL PROYECTO</strong></p>



<p class="has-text-align-center"><strong><em>OBJETIVO GENERAL</em></strong></p>



<figure class="wp-block-table is-style-regular"><table><tbody><tr><td>Desarrollar un centro de alto nivel para la formación en liderazgo, innovación, emprendimiento universitario y comunitario, en la Provincia de Manabí.&nbsp;</td></tr><tr></tr><tr></tr><tr></tr><tr></tr></tbody></table></figure>



<p class="has-text-align-center"><strong><em>OBJETIVOS ESPECÍFICOS</em></strong></p>



<figure class="wp-block-table is-style-regular"><table><tbody><tr><td><strong>O.E1:</strong> Levantar la línea base para el proyecto.&nbsp;<br><br><strong>O.E2:</strong> Establecer la metodología para la Escuela de Liderazgo.<br><br><strong>O.E3:</strong> Desarrollar competencias personales y profesionales con énfasis en generación de contactos afines de causas,&nbsp; a través del liderazgo universitario y comunitario&nbsp;<br><br><strong>O.E4:</strong> Fomentar el liderazgo en los beneficiarios con la implementación de una red de líderes que contribuya con el crecimiento social y económico de los territorios en Manabí.&nbsp;</td></tr><tr></tr><tr></tr><tr></tr><tr></tr><tr></tr><tr></tr><tr></tr><tr></tr><tr></tr><tr></tr></tbody></table></figure>



<div style="height:38px" aria-hidden="true" class="wp-block-spacer"></div>



<div class="wp-block-file aligncenter"><a href="https://departamentos.uleam.edu.ec/vinculacion-colectividad/files/2022/08/v2-Proyecto-de-Vinculacion-Escuela-de-Liderazgo-3-1.pdf" class="wp-block-file__button" download>Descarga</a></div>

<p>PERÍODO ACADÉMICO 2021&nbsp; Proyecto Interdisciplinario de Vinculación y Emprendimiento LÍNEA DE VINCULACIÓN: «Educación&nbsp; y formación de profesionales» Equipo Técnico:Dr. Marcos Zambrano ZambranoDra. C. Lourdes MoraAb. Elizabeth Molina ÁlvarezDra. C. Daysi Soto Calderón&nbsp;<a class="moretag" href="https://departamentos.uleam.edu.ec/vinculacion-colectividad/escueladeliderazgo/">Leer más&#8230;</a></p>
