{"id":4265,"date":"2022-08-05T08:33:43","date_gmt":"2022-08-05T13:33:43","guid":{"rendered":"https:\/\/departamentos.uleam.edu.ec\/vinculacion-colectividad\/?page_id=4265"},"modified":"2023-05-11T08:49:57","modified_gmt":"2023-05-11T13:49:57","slug":"capacitacion-en-competencias-laborales-para-la-reactivacion-economica-post-pandemia-covid-19-en-la-provincia-de-manabi","status":"publish","type":"page","link":"https:\/\/departamentos.uleam.edu.ec\/vinculacion-colectividad\/capacitacion-en-competencias-laborales-para-la-reactivacion-economica-post-pandemia-covid-19-en-la-provincia-de-manabi\/","title":{"rendered":"Capacitaci\u00f3n en competencias laborales para la reactivaci\u00f3n econ\u00f3mica Post Pandemia COVID 19 en la provincia de Manab\u00ed."},"content":{"rendered":"\n<p class=\"has-text-align-center\" style=\"font-size:24px\">PER\u00cdODO ACAD\u00c9MICO 2021<\/p>\n\n\n\n<p style=\"font-size:18px\">Proyecto Interdisciplinario de Vinculaci\u00f3n y Emprendimiento <\/p>\n\n\n\n<p style=\"font-size:18px\"><strong><em>L\u00cdNEA DE VINCULACI\u00d3N<\/em>: <\/strong>\u00abDesarrollo econ\u00f3mico, sostenible y empresarial\u00bb.<\/p>\n\n\n\n<div style=\"height:63px\" aria-hidden=\"true\" class=\"wp-block-spacer\"><\/div>\n\n\n\n<figure class=\"wp-block-table is-style-regular\"><table><tbody><tr><td><strong>Equipo T\u00e9cnico:<\/strong><br>Dr. Marcos Zambrano Zambrano, Rector Uleam<br>Dra. C. Lourdes Mora, Directora de Vinculaci\u00f3n y Emprendimiento<br>Dr. Marcelo Duque Hermozo<br>Lic. Eli\u00e9cer Castillo Bravo<br>Dra. C. Pahola D\u00edaz Rodr\u00edguez<\/td><\/tr><tr><\/tr><tr><\/tr><tr><\/tr><tr><\/tr><tr><\/tr><\/tbody><\/table><\/figure>\n\n\n\n<figure class=\"wp-block-table is-style-regular\"><table><tbody><tr><td><strong>\u00c1rea del conocimiento:<\/strong><br>Programas generales<\/td><td><strong>Sub\u00e1rea del conocimiento:<\/strong><br>Desarrollo personal<\/td><td><strong>Sub\u00e1rea espec\u00edfica:<\/strong><br>Desarrollo de destrezas personales.<\/td><\/tr><tr><\/tr><tr><\/tr><tr><\/tr><tr><td><strong>Campo Amplio:<\/strong><br>Administraci\u00f3n de empresas y Derecho<\/td><td><strong>Campo espec\u00edfico: <\/strong><br>Educaci\u00f3n comercial y administraci\u00f3n.<\/td><td><strong>Campos detallados:<\/strong><br>Gesti\u00f3n y administraci\u00f3n<\/td><\/tr><tr><\/tr><tr><\/tr><tr><\/tr><\/tbody><\/table><\/figure>\n\n\n\n<figure class=\"wp-block-table is-style-regular\"><table><tbody><tr><td><strong>L\u00ednea de Vinculaci\u00f3n:<\/strong><br>Desarrollo econ\u00f3mico, sostenible y empresarial.<\/td><td><strong>Dominio acad\u00e9mico:<\/strong><br>Econom\u00eda social y solidaria para el buen vivir.<\/td><\/tr><tr><\/tr><tr><\/tr><tr><td><strong>L\u00ednea de Investigaci\u00f3n:<\/strong><br>Econom\u00eda y desarrollo sustentable<\/td><td><strong>Objetivos de desarrollo sostenible:<\/strong><br>4. Promover el crecimiento econ\u00f3mico sostenido, inclusivo y sostenible, el empleo pleno y productivo y el trabajo decente para todos.<\/td><\/tr><tr><\/tr><tr><\/tr><tr><\/tr><tr><\/tr><tr><td><strong>Fecha inicio planificado:<\/strong><br>Junio de 2021<\/td><td><strong>Fecha de Fin Planeado:<\/strong><br>Abril de 2024<\/td><\/tr><tr><\/tr><\/tbody><\/table><\/figure>\n\n\n\n<figure class=\"wp-block-table is-style-regular\"><table><tbody><tr><td><strong>Convenios:<\/strong> <br>GAD Parroquiales, organizaciones comunitarias y entidades p\u00fablicas<\/td><\/tr><tr><\/tr><tr><td><strong>Beneficiarios:<\/strong> <br>Miembros de juntas parroquiales y comunidades<\/td><\/tr><tr><\/tr><tr><\/tr><tr><\/tr><\/tbody><\/table><\/figure>\n\n\n\n<p class=\"has-normal-font-size\"><strong>FUENTE DE INFORMACI\u00d3N<\/strong><\/p>\n\n\n\n<figure class=\"wp-block-table is-style-regular\"><table><tbody><tr><td>Ley Org\u00e1nica de Educaci\u00f3n Superior<br>Reglamento de R\u00e9gimen Acad\u00e9mico<br>L\u00edneas de Investigaci\u00f3n y L\u00edneas de Vinculaci\u00f3n ULEAM<br>Objetivos de Desarrollo Sostenible<br>Plan Nacional de Desarrollo 2017-2021 -Toda una Vida <br>INEC, Variables e Indicadores. <br>Planes de Desarrollo y Ordenamiento Territorial<br>Plan Estrat\u00e9gico de Desarrollo Institucional ULEAM<\/td><\/tr><tr><\/tr><tr><\/tr><tr><\/tr><tr><\/tr><tr><\/tr><\/tbody><\/table><\/figure>\n\n\n\n<p class=\"has-normal-font-size\"><strong>COBERTURA Y LOCALIZACI\u00d3N<\/strong> <\/p>\n\n\n\n<figure class=\"wp-block-table is-style-regular\"><table><tbody><tr><td><strong>Alcance territorial:<\/strong><br>Provincial&nbsp;<\/td><td><strong>Provincia\/s:<\/strong><br>Manab\u00ed<\/td><\/tr><tr><\/tr><\/tbody><\/table><\/figure>\n\n\n\n<figure class=\"wp-block-table is-style-regular\"><table><tbody><tr><td><strong>Cant\u00f3n o cantones:<\/strong><br>22 cantones.<\/td><td><strong>Parroquias:<\/strong><br>55 juntas parroquiales<\/td><td><strong>Barrio\/s:<\/strong><br>Jurisdicci\u00f3n de las juntas involucradas<\/td><\/tr><tr><\/tr><\/tbody><\/table><\/figure>\n\n\n\n<p class=\"has-normal-font-size\"><strong>PRESUPUESTO<\/strong> <\/p>\n\n\n\n<figure class=\"wp-block-table is-style-regular\"><table><tbody><tr><td><strong>Presupuesto financiar por la IES: <\/strong><br>$ 171.600,00<\/td><td><strong>Presupuesto total de aliados estrat\u00e9gicos:&nbsp; <\/strong><br>$ 50.000,00<\/td><\/tr><tr><\/tr><\/tbody><\/table><\/figure>\n\n\n\n<div style=\"height:25px\" aria-hidden=\"true\" class=\"wp-block-spacer\"><\/div>\n\n\n\n<p class=\"has-normal-font-size\"><strong>OBJETIVO DEL PROYECTO<\/strong><\/p>\n\n\n\n<p class=\"has-text-align-center\"><strong><em>OBJETIVO GENERAL<\/em><\/strong><\/p>\n\n\n\n<figure class=\"wp-block-table is-style-regular\"><table><tbody><tr><td>Promover&nbsp; el&nbsp; desarrollo&nbsp; integral&nbsp; de&nbsp; las&nbsp; comunidades a&nbsp; trav\u00e9sde la capacitaci\u00f3n, enproyectosbasados&nbsp; en&nbsp; competencias&nbsp; laborales&nbsp; para&nbsp; la&nbsp; reactivaci\u00f3n&nbsp; econ\u00f3mica&nbsp; post pandemia&nbsp; COVID&nbsp; 19&nbsp; en&nbsp; la&nbsp; provincia&nbsp; de&nbsp; Manab\u00ed&nbsp; con la&nbsp; participaci\u00f3n&nbsp; de&nbsp; docentes&nbsp; y estudiantes de la Universidad Laica Eloy Alfaro de Manab\u00ed.<\/td><\/tr><tr><\/tr><tr><\/tr><tr><\/tr><tr><\/tr><\/tbody><\/table><\/figure>\n\n\n\n<p class=\"has-text-align-center\"><em> <strong>OBJET<\/strong><\/em><strong><em>IVOS ESPEC<\/em><\/strong><em><strong>\u00cd<\/strong><\/em><strong><em>FICOS <\/em><\/strong> <\/p>\n\n\n\n<figure class=\"wp-block-table is-style-regular\"><table><tbody><tr><td><strong>O.E1:<\/strong> Levantar la l\u00ednea base para el proyecto.<br><br><strong>O.E2:<\/strong> Establecer la&nbsp; metodolog\u00eda para la&nbsp; implementaci\u00f3n de&nbsp; ejes relacionados&nbsp; con capacitaci\u00f3n,&nbsp; asesoramiento&nbsp; en las&nbsp; parroquias&nbsp; rurales,&nbsp; desarrollo&nbsp; habitacional&nbsp; y micro emprendimientos.<br><br><strong>O.E3: <\/strong>Capacitar a trav\u00e9s de los ejes para el desarrollo de competencias personales y profesionales, dando \u00e9nfasis en la co y auto gesti\u00f3n comunitaria.<br><br><strong>O.E4:<\/strong> Implementar&nbsp; proyectos sustentables&nbsp; que&nbsp; permitan&nbsp; un&nbsp; desarrollo&nbsp; integral&nbsp; del territorio intervenido.<\/td><\/tr><tr><\/tr><tr><\/tr><tr><\/tr><tr><\/tr><tr><\/tr><tr><\/tr><tr><\/tr><tr><\/tr><tr><\/tr><tr><\/tr><\/tbody><\/table><\/figure>\n\n\n\n<div style=\"height:25px\" aria-hidden=\"true\" class=\"wp-block-spacer\"><\/div>\n\n\n\n<div class=\"wp-block-file aligncenter\"><a href=\"https:\/\/departamentos.uleam.edu.ec\/vinculacion-colectividad\/files\/2022\/08\/Proyecto-Vinculacion-CAPACITACION-EN-COMPETENCIAS-LABORALES-.pdf\" class=\"wp-block-file__button\" download>Descarga<\/a><\/div>\n","protected":false},"excerpt":{"rendered":"<p>PER\u00cdODO ACAD\u00c9MICO 2021 Proyecto Interdisciplinario de Vinculaci\u00f3n y Emprendimiento L\u00cdNEA DE VINCULACI\u00d3N: \u00abDesarrollo econ\u00f3mico, sostenible y empresarial\u00bb. Equipo T\u00e9cnico:Dr. Marcos Zambrano Zambrano, Rector UleamDra. C. Lourdes Mora, Directora de Vinculaci\u00f3n y EmprendimientoDr.<a class=\"moretag\" href=\"https:\/\/departamentos.uleam.edu.ec\/vinculacion-colectividad\/capacitacion-en-competencias-laborales-para-la-reactivacion-economica-post-pandemia-covid-19-en-la-provincia-de-manabi\/\">Leer m\u00e1s&#8230;<\/a><\/p>\n","protected":false},"author":124,"featured_media":0,"parent":0,"menu_order":0,"comment_status":"closed","ping_status":"closed","template":"","meta":{"footnotes":"","_links_to":"","_links_to_target":""},"class_list":["post-4265","page","type-page","status-publish","hentry"],"_links":{"self":[{"href":"https:\/\/departamentos.uleam.edu.ec\/vinculacion-colectividad\/wp-json\/wp\/v2\/pages\/4265","targetHints":{"allow":["GET"]}}],"collection":[{"href":"https:\/\/departamentos.uleam.edu.ec\/vinculacion-colectividad\/wp-json\/wp\/v2\/pages"}],"about":[{"href":"https:\/\/departamentos.uleam.edu.ec\/vinculacion-colectividad\/wp-json\/wp\/v2\/types\/page"}],"author":[{"embeddable":true,"href":"https:\/\/departamentos.uleam.edu.ec\/vinculacion-colectividad\/wp-json\/wp\/v2\/users\/124"}],"replies":[{"embeddable":true,"href":"https:\/\/departamentos.uleam.edu.ec\/vinculacion-colectividad\/wp-json\/wp\/v2\/comments?post=4265"}],"version-history":[{"count":10,"href":"https:\/\/departamentos.uleam.edu.ec\/vinculacion-colectividad\/wp-json\/wp\/v2\/pages\/4265\/revisions"}],"predecessor-version":[{"id":5200,"href":"https:\/\/departamentos.uleam.edu.ec\/vinculacion-colectividad\/wp-json\/wp\/v2\/pages\/4265\/revisions\/5200"}],"wp:attachment":[{"href":"https:\/\/departamentos.uleam.edu.ec\/vinculacion-colectividad\/wp-json\/wp\/v2\/media?parent=4265"}],"curies":[{"name":"wp","href":"https:\/\/api.w.org\/{rel}","templated":true}]}}

Capacitación en competencias laborales para la reactivación económica Post Pandemia COVID 19 en la provincia de Manabí.

<p class="has-text-align-center" style="font-size:24px">PERÍODO ACADÉMICO 2021</p>



<p style="font-size:18px">Proyecto Interdisciplinario de Vinculación y Emprendimiento </p>



<p style="font-size:18px"><strong><em>LÍNEA DE VINCULACIÓN</em>: </strong>«Desarrollo económico, sostenible y empresarial».</p>



<div style="height:63px" aria-hidden="true" class="wp-block-spacer"></div>



<figure class="wp-block-table is-style-regular"><table><tbody><tr><td><strong>Equipo Técnico:</strong><br>Dr. Marcos Zambrano Zambrano, Rector Uleam<br>Dra. C. Lourdes Mora, Directora de Vinculación y Emprendimiento<br>Dr. Marcelo Duque Hermozo<br>Lic. Eliécer Castillo Bravo<br>Dra. C. Pahola Díaz Rodríguez</td></tr><tr></tr><tr></tr><tr></tr><tr></tr><tr></tr></tbody></table></figure>



<figure class="wp-block-table is-style-regular"><table><tbody><tr><td><strong>Área del conocimiento:</strong><br>Programas generales</td><td><strong>Subárea del conocimiento:</strong><br>Desarrollo personal</td><td><strong>Subárea específica:</strong><br>Desarrollo de destrezas personales.</td></tr><tr></tr><tr></tr><tr></tr><tr><td><strong>Campo Amplio:</strong><br>Administración de empresas y Derecho</td><td><strong>Campo específico: </strong><br>Educación comercial y administración.</td><td><strong>Campos detallados:</strong><br>Gestión y administración</td></tr><tr></tr><tr></tr><tr></tr></tbody></table></figure>



<figure class="wp-block-table is-style-regular"><table><tbody><tr><td><strong>Línea de Vinculación:</strong><br>Desarrollo económico, sostenible y empresarial.</td><td><strong>Dominio académico:</strong><br>Economía social y solidaria para el buen vivir.</td></tr><tr></tr><tr></tr><tr><td><strong>Línea de Investigación:</strong><br>Economía y desarrollo sustentable</td><td><strong>Objetivos de desarrollo sostenible:</strong><br>4. Promover el crecimiento económico sostenido, inclusivo y sostenible, el empleo pleno y productivo y el trabajo decente para todos.</td></tr><tr></tr><tr></tr><tr></tr><tr></tr><tr><td><strong>Fecha inicio planificado:</strong><br>Junio de 2021</td><td><strong>Fecha de Fin Planeado:</strong><br>Abril de 2024</td></tr><tr></tr></tbody></table></figure>



<figure class="wp-block-table is-style-regular"><table><tbody><tr><td><strong>Convenios:</strong> <br>GAD Parroquiales, organizaciones comunitarias y entidades públicas</td></tr><tr></tr><tr><td><strong>Beneficiarios:</strong> <br>Miembros de juntas parroquiales y comunidades</td></tr><tr></tr><tr></tr><tr></tr></tbody></table></figure>



<p class="has-normal-font-size"><strong>FUENTE DE INFORMACIÓN</strong></p>



<figure class="wp-block-table is-style-regular"><table><tbody><tr><td>Ley Orgánica de Educación Superior<br>Reglamento de Régimen Académico<br>Líneas de Investigación y Líneas de Vinculación ULEAM<br>Objetivos de Desarrollo Sostenible<br>Plan Nacional de Desarrollo 2017-2021 -Toda una Vida <br>INEC, Variables e Indicadores. <br>Planes de Desarrollo y Ordenamiento Territorial<br>Plan Estratégico de Desarrollo Institucional ULEAM</td></tr><tr></tr><tr></tr><tr></tr><tr></tr><tr></tr></tbody></table></figure>



<p class="has-normal-font-size"><strong>COBERTURA Y LOCALIZACIÓN</strong> </p>



<figure class="wp-block-table is-style-regular"><table><tbody><tr><td><strong>Alcance territorial:</strong><br>Provincial&nbsp;</td><td><strong>Provincia/s:</strong><br>Manabí</td></tr><tr></tr></tbody></table></figure>



<figure class="wp-block-table is-style-regular"><table><tbody><tr><td><strong>Cantón o cantones:</strong><br>22 cantones.</td><td><strong>Parroquias:</strong><br>55 juntas parroquiales</td><td><strong>Barrio/s:</strong><br>Jurisdicción de las juntas involucradas</td></tr><tr></tr></tbody></table></figure>



<p class="has-normal-font-size"><strong>PRESUPUESTO</strong> </p>



<figure class="wp-block-table is-style-regular"><table><tbody><tr><td><strong>Presupuesto financiar por la IES: </strong><br>$ 171.600,00</td><td><strong>Presupuesto total de aliados estratégicos:&nbsp; </strong><br>$ 50.000,00</td></tr><tr></tr></tbody></table></figure>



<div style="height:25px" aria-hidden="true" class="wp-block-spacer"></div>



<p class="has-normal-font-size"><strong>OBJETIVO DEL PROYECTO</strong></p>



<p class="has-text-align-center"><strong><em>OBJETIVO GENERAL</em></strong></p>



<figure class="wp-block-table is-style-regular"><table><tbody><tr><td>Promover&nbsp; el&nbsp; desarrollo&nbsp; integral&nbsp; de&nbsp; las&nbsp; comunidades a&nbsp; travésde la capacitación, enproyectosbasados&nbsp; en&nbsp; competencias&nbsp; laborales&nbsp; para&nbsp; la&nbsp; reactivación&nbsp; económica&nbsp; post pandemia&nbsp; COVID&nbsp; 19&nbsp; en&nbsp; la&nbsp; provincia&nbsp; de&nbsp; Manabí&nbsp; con la&nbsp; participación&nbsp; de&nbsp; docentes&nbsp; y estudiantes de la Universidad Laica Eloy Alfaro de Manabí.</td></tr><tr></tr><tr></tr><tr></tr><tr></tr></tbody></table></figure>



<p class="has-text-align-center"><em> <strong>OBJET</strong></em><strong><em>IVOS ESPEC</em></strong><em><strong>Í</strong></em><strong><em>FICOS </em></strong> </p>



<figure class="wp-block-table is-style-regular"><table><tbody><tr><td><strong>O.E1:</strong> Levantar la línea base para el proyecto.<br><br><strong>O.E2:</strong> Establecer la&nbsp; metodología para la&nbsp; implementación de&nbsp; ejes relacionados&nbsp; con capacitación,&nbsp; asesoramiento&nbsp; en las&nbsp; parroquias&nbsp; rurales,&nbsp; desarrollo&nbsp; habitacional&nbsp; y micro emprendimientos.<br><br><strong>O.E3: </strong>Capacitar a través de los ejes para el desarrollo de competencias personales y profesionales, dando énfasis en la co y auto gestión comunitaria.<br><br><strong>O.E4:</strong> Implementar&nbsp; proyectos sustentables&nbsp; que&nbsp; permitan&nbsp; un&nbsp; desarrollo&nbsp; integral&nbsp; del territorio intervenido.</td></tr><tr></tr><tr></tr><tr></tr><tr></tr><tr></tr><tr></tr><tr></tr><tr></tr><tr></tr><tr></tr></tbody></table></figure>



<div style="height:25px" aria-hidden="true" class="wp-block-spacer"></div>



<div class="wp-block-file aligncenter"><a href="https://departamentos.uleam.edu.ec/vinculacion-colectividad/files/2022/08/Proyecto-Vinculacion-CAPACITACION-EN-COMPETENCIAS-LABORALES-.pdf" class="wp-block-file__button" download>Descarga</a></div>

<p>PERÍODO ACADÉMICO 2021 Proyecto Interdisciplinario de Vinculación y Emprendimiento LÍNEA DE VINCULACIÓN: «Desarrollo económico, sostenible y empresarial». Equipo Técnico:Dr. Marcos Zambrano Zambrano, Rector UleamDra. C. Lourdes Mora, Directora de Vinculación y EmprendimientoDr.<a class="moretag" href="https://departamentos.uleam.edu.ec/vinculacion-colectividad/capacitacion-en-competencias-laborales-para-la-reactivacion-economica-post-pandemia-covid-19-en-la-provincia-de-manabi/">Leer más&#8230;</a></p>
