{"id":4288,"date":"2022-08-05T08:54:09","date_gmt":"2022-08-05T13:54:09","guid":{"rendered":"https:\/\/departamentos.uleam.edu.ec\/vinculacion-colectividad\/?page_id=4288"},"modified":"2022-10-25T10:07:16","modified_gmt":"2022-10-25T15:07:16","slug":"https-departamentos-uleam-edu-ec-vinculacion-colectividad-proyectos2022-concursos-y-simposios-de-arte","status":"publish","type":"page","link":"https:\/\/departamentos.uleam.edu.ec\/vinculacion-colectividad\/https-departamentos-uleam-edu-ec-vinculacion-colectividad-proyectos2022-concursos-y-simposios-de-arte\/","title":{"rendered":"Concursos y Simposios de Arte Uleam"},"content":{"rendered":"\n<p class=\"has-text-align-center\" style=\"font-size:24px\">PER\u00cdODO 2022<\/p>\n\n\n\n<p style=\"font-size:18px\">Proyecto de Vinculaci\u00f3n y Emprendimiento<\/p>\n\n\n\n<p style=\"font-size:18px\"><strong><em>L\u00cdNEA DE VINCULACI\u00d3N:<\/em><\/strong>&nbsp;\u00abProyecto de Transferencia Social del Conocimiento\u00bb<\/p>\n\n\n\n<div style=\"height:70px\" aria-hidden=\"true\" class=\"wp-block-spacer\"><\/div>\n\n\n\n<figure class=\"wp-block-table is-style-regular\"><table><tbody><tr><td><strong>Decano:<\/strong><br>Dr. H\u00e9ctor Cede\u00f1o Zambrano<br><strong>L\u00edder del Proyecto<\/strong>:<br>Edison Casam\u00edn<\/td><\/tr><tr><\/tr><tr><\/tr><tr><\/tr><tr><\/tr><tr><\/tr><\/tbody><\/table><\/figure>\n\n\n\n<figure class=\"wp-block-table is-style-regular\"><table><tbody><tr><td><strong>Nombre de la Facultad o Unidad Acad\u00e9mica Responsable:<\/strong><br>Arquitectura<\/td><td><strong>Carrera:<\/strong> <br>Artes Pl\u00e1sticas<\/td><td><strong>Tipo Proyecto: <\/strong><br>Vinculaci\u00f3n&nbsp;<\/td><\/tr><tr><\/tr><tr><\/tr><tr><\/tr><tr><td><strong>Dominio Acad\u00e9mico:<\/strong> <br>Artes&nbsp;<\/td><td><strong>L\u00ednea de Investigaci\u00f3n:<\/strong><br>Formativa<\/td><td><strong>Convenio:<\/strong> <br>Convenio Marco de Cooperaci\u00f3n interinstitucional entre la Universidad \u00abLaica Eloy Alfaro\u00bb de Manab\u00ed y el gobierno aut\u00f3nomo descentralizado del cant\u00f3n Manta<\/td><\/tr><tr><\/tr><tr><\/tr><tr><\/tr><tr><td><strong>\u00c1rea del conocimiento: <\/strong><br>Artes y Humanidades<\/td><td><strong>Sub\u00e1rea del conocimiento: <\/strong>Artes<\/td><td><strong>Sub\u00e1rea especifica: <\/strong><br>Social<\/td><\/tr><tr><\/tr><tr><\/tr><tr><\/tr><\/tbody><\/table><\/figure>\n\n\n\n<figure class=\"wp-block-table is-style-regular\"><table><tbody><tr><td><strong>Fecha Inicio: <\/strong><br>Abril 2022<\/td><td><strong>Fecha de Fin Planeado: <\/strong><br>Diciembre 2023<\/td><\/tr><tr><\/tr><tr><\/tr><tr><\/tr><\/tbody><\/table><\/figure>\n\n\n\n<p><strong>COBERTURA Y LOCALIZACI\u00d3N<\/strong><\/p>\n\n\n\n<figure class=\"wp-block-table is-style-regular\"><table><tbody><tr><td><strong>Cobertura: <\/strong><br>Provincial<\/td><td><strong>Zona de Planificaci\u00f3n:<\/strong><br>Manab\u00ed- Manta- Santa M\u00f3nica.<\/td><td><strong>Provincia:<\/strong><br>Manab\u00ed.<\/td><\/tr><tr><\/tr><tr><td><strong>Cant\u00f3n:<\/strong><br>Manta.<\/td><td><strong>Parroquia:<br><em>Parroquias Urbanas:<\/em><\/strong><br>Eloy Alfaro<br>Los Esteros<br>Manta<br>San Mateo<br>Tarqui.<br><strong><em>Parroquias rurales:<\/em><\/strong><br>San Lorenzo<br>Santa Marianitas<\/td><td><strong>Barrios: <\/strong><br>249<br>Eloy Alfaro<br>Las Cumbres<br>Tarqui<br>Santa Martha<br>Cuba<br>Ciudadela Azteca<br>Los Esteros<br>Jocay, etc<\/td><\/tr><tr><\/tr><\/tbody><\/table><\/figure>\n\n\n\n<p><strong>PRESUPUESTO<\/strong><\/p>\n\n\n\n<figure class=\"wp-block-table is-style-regular\"><table><tbody><tr><td><strong>Presupuesto aporte ULEAM:<\/strong> <br>$12.120,00<\/td><td><strong>Presupuesto entidad auspiciante\/beneficiaria:&nbsp;<\/strong> <br>$ 00, 00<\/td><td><strong>Presupuesto Total: <\/strong><br>US $ 12.120,00<\/td><\/tr><tr><\/tr><tr><\/tr><tr><\/tr><\/tbody><\/table><\/figure>\n\n\n\n<div style=\"height:38px\" aria-hidden=\"true\" class=\"wp-block-spacer\"><\/div>\n\n\n\n<p><strong>OBJETIVO DEL PROYECTO<\/strong><\/p>\n\n\n\n<p class=\"has-text-align-center\"><strong><em>OBJETIVO GENERAL<\/em><\/strong><\/p>\n\n\n\n<figure class=\"wp-block-table is-style-regular\"><table><tbody><tr><td>Fomentar el conocimiento, la participaci\u00f3n y la competencia reflexiva del arte a trav\u00e9s de los concursos y simposios de arte en el medio educativo de la carrera de artes pl\u00e1sticas de la ULEAM, contribuyendo en el desarrollo art\u00edstico y cultural de la ciudad de Manta.<\/td><\/tr><tr><\/tr><tr><\/tr><\/tbody><\/table><\/figure>\n\n\n\n<p class=\"has-text-align-center\"><strong><em>OBJETIVOS ESPEC\u00cdFICOS<\/em><\/strong><\/p>\n\n\n\n<figure class=\"wp-block-table is-style-regular\"><table><tbody><tr><td><strong>O.E1: <\/strong>Desarrollar en los estudiantes competencias de planificaci\u00f3n y producci\u00f3n<br>art\u00edstica de obras para los concursos y simposios de arte en el medio educativo.<br><br><strong>O.E2: <\/strong>Realizar los concursos y simposios de arte promoviendo producci\u00f3n-adquisici\u00f3n art\u00edstica como emprendimientos culturales.<br><br><strong>O.E3:<\/strong> Generar pol\u00edticas p\u00fablicas que contribuyan a elevar la cultura de la ciudad.<\/td><\/tr><tr><\/tr><tr><\/tr><tr><\/tr><tr><\/tr><tr><\/tr><\/tbody><\/table><\/figure>\n\n\n\n<div style=\"height:38px\" aria-hidden=\"true\" class=\"wp-block-spacer\"><\/div>\n\n\n\n<div class=\"wp-block-file aligncenter\"><a href=\"https:\/\/departamentos.uleam.edu.ec\/vinculacion-colectividad\/files\/2022\/08\/PVV-01-F-001-FORMATO-PROYECTO-VINCULACION-CONCURSOS-Y-SIMPOSIOS-DE-ARTE-ULEAM-2022-EDDY-CASAMIN.pdf\" class=\"wp-block-file__button\" download>Descarga<\/a><\/div>\n\n\n\n<p><\/p>\n","protected":false},"excerpt":{"rendered":"<p>PER\u00cdODO 2022 Proyecto de Vinculaci\u00f3n y Emprendimiento L\u00cdNEA DE VINCULACI\u00d3N:&nbsp;\u00abProyecto de Transferencia Social del Conocimiento\u00bb Decano:Dr. H\u00e9ctor Cede\u00f1o ZambranoL\u00edder del Proyecto:Edison Casam\u00edn Nombre de la Facultad o Unidad Acad\u00e9mica Responsable:Arquitectura Carrera: Artes<a class=\"moretag\" href=\"https:\/\/departamentos.uleam.edu.ec\/vinculacion-colectividad\/https-departamentos-uleam-edu-ec-vinculacion-colectividad-proyectos2022-concursos-y-simposios-de-arte\/\">Leer m\u00e1s&#8230;<\/a><\/p>\n","protected":false},"author":136,"featured_media":0,"parent":0,"menu_order":0,"comment_status":"closed","ping_status":"closed","template":"","meta":{"footnotes":"","_links_to":"","_links_to_target":""},"class_list":["post-4288","page","type-page","status-publish","hentry"],"_links":{"self":[{"href":"https:\/\/departamentos.uleam.edu.ec\/vinculacion-colectividad\/wp-json\/wp\/v2\/pages\/4288","targetHints":{"allow":["GET"]}}],"collection":[{"href":"https:\/\/departamentos.uleam.edu.ec\/vinculacion-colectividad\/wp-json\/wp\/v2\/pages"}],"about":[{"href":"https:\/\/departamentos.uleam.edu.ec\/vinculacion-colectividad\/wp-json\/wp\/v2\/types\/page"}],"author":[{"embeddable":true,"href":"https:\/\/departamentos.uleam.edu.ec\/vinculacion-colectividad\/wp-json\/wp\/v2\/users\/136"}],"replies":[{"embeddable":true,"href":"https:\/\/departamentos.uleam.edu.ec\/vinculacion-colectividad\/wp-json\/wp\/v2\/comments?post=4288"}],"version-history":[{"count":3,"href":"https:\/\/departamentos.uleam.edu.ec\/vinculacion-colectividad\/wp-json\/wp\/v2\/pages\/4288\/revisions"}],"predecessor-version":[{"id":5138,"href":"https:\/\/departamentos.uleam.edu.ec\/vinculacion-colectividad\/wp-json\/wp\/v2\/pages\/4288\/revisions\/5138"}],"wp:attachment":[{"href":"https:\/\/departamentos.uleam.edu.ec\/vinculacion-colectividad\/wp-json\/wp\/v2\/media?parent=4288"}],"curies":[{"name":"wp","href":"https:\/\/api.w.org\/{rel}","templated":true}]}}

<p class="has-text-align-center" style="font-size:24px">PERÍODO 2022</p>



<p style="font-size:18px">Proyecto de Vinculación y Emprendimiento</p>



<p style="font-size:18px"><strong><em>LÍNEA DE VINCULACIÓN:</em></strong>&nbsp;«Proyecto de Transferencia Social del Conocimiento»</p>



<div style="height:70px" aria-hidden="true" class="wp-block-spacer"></div>



<figure class="wp-block-table is-style-regular"><table><tbody><tr><td><strong>Decano:</strong><br>Dr. Héctor Cedeño Zambrano<br><strong>Líder del Proyecto</strong>:<br>Edison Casamín</td></tr><tr></tr><tr></tr><tr></tr><tr></tr><tr></tr></tbody></table></figure>



<figure class="wp-block-table is-style-regular"><table><tbody><tr><td><strong>Nombre de la Facultad o Unidad Académica Responsable:</strong><br>Arquitectura</td><td><strong>Carrera:</strong> <br>Artes Plásticas</td><td><strong>Tipo Proyecto: </strong><br>Vinculación&nbsp;</td></tr><tr></tr><tr></tr><tr></tr><tr><td><strong>Dominio Académico:</strong> <br>Artes&nbsp;</td><td><strong>Línea de Investigación:</strong><br>Formativa</td><td><strong>Convenio:</strong> <br>Convenio Marco de Cooperación interinstitucional entre la Universidad «Laica Eloy Alfaro» de Manabí y el gobierno autónomo descentralizado del cantón Manta</td></tr><tr></tr><tr></tr><tr></tr><tr><td><strong>Área del conocimiento: </strong><br>Artes y Humanidades</td><td><strong>Subárea del conocimiento: </strong>Artes</td><td><strong>Subárea especifica: </strong><br>Social</td></tr><tr></tr><tr></tr><tr></tr></tbody></table></figure>



<figure class="wp-block-table is-style-regular"><table><tbody><tr><td><strong>Fecha Inicio: </strong><br>Abril 2022</td><td><strong>Fecha de Fin Planeado: </strong><br>Diciembre 2023</td></tr><tr></tr><tr></tr><tr></tr></tbody></table></figure>



<p><strong>COBERTURA Y LOCALIZACIÓN</strong></p>



<figure class="wp-block-table is-style-regular"><table><tbody><tr><td><strong>Cobertura: </strong><br>Provincial</td><td><strong>Zona de Planificación:</strong><br>Manabí- Manta- Santa Mónica.</td><td><strong>Provincia:</strong><br>Manabí.</td></tr><tr></tr><tr><td><strong>Cantón:</strong><br>Manta.</td><td><strong>Parroquia:<br><em>Parroquias Urbanas:</em></strong><br>Eloy Alfaro<br>Los Esteros<br>Manta<br>San Mateo<br>Tarqui.<br><strong><em>Parroquias rurales:</em></strong><br>San Lorenzo<br>Santa Marianitas</td><td><strong>Barrios: </strong><br>249<br>Eloy Alfaro<br>Las Cumbres<br>Tarqui<br>Santa Martha<br>Cuba<br>Ciudadela Azteca<br>Los Esteros<br>Jocay, etc</td></tr><tr></tr></tbody></table></figure>



<p><strong>PRESUPUESTO</strong></p>



<figure class="wp-block-table is-style-regular"><table><tbody><tr><td><strong>Presupuesto aporte ULEAM:</strong> <br>$12.120,00</td><td><strong>Presupuesto entidad auspiciante/beneficiaria:&nbsp;</strong> <br>$ 00, 00</td><td><strong>Presupuesto Total: </strong><br>US $ 12.120,00</td></tr><tr></tr><tr></tr><tr></tr></tbody></table></figure>



<div style="height:38px" aria-hidden="true" class="wp-block-spacer"></div>



<p><strong>OBJETIVO DEL PROYECTO</strong></p>



<p class="has-text-align-center"><strong><em>OBJETIVO GENERAL</em></strong></p>



<figure class="wp-block-table is-style-regular"><table><tbody><tr><td>Fomentar el conocimiento, la participación y la competencia reflexiva del arte a través de los concursos y simposios de arte en el medio educativo de la carrera de artes plásticas de la ULEAM, contribuyendo en el desarrollo artístico y cultural de la ciudad de Manta.</td></tr><tr></tr><tr></tr></tbody></table></figure>



<p class="has-text-align-center"><strong><em>OBJETIVOS ESPECÍFICOS</em></strong></p>



<figure class="wp-block-table is-style-regular"><table><tbody><tr><td><strong>O.E1: </strong>Desarrollar en los estudiantes competencias de planificación y producción<br>artística de obras para los concursos y simposios de arte en el medio educativo.<br><br><strong>O.E2: </strong>Realizar los concursos y simposios de arte promoviendo producción-adquisición artística como emprendimientos culturales.<br><br><strong>O.E3:</strong> Generar políticas públicas que contribuyan a elevar la cultura de la ciudad.</td></tr><tr></tr><tr></tr><tr></tr><tr></tr><tr></tr></tbody></table></figure>



<div style="height:38px" aria-hidden="true" class="wp-block-spacer"></div>



<div class="wp-block-file aligncenter"><a href="https://departamentos.uleam.edu.ec/vinculacion-colectividad/files/2022/08/PVV-01-F-001-FORMATO-PROYECTO-VINCULACION-CONCURSOS-Y-SIMPOSIOS-DE-ARTE-ULEAM-2022-EDDY-CASAMIN.pdf" class="wp-block-file__button" download>Descarga</a></div>



<p></p>

<p>PERÍODO 2022 Proyecto de Vinculación y Emprendimiento LÍNEA DE VINCULACIÓN:&nbsp;«Proyecto de Transferencia Social del Conocimiento» Decano:Dr. Héctor Cedeño ZambranoLíder del Proyecto:Edison Casamín Nombre de la Facultad o Unidad Académica Responsable:Arquitectura Carrera: Artes<a class="moretag" href="https://departamentos.uleam.edu.ec/vinculacion-colectividad/https-departamentos-uleam-edu-ec-vinculacion-colectividad-proyectos2022-concursos-y-simposios-de-arte/">Leer más&#8230;</a></p>
