{"id":4297,"date":"2022-08-05T08:59:33","date_gmt":"2022-08-05T13:59:33","guid":{"rendered":"https:\/\/departamentos.uleam.edu.ec\/vinculacion-colectividad\/?page_id=4297"},"modified":"2022-08-18T11:01:34","modified_gmt":"2022-08-18T16:01:34","slug":"https-departamentos-uleam-edu-ec-vinculacion-colectividad-proyectos2022-empoderamiento-turistico-y-comercial-de-manta","status":"publish","type":"page","link":"https:\/\/departamentos.uleam.edu.ec\/vinculacion-colectividad\/https-departamentos-uleam-edu-ec-vinculacion-colectividad-proyectos2022-empoderamiento-turistico-y-comercial-de-manta\/","title":{"rendered":"Empoderamiento tur\u00edstico y comercial de Manta."},"content":{"rendered":"\n<p class=\"has-text-align-center\" style=\"font-size:24px\">PER\u00cdODO ACAD\u00c9MICO 2020-2021<\/p>\n\n\n\n<p style=\"font-size:18px\"><em><strong>PROCEDIMIENTO:<\/strong><\/em><strong><em> <\/em><\/strong>\u00abPlanificaci\u00f3n de proyecto de vinculaci\u00f3n con la sociedad\u00bb<\/p>\n\n\n\n<p style=\"font-size:18px\"><em><strong>L\u00cdNEA DE VINCULACI<em>\u00d3N<\/em> : <\/strong><\/em>\u00abDesarrollo econ\u00f3mico y sostenible empresarial\u00bb <\/p>\n\n\n\n<div style=\"height:59px\" aria-hidden=\"true\" class=\"wp-block-spacer\"><\/div>\n\n\n\n<figure class=\"wp-block-table is-style-regular\"><table><tbody><tr><td><strong>Autores:<\/strong><br>Ing. Xavier Basurto <br>Ing. Andrea Zambrano <br>Ing. Jos\u00e9 Luis Morante <br>Ing. Jimmy Molina <br>Ing. Pedro Montalv\u00e1n<\/td><\/tr><tr><\/tr><tr><\/tr><tr><\/tr><tr><\/tr><tr><\/tr><tr><td><strong>Colaboradores:<\/strong><br>Ing. Jos\u00e9 Luis Morante <br>Ing. Xavier Basurto <br>Ing. Andrea Zambrano&nbsp; <br>Ing. Pedro Montalv\u00e1n<\/td><\/tr><tr><\/tr><tr><\/tr><tr><\/tr><tr><\/tr><tr><\/tr><\/tbody><\/table><\/figure>\n\n\n\n<figure class=\"wp-block-table is-style-regular\"><table><tbody><tr><td><strong>Campos Amplios:&nbsp;<\/strong> <br>1-Administraci\u00f3n<\/td><td><strong>Campos Espec\u00edficos:<\/strong>&nbsp; <br>Educaci\u00f3n comercial y Administraci\u00f3n<\/td><td><strong>Campos Detallados: <\/strong><br>Mercadotecnia<\/td><\/tr><tr><\/tr><tr><\/tr><tr><\/tr><tr><td><strong>L\u00ednea de Vinculaci\u00f3n:<\/strong><br>Desarrollo econ\u00f3mico y sostenible empresarial.<\/td><td><strong>Estado del Proyecto: <\/strong><br>En ejecuci\u00f3n<\/td><td><strong>C\u00f3digo de Proyecto: <\/strong><br>Por asignar<\/td><\/tr><tr><\/tr><tr><\/tr><tr><\/tr><\/tbody><\/table><\/figure>\n\n\n\n<figure class=\"wp-block-table is-style-regular\"><table><tbody><tr><td><strong>L\u00ednea de Investigaci\u00f3n:<\/strong> Econom\u00eda y Desarrollo sustentable<\/td><\/tr><tr><\/tr><\/tbody><\/table><\/figure>\n\n\n\n<figure class=\"wp-block-table is-style-regular\"><table><tbody><tr><td><strong>Fecha Inicio Planificado: <\/strong><br>Mayo de 2020<\/td><td><strong>Fecha de Fin Planeado:<\/strong> <br>Diciembre 2022<\/td><td><strong>Fecha de Fin Real: <\/strong><br>Marzo 2023<\/td><\/tr><tr><\/tr><tr><\/tr><\/tbody><\/table><\/figure>\n\n\n\n<figure class=\"wp-block-table is-style-regular\"><table><tbody><tr><td><strong>Convenios:<\/strong> <br>Gobierno Aut\u00f3nomo Descentralizado de San Pablo de Manta<\/td><\/tr><tr><\/tr><tr><td><strong>Beneficiarios:<\/strong><br>Habitantes de Manta, mujeres emprendedoras v\u00edctimas de violencia intrafamiliar, sector tur\u00edstico y su cadena de valor, comerciantes de los mercados de Manta.<\/td><\/tr><tr><\/tr><tr><\/tr><tr><\/tr><\/tbody><\/table><\/figure>\n\n\n\n<p class=\"has-normal-font-size\"> <strong>FUENTES DE INFORMACI\u00d3N<\/strong>  <\/p>\n\n\n\n<figure class=\"wp-block-table is-style-regular\"><table><tbody><tr><td>Plan de Estrategias de Reactivaci\u00f3n Econ\u00f3mica de Manta 2020<br>Informe de Reactivaci\u00f3n Econ\u00f3mica Sector Tur\u00edstico de Manta, 2020<br>INEC, Variables e Indicadores.<br>Plan Nacional de Desarrollo 2017-2021 -Toda una Vida <br>Agenda Zonal 4<br>Plan Estrat\u00e9gico de Desarrollo Institucional ULEAM 2016-2020<br>L\u00edneas de Investigaci\u00f3n y L\u00edneas de Vinculaci\u00f3n ULEAM<br>Diagn\u00f3stico de Proyectos Integrador<\/td><\/tr><tr><\/tr><tr><\/tr><tr><\/tr><tr><\/tr><tr><\/tr><\/tbody><\/table><\/figure>\n\n\n\n<p class=\"has-normal-font-size\"> <strong>COBERTURA Y LOCALIZACI\u00d3N<\/strong>  <\/p>\n\n\n\n<figure class=\"wp-block-table is-style-regular\"><table><tbody><tr><td><strong>Alcance territorial: <\/strong><br>Parroquial&nbsp;<\/td><td><strong>Provincia\/s: <\/strong><br>Manab\u00ed<\/td><\/tr><tr><\/tr><\/tbody><\/table><\/figure>\n\n\n\n<figure class=\"wp-block-table is-style-regular\"><table><tbody><tr><td><strong>Cant\u00f3n o Cantones: <\/strong><br>Manta<\/td><td><strong>Parroquia\/s:<\/strong> <br>Tarqui<\/td><td><strong>Barrio\/s: <\/strong><br>San Juan<\/td><\/tr><tr><\/tr><\/tbody><\/table><\/figure>\n\n\n\n<p class=\"has-normal-font-size\"><strong>PRESUPUESTO<\/strong><\/p>\n\n\n\n<figure class=\"wp-block-table is-style-regular\"><table><tbody><tr><td><strong>Presupuesto financiar por la IES: <\/strong><br>$ 16160,00<\/td><td><strong>Presupuesto total de aliados estrat\u00e9gicos:&nbsp; <\/strong><br>$ 1500,00<\/td><\/tr><tr><\/tr><\/tbody><\/table><\/figure>\n\n\n\n<div style=\"height:38px\" aria-hidden=\"true\" class=\"wp-block-spacer\"><\/div>\n\n\n\n<p class=\"has-normal-font-size\"><strong>OBJETIVO DEL PROYECTO<\/strong><\/p>\n\n\n\n<p class=\"has-text-align-center has-normal-font-size\"><strong><em>OBJETIVO GENERAL<\/em><\/strong><\/p>\n\n\n\n<figure class=\"wp-block-table is-style-regular\"><table><tbody><tr><td>Fortalecer&nbsp; el&nbsp; sector&nbsp; tur\u00edstico&nbsp; y&nbsp; comercial&nbsp; de&nbsp; Manta&nbsp; a&nbsp; trav\u00e9s&nbsp; de&nbsp; campa\u00f1as promocionales y capacitaciones, contribuyendo a su reactivaci\u00f3n econ\u00f3mica.<\/td><\/tr><tr><\/tr><tr><\/tr><\/tbody><\/table><\/figure>\n\n\n\n<p class=\"has-text-align-center has-normal-font-size\"> <strong><em>OBJETIVOS ESPEC\u00cdFICOS <\/em><\/strong> <\/p>\n\n\n\n<figure class=\"wp-block-table is-style-regular\"><table><tbody><tr><td><strong>O.E1:<\/strong> Empoderar a los\u00a0habitantes\u00a0 del\u00a0 Cant\u00f3n,\u00a0 mediante\u00a0 campa\u00f1as\u00a0 virtuales sobre\u00a0el turismo\u00a0de\u00a0Manta, como\u00a0 destino\u00a0tur\u00edstico recuperando\u00a0la confianza en este sector.\u00a0 <br><br><strong>O.E2:<\/strong> Desarrollar\u00a0conocimientos\u00a0administrativos y comerciales a los comerciantes de los mercados municipales de Manta, mediante ciclos de capacitaci\u00f3n, generando lugares de abasto seguro.\u00a0\u00a0<\/td><\/tr><tr><\/tr><tr><\/tr><tr><\/tr><tr><\/tr><tr><\/tr><\/tbody><\/table><\/figure>\n\n\n\n<div style=\"height:38px\" aria-hidden=\"true\" class=\"wp-block-spacer\"><\/div>\n\n\n\n<div class=\"wp-block-file aligncenter\"><a href=\"https:\/\/departamentos.uleam.edu.ec\/vinculacion-colectividad\/files\/2022\/08\/PROYECTO-EMPODERAMIENTO-TURISTICO-Y-COMERCIAL-DE-MANTA.pdf\" class=\"wp-block-file__button\" download>Descarga<\/a><\/div>\n\n\n\n<p><\/p>\n","protected":false},"excerpt":{"rendered":"<p>PER\u00cdODO ACAD\u00c9MICO 2020-2021 PROCEDIMIENTO: \u00abPlanificaci\u00f3n de proyecto de vinculaci\u00f3n con la sociedad\u00bb L\u00cdNEA DE VINCULACI\u00d3N : \u00abDesarrollo econ\u00f3mico y sostenible empresarial\u00bb Autores:Ing. Xavier Basurto Ing. Andrea Zambrano Ing. Jos\u00e9 Luis Morante Ing.<a class=\"moretag\" href=\"https:\/\/departamentos.uleam.edu.ec\/vinculacion-colectividad\/https-departamentos-uleam-edu-ec-vinculacion-colectividad-proyectos2022-empoderamiento-turistico-y-comercial-de-manta\/\">Leer m\u00e1s&#8230;<\/a><\/p>\n","protected":false},"author":124,"featured_media":0,"parent":0,"menu_order":0,"comment_status":"closed","ping_status":"closed","template":"","meta":{"footnotes":"","_links_to":"","_links_to_target":""},"class_list":["post-4297","page","type-page","status-publish","hentry"],"_links":{"self":[{"href":"https:\/\/departamentos.uleam.edu.ec\/vinculacion-colectividad\/wp-json\/wp\/v2\/pages\/4297","targetHints":{"allow":["GET"]}}],"collection":[{"href":"https:\/\/departamentos.uleam.edu.ec\/vinculacion-colectividad\/wp-json\/wp\/v2\/pages"}],"about":[{"href":"https:\/\/departamentos.uleam.edu.ec\/vinculacion-colectividad\/wp-json\/wp\/v2\/types\/page"}],"author":[{"embeddable":true,"href":"https:\/\/departamentos.uleam.edu.ec\/vinculacion-colectividad\/wp-json\/wp\/v2\/users\/124"}],"replies":[{"embeddable":true,"href":"https:\/\/departamentos.uleam.edu.ec\/vinculacion-colectividad\/wp-json\/wp\/v2\/comments?post=4297"}],"version-history":[{"count":7,"href":"https:\/\/departamentos.uleam.edu.ec\/vinculacion-colectividad\/wp-json\/wp\/v2\/pages\/4297\/revisions"}],"predecessor-version":[{"id":4747,"href":"https:\/\/departamentos.uleam.edu.ec\/vinculacion-colectividad\/wp-json\/wp\/v2\/pages\/4297\/revisions\/4747"}],"wp:attachment":[{"href":"https:\/\/departamentos.uleam.edu.ec\/vinculacion-colectividad\/wp-json\/wp\/v2\/media?parent=4297"}],"curies":[{"name":"wp","href":"https:\/\/api.w.org\/{rel}","templated":true}]}}

Empoderamiento turístico y comercial de Manta.

<p class="has-text-align-center" style="font-size:24px">PERÍODO ACADÉMICO 2020-2021</p>



<p style="font-size:18px"><em><strong>PROCEDIMIENTO:</strong></em><strong><em> </em></strong>«Planificación de proyecto de vinculación con la sociedad»</p>



<p style="font-size:18px"><em><strong>LÍNEA DE VINCULACI<em>ÓN</em> : </strong></em>«Desarrollo económico y sostenible empresarial» </p>



<div style="height:59px" aria-hidden="true" class="wp-block-spacer"></div>



<figure class="wp-block-table is-style-regular"><table><tbody><tr><td><strong>Autores:</strong><br>Ing. Xavier Basurto <br>Ing. Andrea Zambrano <br>Ing. José Luis Morante <br>Ing. Jimmy Molina <br>Ing. Pedro Montalván</td></tr><tr></tr><tr></tr><tr></tr><tr></tr><tr></tr><tr><td><strong>Colaboradores:</strong><br>Ing. José Luis Morante <br>Ing. Xavier Basurto <br>Ing. Andrea Zambrano&nbsp; <br>Ing. Pedro Montalván</td></tr><tr></tr><tr></tr><tr></tr><tr></tr><tr></tr></tbody></table></figure>



<figure class="wp-block-table is-style-regular"><table><tbody><tr><td><strong>Campos Amplios:&nbsp;</strong> <br>1-Administración</td><td><strong>Campos Específicos:</strong>&nbsp; <br>Educación comercial y Administración</td><td><strong>Campos Detallados: </strong><br>Mercadotecnia</td></tr><tr></tr><tr></tr><tr></tr><tr><td><strong>Línea de Vinculación:</strong><br>Desarrollo económico y sostenible empresarial.</td><td><strong>Estado del Proyecto: </strong><br>En ejecución</td><td><strong>Código de Proyecto: </strong><br>Por asignar</td></tr><tr></tr><tr></tr><tr></tr></tbody></table></figure>



<figure class="wp-block-table is-style-regular"><table><tbody><tr><td><strong>Línea de Investigación:</strong> Economía y Desarrollo sustentable</td></tr><tr></tr></tbody></table></figure>



<figure class="wp-block-table is-style-regular"><table><tbody><tr><td><strong>Fecha Inicio Planificado: </strong><br>Mayo de 2020</td><td><strong>Fecha de Fin Planeado:</strong> <br>Diciembre 2022</td><td><strong>Fecha de Fin Real: </strong><br>Marzo 2023</td></tr><tr></tr><tr></tr></tbody></table></figure>



<figure class="wp-block-table is-style-regular"><table><tbody><tr><td><strong>Convenios:</strong> <br>Gobierno Autónomo Descentralizado de San Pablo de Manta</td></tr><tr></tr><tr><td><strong>Beneficiarios:</strong><br>Habitantes de Manta, mujeres emprendedoras víctimas de violencia intrafamiliar, sector turístico y su cadena de valor, comerciantes de los mercados de Manta.</td></tr><tr></tr><tr></tr><tr></tr></tbody></table></figure>



<p class="has-normal-font-size"> <strong>FUENTES DE INFORMACIÓN</strong>  </p>



<figure class="wp-block-table is-style-regular"><table><tbody><tr><td>Plan de Estrategias de Reactivación Económica de Manta 2020<br>Informe de Reactivación Económica Sector Turístico de Manta, 2020<br>INEC, Variables e Indicadores.<br>Plan Nacional de Desarrollo 2017-2021 -Toda una Vida <br>Agenda Zonal 4<br>Plan Estratégico de Desarrollo Institucional ULEAM 2016-2020<br>Líneas de Investigación y Líneas de Vinculación ULEAM<br>Diagnóstico de Proyectos Integrador</td></tr><tr></tr><tr></tr><tr></tr><tr></tr><tr></tr></tbody></table></figure>



<p class="has-normal-font-size"> <strong>COBERTURA Y LOCALIZACIÓN</strong>  </p>



<figure class="wp-block-table is-style-regular"><table><tbody><tr><td><strong>Alcance territorial: </strong><br>Parroquial&nbsp;</td><td><strong>Provincia/s: </strong><br>Manabí</td></tr><tr></tr></tbody></table></figure>



<figure class="wp-block-table is-style-regular"><table><tbody><tr><td><strong>Cantón o Cantones: </strong><br>Manta</td><td><strong>Parroquia/s:</strong> <br>Tarqui</td><td><strong>Barrio/s: </strong><br>San Juan</td></tr><tr></tr></tbody></table></figure>



<p class="has-normal-font-size"><strong>PRESUPUESTO</strong></p>



<figure class="wp-block-table is-style-regular"><table><tbody><tr><td><strong>Presupuesto financiar por la IES: </strong><br>$ 16160,00</td><td><strong>Presupuesto total de aliados estratégicos:&nbsp; </strong><br>$ 1500,00</td></tr><tr></tr></tbody></table></figure>



<div style="height:38px" aria-hidden="true" class="wp-block-spacer"></div>



<p class="has-normal-font-size"><strong>OBJETIVO DEL PROYECTO</strong></p>



<p class="has-text-align-center has-normal-font-size"><strong><em>OBJETIVO GENERAL</em></strong></p>



<figure class="wp-block-table is-style-regular"><table><tbody><tr><td>Fortalecer&nbsp; el&nbsp; sector&nbsp; turístico&nbsp; y&nbsp; comercial&nbsp; de&nbsp; Manta&nbsp; a&nbsp; través&nbsp; de&nbsp; campañas promocionales y capacitaciones, contribuyendo a su reactivación económica.</td></tr><tr></tr><tr></tr></tbody></table></figure>



<p class="has-text-align-center has-normal-font-size"> <strong><em>OBJETIVOS ESPECÍFICOS </em></strong> </p>



<figure class="wp-block-table is-style-regular"><table><tbody><tr><td><strong>O.E1:</strong> Empoderar a los habitantes  del  Cantón,  mediante  campañas  virtuales sobre el turismo de Manta, como  destino turístico recuperando la confianza en este sector.  <br><br><strong>O.E2:</strong> Desarrollar conocimientos administrativos y comerciales a los comerciantes de los mercados municipales de Manta, mediante ciclos de capacitación, generando lugares de abasto seguro.  </td></tr><tr></tr><tr></tr><tr></tr><tr></tr><tr></tr></tbody></table></figure>



<div style="height:38px" aria-hidden="true" class="wp-block-spacer"></div>



<div class="wp-block-file aligncenter"><a href="https://departamentos.uleam.edu.ec/vinculacion-colectividad/files/2022/08/PROYECTO-EMPODERAMIENTO-TURISTICO-Y-COMERCIAL-DE-MANTA.pdf" class="wp-block-file__button" download>Descarga</a></div>



<p></p>

<p>PERÍODO ACADÉMICO 2020-2021 PROCEDIMIENTO: «Planificación de proyecto de vinculación con la sociedad» LÍNEA DE VINCULACIÓN : «Desarrollo económico y sostenible empresarial» Autores:Ing. Xavier Basurto Ing. Andrea Zambrano Ing. José Luis Morante Ing.<a class="moretag" href="https://departamentos.uleam.edu.ec/vinculacion-colectividad/https-departamentos-uleam-edu-ec-vinculacion-colectividad-proyectos2022-empoderamiento-turistico-y-comercial-de-manta/">Leer más&#8230;</a></p>
