{"id":4310,"date":"2022-08-05T09:05:13","date_gmt":"2022-08-05T14:05:13","guid":{"rendered":"https:\/\/departamentos.uleam.edu.ec\/vinculacion-colectividad\/?page_id=4310"},"modified":"2022-08-18T11:03:33","modified_gmt":"2022-08-18T16:03:33","slug":"https-departamentos-uleam-edu-ec-vinculacion-colectividad-proyectos2022-valoracion-e-innovacion-de-los-residuos-organicos-derivados-de-la-pesca","status":"publish","type":"page","link":"https:\/\/departamentos.uleam.edu.ec\/vinculacion-colectividad\/https-departamentos-uleam-edu-ec-vinculacion-colectividad-proyectos2022-valoracion-e-innovacion-de-los-residuos-organicos-derivados-de-la-pesca\/","title":{"rendered":"Valoraci\u00f3n E Innovaci\u00f3n De Los Residuos Org\u00e1nicos Derivados De La Pesca Y La Acuicultura En La Parroquia San Mateo"},"content":{"rendered":"\n<p class=\"has-text-align-center\" style=\"font-size:24px\">PER\u00cdODO 2021-2022<\/p>\n\n\n\n<p style=\"font-size:18px\">Proyecto de Vinculaci\u00f3n con la Colectividad <\/p>\n\n\n\n<p style=\"font-size:18px\"> <em><strong>L\u00cdNEA DE VINCULACI<em>\u00d3N<\/em>: <\/strong><\/em> \u00abProducci\u00f3n y conservaci\u00f3n ambiental\u00bb<\/p>\n\n\n\n<div style=\"height:62px\" aria-hidden=\"true\" class=\"wp-block-spacer\"><\/div>\n\n\n\n<figure class=\"wp-block-table is-style-regular\"><table><tbody><tr><td><strong>Autores:<\/strong><br>George Garc\u00eda Mera, Mg.<br>Edison Lavayen Delgado, Mg<br>V\u00edctor Otero Tuarez, PhD.<br>Aldo Mendoza Gonz\u00e1lez, Mg<br>Robert Mero Santana, Mg<\/td><\/tr><\/tbody><\/table><\/figure>\n\n\n\n<figure class=\"wp-block-table is-style-regular\"><table><tbody><tr><td><strong>Nombre de la Facultad o Unidad Acad\u00e9mica Responsable:<\/strong><br>Ciencias Agropecuarias<\/td><td><strong>Carrera:<\/strong><br>Ingenier\u00eda Agroindustrial<\/td><td><strong>Convenio:<\/strong> <br>MAGAP-GAD MANTA<\/td><\/tr><tr><\/tr><tr><\/tr><tr><\/tr><tr><td><strong>\u00c1rea del conocimiento:<\/strong><br>Agricultura<\/td><td><strong>Sub\u00e1rea del conocimiento:<\/strong><br>62 Agricultura, silvicultura y pesca<\/td><td><strong>Sub\u00e1rea Espec\u00edfica:<\/strong><br>Agronom\u00eda<\/td><\/tr><tr><\/tr><tr><\/tr><tr><\/tr><\/tbody><\/table><\/figure>\n\n\n\n<figure class=\"wp-block-table is-style-regular\"><table><tbody><tr><td><strong>L\u00ednea de Vinculaci\u00f3n: <\/strong><br>Producci\u00f3n y conservaci\u00f3n ambiental<\/td><td><strong>Tipo Proyecto: <\/strong><br>Vinculaci\u00f3n<\/td><\/tr><tr><\/tr><tr><td><strong>Campo Amplio:<\/strong><br>Agricultura, silvicultura, pesca y veterinaria<\/td><td><strong>Campo Espec\u00edfico: <\/strong><br>Agricultura<\/td><\/tr><tr><\/tr><\/tbody><\/table><\/figure>\n\n\n\n<figure class=\"wp-block-table is-style-regular\"><table><tbody><tr><td><strong>Fecha Inicio Planificado: <\/strong><br>Mayo de 2021<\/td><td><strong>Fecha de Fin Planeado: <\/strong><br>Febrero 2022<\/td><td><strong>Fecha de Fin Real: <\/strong><br>En Ejecuci\u00f3n<\/td><\/tr><tr><\/tr><tr><\/tr><\/tbody><\/table><\/figure>\n\n\n\n<p class=\"has-normal-font-size\"><strong>COBERTURA Y LOCALIZACI\u00d3N<\/strong><\/p>\n\n\n\n<figure class=\"wp-block-table is-style-regular\"><table><tbody><tr><td><strong>Cobertura: <\/strong><br>Cantonal<\/td><td><strong>Zona de Planificaci\u00f3n: <\/strong><br><strong><em>Zona 4:<\/em><\/strong> Manab\u00ed, Santo Domingo de los Ts\u00e1chilas.<\/td><\/tr><tr><\/tr><\/tbody><\/table><\/figure>\n\n\n\n<figure class=\"wp-block-table is-style-regular\"><table><tbody><tr><td><strong>Provincia:<\/strong><br>Manab\u00ed<\/td><td><strong>Cant\u00f3n:<\/strong><br>Manta<\/td><td><strong>Parroquia:<\/strong><br>San Mateo<\/td><\/tr><tr><\/tr><\/tbody><\/table><\/figure>\n\n\n\n<figure class=\"wp-block-table is-style-regular\"><table><tbody><tr><td><strong>Objetivos del Plan Nacional del Buen Vivir:<\/strong><br>10. Impulsar la transformaci\u00f3n de la matriz productiva.<\/td><\/tr><tr><\/tr><tr><\/tr><\/tbody><\/table><\/figure>\n\n\n\n<p class=\"has-normal-font-size\"><strong>PRESUPUESTO<\/strong> <\/p>\n\n\n\n<figure class=\"wp-block-table is-style-regular\"><table><tbody><tr><td><strong>Presupuesto aporte ULEAM:<\/strong><br> US$ 923,60<\/td><td><strong>Presupuesto entidad auspiciante\/beneficiaria: <\/strong><br>Universidad laica Eloy Alfaro de Manab\u00ed<\/td><td><strong>Presupuesto Total: <\/strong><br>US$ 923.600<\/td><\/tr><tr><\/tr><tr><\/tr><tr><\/tr><\/tbody><\/table><\/figure>\n\n\n\n<div style=\"height:51px\" aria-hidden=\"true\" class=\"wp-block-spacer\"><\/div>\n\n\n\n<p><strong>OBJETIVO DEL PROYECTO<\/strong><\/p>\n\n\n\n<p class=\"has-text-align-center\"><strong><em>OBJETIVO GENERAL<\/em><\/strong><\/p>\n\n\n\n<figure class=\"wp-block-table is-style-regular\"><table><tbody><tr><td>Aprovechar&nbsp; el&nbsp; descartarte&nbsp; de&nbsp; la&nbsp; pesca&nbsp; artesanal,&nbsp; para&nbsp; la&nbsp; obtenci\u00f3n&nbsp; de subproductos&nbsp; que&nbsp; puedan&nbsp; ser&nbsp; utilizados&nbsp; para&nbsp; mejorar&nbsp; la&nbsp; calidad&nbsp; de&nbsp; los alimentos frescos y procesados.&nbsp;<\/td><\/tr><tr><\/tr><tr><\/tr><tr><\/tr><tr><\/tr><\/tbody><\/table><\/figure>\n\n\n\n<p class=\"has-text-align-center\"> <strong><em>OBJETIVOS ESPEC\u00cdFICOS<\/em><\/strong> <\/p>\n\n\n\n<figure class=\"wp-block-table is-style-regular\"><table><tbody><tr><td><strong>O.E1:<\/strong> Establecer un de m\u00e9todo para la separaci\u00f3n, clasificaci\u00f3n y desinfecci\u00f3n del descarte de la pesca artesanal. <br><br><strong>O.E2:<\/strong> Desarrollar&nbsp; un&nbsp; protocolo&nbsp; para&nbsp; la&nbsp; extracci\u00f3n&nbsp; de&nbsp; col\u00e1geno&nbsp; a&nbsp; partir&nbsp; de escamas, piel y espina de pescado. <br><br><strong>O.E3:<\/strong> Procesar&nbsp; embutidos&nbsp; de&nbsp; pescados,&nbsp; adicionando&nbsp; col\u00e1geno&nbsp; como&nbsp; aditivo alimentario para mejorar su estabilidad y calidad.<\/td><\/tr><tr><\/tr><tr><\/tr><tr><\/tr><tr><\/tr><tr><\/tr><tr><\/tr><tr><\/tr><tr><\/tr><tr><\/tr><tr><\/tr><\/tbody><\/table><\/figure>\n\n\n\n<div style=\"height:57px\" aria-hidden=\"true\" class=\"wp-block-spacer\"><\/div>\n\n\n\n<div class=\"wp-block-file aligncenter\"><a href=\"https:\/\/departamentos.uleam.edu.ec\/vinculacion-colectividad\/files\/2022\/08\/PROYECTO-DE-VINCULACION-VALORACION.pdf\" class=\"wp-block-file__button\" download>Descarga<\/a><\/div>\n","protected":false},"excerpt":{"rendered":"<p>PER\u00cdODO 2021-2022 Proyecto de Vinculaci\u00f3n con la Colectividad L\u00cdNEA DE VINCULACI\u00d3N: \u00abProducci\u00f3n y conservaci\u00f3n ambiental\u00bb Autores:George Garc\u00eda Mera, Mg.Edison Lavayen Delgado, MgV\u00edctor Otero Tuarez, PhD.Aldo Mendoza Gonz\u00e1lez, MgRobert Mero Santana, Mg Nombre<a class=\"moretag\" href=\"https:\/\/departamentos.uleam.edu.ec\/vinculacion-colectividad\/https-departamentos-uleam-edu-ec-vinculacion-colectividad-proyectos2022-valoracion-e-innovacion-de-los-residuos-organicos-derivados-de-la-pesca\/\">Leer m\u00e1s&#8230;<\/a><\/p>\n","protected":false},"author":124,"featured_media":0,"parent":0,"menu_order":0,"comment_status":"closed","ping_status":"closed","template":"","meta":{"footnotes":"","_links_to":"","_links_to_target":""},"class_list":["post-4310","page","type-page","status-publish","hentry"],"_links":{"self":[{"href":"https:\/\/departamentos.uleam.edu.ec\/vinculacion-colectividad\/wp-json\/wp\/v2\/pages\/4310","targetHints":{"allow":["GET"]}}],"collection":[{"href":"https:\/\/departamentos.uleam.edu.ec\/vinculacion-colectividad\/wp-json\/wp\/v2\/pages"}],"about":[{"href":"https:\/\/departamentos.uleam.edu.ec\/vinculacion-colectividad\/wp-json\/wp\/v2\/types\/page"}],"author":[{"embeddable":true,"href":"https:\/\/departamentos.uleam.edu.ec\/vinculacion-colectividad\/wp-json\/wp\/v2\/users\/124"}],"replies":[{"embeddable":true,"href":"https:\/\/departamentos.uleam.edu.ec\/vinculacion-colectividad\/wp-json\/wp\/v2\/comments?post=4310"}],"version-history":[{"count":5,"href":"https:\/\/departamentos.uleam.edu.ec\/vinculacion-colectividad\/wp-json\/wp\/v2\/pages\/4310\/revisions"}],"predecessor-version":[{"id":4749,"href":"https:\/\/departamentos.uleam.edu.ec\/vinculacion-colectividad\/wp-json\/wp\/v2\/pages\/4310\/revisions\/4749"}],"wp:attachment":[{"href":"https:\/\/departamentos.uleam.edu.ec\/vinculacion-colectividad\/wp-json\/wp\/v2\/media?parent=4310"}],"curies":[{"name":"wp","href":"https:\/\/api.w.org\/{rel}","templated":true}]}}

Valoración E Innovación De Los Residuos Orgánicos Derivados De La Pesca Y La Acuicultura En La Parroquia San Mateo

<p class="has-text-align-center" style="font-size:24px">PERÍODO 2021-2022</p>



<p style="font-size:18px">Proyecto de Vinculación con la Colectividad </p>



<p style="font-size:18px"> <em><strong>LÍNEA DE VINCULACI<em>ÓN</em>: </strong></em> «Producción y conservación ambiental»</p>



<div style="height:62px" aria-hidden="true" class="wp-block-spacer"></div>



<figure class="wp-block-table is-style-regular"><table><tbody><tr><td><strong>Autores:</strong><br>George García Mera, Mg.<br>Edison Lavayen Delgado, Mg<br>Víctor Otero Tuarez, PhD.<br>Aldo Mendoza González, Mg<br>Robert Mero Santana, Mg</td></tr></tbody></table></figure>



<figure class="wp-block-table is-style-regular"><table><tbody><tr><td><strong>Nombre de la Facultad o Unidad Académica Responsable:</strong><br>Ciencias Agropecuarias</td><td><strong>Carrera:</strong><br>Ingeniería Agroindustrial</td><td><strong>Convenio:</strong> <br>MAGAP-GAD MANTA</td></tr><tr></tr><tr></tr><tr></tr><tr><td><strong>Área del conocimiento:</strong><br>Agricultura</td><td><strong>Subárea del conocimiento:</strong><br>62 Agricultura, silvicultura y pesca</td><td><strong>Subárea Específica:</strong><br>Agronomía</td></tr><tr></tr><tr></tr><tr></tr></tbody></table></figure>



<figure class="wp-block-table is-style-regular"><table><tbody><tr><td><strong>Línea de Vinculación: </strong><br>Producción y conservación ambiental</td><td><strong>Tipo Proyecto: </strong><br>Vinculación</td></tr><tr></tr><tr><td><strong>Campo Amplio:</strong><br>Agricultura, silvicultura, pesca y veterinaria</td><td><strong>Campo Específico: </strong><br>Agricultura</td></tr><tr></tr></tbody></table></figure>



<figure class="wp-block-table is-style-regular"><table><tbody><tr><td><strong>Fecha Inicio Planificado: </strong><br>Mayo de 2021</td><td><strong>Fecha de Fin Planeado: </strong><br>Febrero 2022</td><td><strong>Fecha de Fin Real: </strong><br>En Ejecución</td></tr><tr></tr><tr></tr></tbody></table></figure>



<p class="has-normal-font-size"><strong>COBERTURA Y LOCALIZACIÓN</strong></p>



<figure class="wp-block-table is-style-regular"><table><tbody><tr><td><strong>Cobertura: </strong><br>Cantonal</td><td><strong>Zona de Planificación: </strong><br><strong><em>Zona 4:</em></strong> Manabí, Santo Domingo de los Tsáchilas.</td></tr><tr></tr></tbody></table></figure>



<figure class="wp-block-table is-style-regular"><table><tbody><tr><td><strong>Provincia:</strong><br>Manabí</td><td><strong>Cantón:</strong><br>Manta</td><td><strong>Parroquia:</strong><br>San Mateo</td></tr><tr></tr></tbody></table></figure>



<figure class="wp-block-table is-style-regular"><table><tbody><tr><td><strong>Objetivos del Plan Nacional del Buen Vivir:</strong><br>10. Impulsar la transformación de la matriz productiva.</td></tr><tr></tr><tr></tr></tbody></table></figure>



<p class="has-normal-font-size"><strong>PRESUPUESTO</strong> </p>



<figure class="wp-block-table is-style-regular"><table><tbody><tr><td><strong>Presupuesto aporte ULEAM:</strong><br> US$ 923,60</td><td><strong>Presupuesto entidad auspiciante/beneficiaria: </strong><br>Universidad laica Eloy Alfaro de Manabí</td><td><strong>Presupuesto Total: </strong><br>US$ 923.600</td></tr><tr></tr><tr></tr><tr></tr></tbody></table></figure>



<div style="height:51px" aria-hidden="true" class="wp-block-spacer"></div>



<p><strong>OBJETIVO DEL PROYECTO</strong></p>



<p class="has-text-align-center"><strong><em>OBJETIVO GENERAL</em></strong></p>



<figure class="wp-block-table is-style-regular"><table><tbody><tr><td>Aprovechar&nbsp; el&nbsp; descartarte&nbsp; de&nbsp; la&nbsp; pesca&nbsp; artesanal,&nbsp; para&nbsp; la&nbsp; obtención&nbsp; de subproductos&nbsp; que&nbsp; puedan&nbsp; ser&nbsp; utilizados&nbsp; para&nbsp; mejorar&nbsp; la&nbsp; calidad&nbsp; de&nbsp; los alimentos frescos y procesados.&nbsp;</td></tr><tr></tr><tr></tr><tr></tr><tr></tr></tbody></table></figure>



<p class="has-text-align-center"> <strong><em>OBJETIVOS ESPECÍFICOS</em></strong> </p>



<figure class="wp-block-table is-style-regular"><table><tbody><tr><td><strong>O.E1:</strong> Establecer un de método para la separación, clasificación y desinfección del descarte de la pesca artesanal. <br><br><strong>O.E2:</strong> Desarrollar&nbsp; un&nbsp; protocolo&nbsp; para&nbsp; la&nbsp; extracción&nbsp; de&nbsp; colágeno&nbsp; a&nbsp; partir&nbsp; de escamas, piel y espina de pescado. <br><br><strong>O.E3:</strong> Procesar&nbsp; embutidos&nbsp; de&nbsp; pescados,&nbsp; adicionando&nbsp; colágeno&nbsp; como&nbsp; aditivo alimentario para mejorar su estabilidad y calidad.</td></tr><tr></tr><tr></tr><tr></tr><tr></tr><tr></tr><tr></tr><tr></tr><tr></tr><tr></tr><tr></tr></tbody></table></figure>



<div style="height:57px" aria-hidden="true" class="wp-block-spacer"></div>



<div class="wp-block-file aligncenter"><a href="https://departamentos.uleam.edu.ec/vinculacion-colectividad/files/2022/08/PROYECTO-DE-VINCULACION-VALORACION.pdf" class="wp-block-file__button" download>Descarga</a></div>

<p>PERÍODO 2021-2022 Proyecto de Vinculación con la Colectividad LÍNEA DE VINCULACIÓN: «Producción y conservación ambiental» Autores:George García Mera, Mg.Edison Lavayen Delgado, MgVíctor Otero Tuarez, PhD.Aldo Mendoza González, MgRobert Mero Santana, Mg Nombre<a class="moretag" href="https://departamentos.uleam.edu.ec/vinculacion-colectividad/https-departamentos-uleam-edu-ec-vinculacion-colectividad-proyectos2022-valoracion-e-innovacion-de-los-residuos-organicos-derivados-de-la-pesca/">Leer más&#8230;</a></p>
