{"id":4325,"date":"2022-08-05T09:11:24","date_gmt":"2022-08-05T14:11:24","guid":{"rendered":"https:\/\/departamentos.uleam.edu.ec\/vinculacion-colectividad\/?page_id=4325"},"modified":"2022-08-18T11:09:23","modified_gmt":"2022-08-18T16:09:23","slug":"https-departamentos-uleam-edu-ec-vinculacion-colectividad-proyectos2022-proyecto-interdisciplinario-de-alfabetizacion-integral-con-componentes-de-gamificacion-para-el-desarrollo-sustentable-de-ninos-j","status":"publish","type":"page","link":"https:\/\/departamentos.uleam.edu.ec\/vinculacion-colectividad\/https-departamentos-uleam-edu-ec-vinculacion-colectividad-proyectos2022-proyecto-interdisciplinario-de-alfabetizacion-integral-con-componentes-de-gamificacion-para-el-desarrollo-sustentable-de-ninos-j\/","title":{"rendered":"Proyecto Interdisciplinario de Alfabetizaci\u00f3n Integral con componentes de gamificaci\u00f3n para el desarrollo sustentable de ni\u00f1os, j\u00f3venes y adultos mayores de Manta."},"content":{"rendered":"\n<p class=\"has-text-align-center\" style=\"font-size:24px\">PER\u00cdODO 2021-2024<\/p>\n\n\n\n<p style=\"font-size:18px\">Proyecto de Transferencia Social del Conocimiento<\/p>\n\n\n\n<p style=\"font-size:18px\"><em><strong>L\u00cdNEA DE VINCULACI<em>\u00d3N<\/em>:<\/strong><\/em>\u00a0\u00abEducaci\u00f3n, Formaci\u00f3n de profesionales\u00bb<\/p>\n\n\n\n<div style=\"height:57px\" aria-hidden=\"true\" class=\"wp-block-spacer\"><\/div>\n\n\n\n<figure class=\"wp-block-table is-style-regular\"><table><tbody><tr><td><strong>Autores:<\/strong><br>Lic. Cintya Zambrano Zambrano, Mg.<br>Lic. Lucy L\u00f3pez Bermeo, Mg.<br>Lic. Patricia Mu\u00f1oz Murillo, Mg.<br>Lic. Luis Enrique V\u00e1rgas P\u00e1rraga, Mg.<br>Lic. Luis Quezada Fajardo, Mg.<br>Lic. Lewin P\u00e9rez, Mg.<\/td><\/tr><tr><\/tr><tr><\/tr><tr><\/tr><tr><\/tr><tr><\/tr><\/tbody><\/table><\/figure>\n\n\n\n<figure class=\"wp-block-table is-style-regular\"><table><tbody><tr><td><strong>Campos Amplios: <\/strong><br>Educaci\u00f3n&nbsp;<\/td><td><strong>Campos Espec\u00edficos:&nbsp;<\/strong> <br>Educaci\u00f3n&nbsp;<\/td><td><strong>Campos Detallados:<\/strong> <br>Ciencias de la Educaci\u00f3n&nbsp;<\/td><\/tr><tr><\/tr><tr><\/tr><tr><\/tr><\/tbody><\/table><\/figure>\n\n\n\n<figure class=\"wp-block-table is-style-regular\"><table><tbody><tr><td><strong>L\u00ednea de Investigaci\u00f3n: <\/strong><br>Educaci\u00f3n, Formaci\u00f3n de profesionales<\/td><td><strong>L\u00ednea de Vinculaci\u00f3n:<\/strong> <br>Educaci\u00f3n, Formaci\u00f3n de profesionales<\/td><\/tr><tr><\/tr><\/tbody><\/table><\/figure>\n\n\n\n<figure class=\"wp-block-table is-style-regular\"><table><tbody><tr><td><strong>Tipo de Proyecto: <\/strong><br>Vinculaci\u00f3n&nbsp;<\/td><td><strong>Estado del Proyecto: <\/strong><br>Nuevo&nbsp;<\/td><td><strong>C\u00f3digo del Proyecto:<\/strong><\/td><\/tr><tr><\/tr><\/tbody><\/table><\/figure>\n\n\n\n<figure class=\"wp-block-table is-style-regular\"><table><tbody><tr><td><strong>Fecha Inicio Planificado: <\/strong><br>Mayo 2021<\/td><td><strong>Fecha de Fin Planeado: <\/strong><br>Marzo 2024<\/td><\/tr><tr><\/tr><\/tbody><\/table><\/figure>\n\n\n\n<figure class=\"wp-block-table is-style-regular\"><table><tbody><tr><td><strong>Convenios: <\/strong><br>GAD Manta<\/td><\/tr><tr><\/tr><tr><\/tr><tr><td><strong>Beneficiarios:<\/strong><br>Grupos sociales vulnerables (ni\u00f1os, j\u00f3venes y adultos mayores) de los centros de desarrollo comunitario de Manta.<\/td><\/tr><tr><\/tr><tr><\/tr><tr><\/tr><\/tbody><\/table><\/figure>\n\n\n\n<p class=\"has-normal-font-size\"><strong>FUENTE DE INFORMACI\u00d3N<\/strong><\/p>\n\n\n\n<figure class=\"wp-block-table is-style-regular\"><table><tbody><tr><td>Indicadores INEC<br>Planes de Gobiernos Locales o Provinciales<\/td><\/tr><tr><\/tr><tr><\/tr><tr><\/tr><tr><\/tr><tr><\/tr><\/tbody><\/table><\/figure>\n\n\n\n<p><strong>COBERTURA Y LOCALIZACI\u00d3N<\/strong><\/p>\n\n\n\n<figure class=\"wp-block-table is-style-regular\"><table><tbody><tr><td><strong>Alcance territorial: <\/strong><br>Cantonal<\/td><td><strong>Provincia\/s:<\/strong><br>Manab\u00ed<\/td><\/tr><tr><\/tr><\/tbody><\/table><\/figure>\n\n\n\n<figure class=\"wp-block-table is-style-regular\"><table><tbody><tr><td><strong>Cant\u00f3n o Cantones:<\/strong><br>Manta<\/td><td><strong>Parroquia\/s: <\/strong><br>Manta, Los Esteros<\/td><td><strong>Barrio\/s:<\/strong> <br>20 de Mayo, Miraflores, Ceibo Renacer,\u00a0Santa Clara, Las Colinas.<\/td><\/tr><tr><\/tr><\/tbody><\/table><\/figure>\n\n\n\n<p><strong>PRESUPUESTO <\/strong><\/p>\n\n\n\n<figure class=\"wp-block-table is-style-regular\"><table><tbody><tr><td><strong>Presupuesto financiar por la IES:<\/strong> <br>$ 1493,00<\/td><td><strong>Presupuesto total de aliados estrat\u00e9gicos:&nbsp; <\/strong><br>$ 00,00<\/td><\/tr><tr><\/tr><\/tbody><\/table><\/figure>\n\n\n\n<div style=\"height:41px\" aria-hidden=\"true\" class=\"wp-block-spacer\"><\/div>\n\n\n\n<p><strong>OBJETIVO DEL PROYECTO <\/strong><\/p>\n\n\n\n<p class=\"has-text-align-center\"><strong><em>OBJETIVO GENERAL<\/em><\/strong><\/p>\n\n\n\n<figure class=\"wp-block-table is-style-regular\"><table><tbody><tr><td>Dise\u00f1ar un&nbsp; plan&nbsp; de&nbsp; alfabetizaci\u00f3n&nbsp; integral bajo&nbsp; el enfoque&nbsp; de&nbsp; gamificaci\u00f3n&nbsp; que&nbsp; contribuya&nbsp; a&nbsp; la emancipaci\u00f3n&nbsp; socioeducativa&nbsp; de&nbsp; ni\u00f1os,&nbsp; j\u00f3venes&nbsp; y&nbsp; adultos&nbsp; mayores&nbsp; de&nbsp; los&nbsp; centros&nbsp; de&nbsp; desarrollo comunitario de Manta.<\/td><\/tr><tr><\/tr><tr><\/tr><\/tbody><\/table><\/figure>\n\n\n\n<p class=\"has-text-align-center\"><strong><em>OBJETIVOS ESPEC\u00cdFICOS <\/em><\/strong><\/p>\n\n\n\n<figure class=\"wp-block-table is-style-regular\"><table><tbody><tr><td><strong>O.E1:<\/strong> Gestionar ambientes de aprendizajes para el desarrollo adecuado de una alfabetizaci\u00f3n integral con enfoque de gamificaci\u00f3n en ni\u00f1os, j\u00f3venes y adultos mayores. <br><br><strong>O.E2:<\/strong> Dise\u00f1ar&nbsp; gu\u00edas&nbsp; de&nbsp; aprendizaje&nbsp; en&nbsp; las&nbsp; \u00e1reas&nbsp; del&nbsp; conocimiento&nbsp; que&nbsp; apoyen&nbsp; e&nbsp; integren&nbsp; el proceso&nbsp; de educaci\u00f3n formal de ni\u00f1os, j\u00f3venes y adultos a las actividades que desarrollan como familia y sociedad. <br><br><strong>O.E3:<\/strong> Capacitar&nbsp; a&nbsp; ni\u00f1os,&nbsp; j\u00f3venes&nbsp; y&nbsp; adultos&nbsp; mayores&nbsp; en&nbsp; las&nbsp; habilidades&nbsp; y&nbsp; destrezas&nbsp; b\u00e1sicas&nbsp; de&nbsp; las&nbsp; \u00e1reas&nbsp; del conocimiento mediante una alfabetizaci\u00f3n integral.&nbsp;<\/td><\/tr><tr><\/tr><tr><\/tr><tr><\/tr><tr><\/tr><tr><\/tr><\/tbody><\/table><\/figure>\n\n\n\n<div style=\"height:45px\" aria-hidden=\"true\" class=\"wp-block-spacer\"><\/div>\n\n\n\n<div class=\"wp-block-file aligncenter\"><a href=\"https:\/\/departamentos.uleam.edu.ec\/vinculacion-colectividad\/files\/2022\/08\/Proyecto_Alfabetizacion_Integral.pdf\" class=\"wp-block-file__button\" download>Descarga<\/a><\/div>\n","protected":false},"excerpt":{"rendered":"<p>PER\u00cdODO 2021-2024 Proyecto de Transferencia Social del Conocimiento L\u00cdNEA DE VINCULACI\u00d3N:\u00a0\u00abEducaci\u00f3n, Formaci\u00f3n de profesionales\u00bb Autores:Lic. Cintya Zambrano Zambrano, Mg.Lic. Lucy L\u00f3pez Bermeo, Mg.Lic. Patricia Mu\u00f1oz Murillo, Mg.Lic. Luis Enrique V\u00e1rgas P\u00e1rraga, Mg.Lic.<a class=\"moretag\" href=\"https:\/\/departamentos.uleam.edu.ec\/vinculacion-colectividad\/https-departamentos-uleam-edu-ec-vinculacion-colectividad-proyectos2022-proyecto-interdisciplinario-de-alfabetizacion-integral-con-componentes-de-gamificacion-para-el-desarrollo-sustentable-de-ninos-j\/\">Leer m\u00e1s&#8230;<\/a><\/p>\n","protected":false},"author":124,"featured_media":0,"parent":0,"menu_order":0,"comment_status":"closed","ping_status":"closed","template":"","meta":{"footnotes":"","_links_to":"","_links_to_target":""},"class_list":["post-4325","page","type-page","status-publish","hentry"],"_links":{"self":[{"href":"https:\/\/departamentos.uleam.edu.ec\/vinculacion-colectividad\/wp-json\/wp\/v2\/pages\/4325","targetHints":{"allow":["GET"]}}],"collection":[{"href":"https:\/\/departamentos.uleam.edu.ec\/vinculacion-colectividad\/wp-json\/wp\/v2\/pages"}],"about":[{"href":"https:\/\/departamentos.uleam.edu.ec\/vinculacion-colectividad\/wp-json\/wp\/v2\/types\/page"}],"author":[{"embeddable":true,"href":"https:\/\/departamentos.uleam.edu.ec\/vinculacion-colectividad\/wp-json\/wp\/v2\/users\/124"}],"replies":[{"embeddable":true,"href":"https:\/\/departamentos.uleam.edu.ec\/vinculacion-colectividad\/wp-json\/wp\/v2\/comments?post=4325"}],"version-history":[{"count":3,"href":"https:\/\/departamentos.uleam.edu.ec\/vinculacion-colectividad\/wp-json\/wp\/v2\/pages\/4325\/revisions"}],"predecessor-version":[{"id":4754,"href":"https:\/\/departamentos.uleam.edu.ec\/vinculacion-colectividad\/wp-json\/wp\/v2\/pages\/4325\/revisions\/4754"}],"wp:attachment":[{"href":"https:\/\/departamentos.uleam.edu.ec\/vinculacion-colectividad\/wp-json\/wp\/v2\/media?parent=4325"}],"curies":[{"name":"wp","href":"https:\/\/api.w.org\/{rel}","templated":true}]}}

Proyecto Interdisciplinario de Alfabetización Integral con componentes de gamificación para el desarrollo sustentable de niños, jóvenes y adultos mayores de Manta.

<p class="has-text-align-center" style="font-size:24px">PERÍODO 2021-2024</p>



<p style="font-size:18px">Proyecto de Transferencia Social del Conocimiento</p>



<p style="font-size:18px"><em><strong>LÍNEA DE VINCULACI<em>ÓN</em>:</strong></em> «Educación, Formación de profesionales»</p>



<div style="height:57px" aria-hidden="true" class="wp-block-spacer"></div>



<figure class="wp-block-table is-style-regular"><table><tbody><tr><td><strong>Autores:</strong><br>Lic. Cintya Zambrano Zambrano, Mg.<br>Lic. Lucy López Bermeo, Mg.<br>Lic. Patricia Muñoz Murillo, Mg.<br>Lic. Luis Enrique Várgas Párraga, Mg.<br>Lic. Luis Quezada Fajardo, Mg.<br>Lic. Lewin Pérez, Mg.</td></tr><tr></tr><tr></tr><tr></tr><tr></tr><tr></tr></tbody></table></figure>



<figure class="wp-block-table is-style-regular"><table><tbody><tr><td><strong>Campos Amplios: </strong><br>Educación&nbsp;</td><td><strong>Campos Específicos:&nbsp;</strong> <br>Educación&nbsp;</td><td><strong>Campos Detallados:</strong> <br>Ciencias de la Educación&nbsp;</td></tr><tr></tr><tr></tr><tr></tr></tbody></table></figure>



<figure class="wp-block-table is-style-regular"><table><tbody><tr><td><strong>Línea de Investigación: </strong><br>Educación, Formación de profesionales</td><td><strong>Línea de Vinculación:</strong> <br>Educación, Formación de profesionales</td></tr><tr></tr></tbody></table></figure>



<figure class="wp-block-table is-style-regular"><table><tbody><tr><td><strong>Tipo de Proyecto: </strong><br>Vinculación&nbsp;</td><td><strong>Estado del Proyecto: </strong><br>Nuevo&nbsp;</td><td><strong>Código del Proyecto:</strong></td></tr><tr></tr></tbody></table></figure>



<figure class="wp-block-table is-style-regular"><table><tbody><tr><td><strong>Fecha Inicio Planificado: </strong><br>Mayo 2021</td><td><strong>Fecha de Fin Planeado: </strong><br>Marzo 2024</td></tr><tr></tr></tbody></table></figure>



<figure class="wp-block-table is-style-regular"><table><tbody><tr><td><strong>Convenios: </strong><br>GAD Manta</td></tr><tr></tr><tr></tr><tr><td><strong>Beneficiarios:</strong><br>Grupos sociales vulnerables (niños, jóvenes y adultos mayores) de los centros de desarrollo comunitario de Manta.</td></tr><tr></tr><tr></tr><tr></tr></tbody></table></figure>



<p class="has-normal-font-size"><strong>FUENTE DE INFORMACIÓN</strong></p>



<figure class="wp-block-table is-style-regular"><table><tbody><tr><td>Indicadores INEC<br>Planes de Gobiernos Locales o Provinciales</td></tr><tr></tr><tr></tr><tr></tr><tr></tr><tr></tr></tbody></table></figure>



<p><strong>COBERTURA Y LOCALIZACIÓN</strong></p>



<figure class="wp-block-table is-style-regular"><table><tbody><tr><td><strong>Alcance territorial: </strong><br>Cantonal</td><td><strong>Provincia/s:</strong><br>Manabí</td></tr><tr></tr></tbody></table></figure>



<figure class="wp-block-table is-style-regular"><table><tbody><tr><td><strong>Cantón o Cantones:</strong><br>Manta</td><td><strong>Parroquia/s: </strong><br>Manta, Los Esteros</td><td><strong>Barrio/s:</strong> <br>20 de Mayo, Miraflores, Ceibo Renacer, Santa Clara, Las Colinas.</td></tr><tr></tr></tbody></table></figure>



<p><strong>PRESUPUESTO </strong></p>



<figure class="wp-block-table is-style-regular"><table><tbody><tr><td><strong>Presupuesto financiar por la IES:</strong> <br>$ 1493,00</td><td><strong>Presupuesto total de aliados estratégicos:&nbsp; </strong><br>$ 00,00</td></tr><tr></tr></tbody></table></figure>



<div style="height:41px" aria-hidden="true" class="wp-block-spacer"></div>



<p><strong>OBJETIVO DEL PROYECTO </strong></p>



<p class="has-text-align-center"><strong><em>OBJETIVO GENERAL</em></strong></p>



<figure class="wp-block-table is-style-regular"><table><tbody><tr><td>Diseñar un&nbsp; plan&nbsp; de&nbsp; alfabetización&nbsp; integral bajo&nbsp; el enfoque&nbsp; de&nbsp; gamificación&nbsp; que&nbsp; contribuya&nbsp; a&nbsp; la emancipación&nbsp; socioeducativa&nbsp; de&nbsp; niños,&nbsp; jóvenes&nbsp; y&nbsp; adultos&nbsp; mayores&nbsp; de&nbsp; los&nbsp; centros&nbsp; de&nbsp; desarrollo comunitario de Manta.</td></tr><tr></tr><tr></tr></tbody></table></figure>



<p class="has-text-align-center"><strong><em>OBJETIVOS ESPECÍFICOS </em></strong></p>



<figure class="wp-block-table is-style-regular"><table><tbody><tr><td><strong>O.E1:</strong> Gestionar ambientes de aprendizajes para el desarrollo adecuado de una alfabetización integral con enfoque de gamificación en niños, jóvenes y adultos mayores. <br><br><strong>O.E2:</strong> Diseñar&nbsp; guías&nbsp; de&nbsp; aprendizaje&nbsp; en&nbsp; las&nbsp; áreas&nbsp; del&nbsp; conocimiento&nbsp; que&nbsp; apoyen&nbsp; e&nbsp; integren&nbsp; el proceso&nbsp; de educación formal de niños, jóvenes y adultos a las actividades que desarrollan como familia y sociedad. <br><br><strong>O.E3:</strong> Capacitar&nbsp; a&nbsp; niños,&nbsp; jóvenes&nbsp; y&nbsp; adultos&nbsp; mayores&nbsp; en&nbsp; las&nbsp; habilidades&nbsp; y&nbsp; destrezas&nbsp; básicas&nbsp; de&nbsp; las&nbsp; áreas&nbsp; del conocimiento mediante una alfabetización integral.&nbsp;</td></tr><tr></tr><tr></tr><tr></tr><tr></tr><tr></tr></tbody></table></figure>



<div style="height:45px" aria-hidden="true" class="wp-block-spacer"></div>



<div class="wp-block-file aligncenter"><a href="https://departamentos.uleam.edu.ec/vinculacion-colectividad/files/2022/08/Proyecto_Alfabetizacion_Integral.pdf" class="wp-block-file__button" download>Descarga</a></div>

<p>PERÍODO 2021-2024 Proyecto de Transferencia Social del Conocimiento LÍNEA DE VINCULACIÓN: «Educación, Formación de profesionales» Autores:Lic. Cintya Zambrano Zambrano, Mg.Lic. Lucy López Bermeo, Mg.Lic. Patricia Muñoz Murillo, Mg.Lic. Luis Enrique Várgas Párraga, Mg.Lic.<a class="moretag" href="https://departamentos.uleam.edu.ec/vinculacion-colectividad/https-departamentos-uleam-edu-ec-vinculacion-colectividad-proyectos2022-proyecto-interdisciplinario-de-alfabetizacion-integral-con-componentes-de-gamificacion-para-el-desarrollo-sustentable-de-ninos-j/">Leer más&#8230;</a></p>
