{"id":4328,"date":"2022-08-05T09:13:11","date_gmt":"2022-08-05T14:13:11","guid":{"rendered":"https:\/\/departamentos.uleam.edu.ec\/vinculacion-colectividad\/?page_id=4328"},"modified":"2022-08-16T12:26:33","modified_gmt":"2022-08-16T17:26:33","slug":"https-departamentos-uleam-edu-ec-vinculacion-colectividad-proyectos2022-fortalecimiento-de-las-organizaciones-pesqueras-en-la-provincia-de-manabi","status":"publish","type":"page","link":"https:\/\/departamentos.uleam.edu.ec\/vinculacion-colectividad\/https-departamentos-uleam-edu-ec-vinculacion-colectividad-proyectos2022-fortalecimiento-de-las-organizaciones-pesqueras-en-la-provincia-de-manabi\/","title":{"rendered":"Fortalecimiento de las Organizaciones Pesqueras en la provincia de Manab\u00ed"},"content":{"rendered":"\n<p class=\"has-text-align-center\" style=\"font-size:24px\">PER\u00cdODO ACAD\u00c9MICO 2020-2021<\/p>\n\n\n\n<p style=\"font-size:18px\">Proyecto Multidisciplinario de Vinculaci\u00f3n y Emprendimiento<\/p>\n\n\n\n<p style=\"font-size:18px\"><strong><em>L\u00cdNEA DE VINCULACI\u00d3N:<\/em><\/strong>&nbsp;\u00abProtecci\u00f3n del Ecosistema, Medio Ambiente y Sociedad\/ Biolog\u00eda, Ecolog\u00eda y Conservaci\u00f3n de Flora y Fauna Marina y Terrestre\u00bb.<\/p>\n\n\n\n<div style=\"height:67px\" aria-hidden=\"true\" class=\"wp-block-spacer\"><\/div>\n\n\n\n<figure class=\"wp-block-table is-style-regular\"><table><tbody><tr><td><strong>Autores:<\/strong><br>Blga. Sandra Sol\u00f3rzano Barcia Mg GA<\/td><\/tr><tr><\/tr><tr><\/tr><tr><\/tr><tr><\/tr><tr><\/tr><tr><td><strong>Autoridades:<\/strong><br>Blgo. Jaime S\u00e1nchez Moreira Mg&nbsp;&nbsp;&nbsp;&nbsp; <br>Blgo. Javier Ca\u00f1arte Pin Mg&nbsp;&nbsp;&nbsp;&nbsp;&nbsp;&nbsp;&nbsp;&nbsp;&nbsp;&nbsp;&nbsp;&nbsp;&nbsp;&nbsp;&nbsp; <br>Blgo. Klever Mendoza Nieto Mg&nbsp;&nbsp;&nbsp;&nbsp;&nbsp;&nbsp;&nbsp;&nbsp; <br>Blgo. Xavier Pico Lozano Mg&nbsp;&nbsp;&nbsp;<\/td><\/tr><tr><\/tr><tr><\/tr><tr><\/tr><tr><\/tr><tr><\/tr><tr><td><strong>Colaboradores:<\/strong><br>Lic. Manuel Mendoza Intriago Mg&nbsp;&nbsp;&nbsp;&nbsp;&nbsp;&nbsp;&nbsp;&nbsp;&nbsp;&nbsp;&nbsp;&nbsp;&nbsp;<br>Lic. Roberto Tandazo Gordillo<br>Blgo. Juan Pablo Napa Espa\u00f1a Mg&nbsp;&nbsp;&nbsp;&nbsp;&nbsp;&nbsp;&nbsp;&nbsp;&nbsp;&nbsp;&nbsp;&nbsp;&nbsp;&nbsp;&nbsp; <br>Blgo. Jes\u00fas Briones Mendoza Mg&nbsp;&nbsp;&nbsp;&nbsp;&nbsp;&nbsp;&nbsp;&nbsp;&nbsp;&nbsp;&nbsp;&nbsp;&nbsp;&nbsp;&nbsp; <br>Blga. Tania Maldonado Sabando&nbsp; Mg<\/td><\/tr><tr><\/tr><tr><\/tr><tr><\/tr><tr><\/tr><tr><\/tr><\/tbody><\/table><\/figure>\n\n\n\n<figure class=\"wp-block-table is-style-regular\"><table><tbody><tr><td><strong>Campos Amplios: <\/strong><br>Ciencias naturales.<br>Matem\u00e1ticas. <br>Estad\u00edstica<\/td><td><strong>Campos Espec\u00edficos:<\/strong>&nbsp;<br>Ciencias biol\u00f3gicas y afines<\/td><td><strong>Campos Detallados: <\/strong><br>Biolog\u00eda Pesquer\u00edas Conservaci\u00f3n de Ecosistemas<\/td><\/tr><tr><\/tr><tr><\/tr><tr><\/tr><\/tbody><\/table><\/figure>\n\n\n\n<figure class=\"wp-block-table is-style-regular\"><table><tbody><tr><td><strong>\u00c1rea geogr\u00e1fica:<\/strong><\/td><td><br>El Proyecto se ejecutar\u00e1 6 cantones, 8 caletas pesqueras y 13 organizaciones\u00a0\u00a0 productivas\u00a0\u00a0 pesqueras\u00a0\u00a0 de\u00a0\u00a0 la\u00a0\u00a0 zona\u00a0\u00a0 norte, centro\u00a0 y\u00a0 sur\u00a0 de\u00a0 la\u00a0 provincia\u00a0 de\u00a0 Manab\u00ed,\u00a0 beneficiando\u00a0 a\u00a0 570 pescadores\u00a0\u00a0 artesanales\u00a0\u00a0 directos.\u00a0<br><\/td><\/tr><tr><\/tr><tr><\/tr><tr><\/tr><tr><\/tr><tr><td><strong>Otras entidades participantes:<\/strong><\/td><td><br>Gobierno Provincial de Manab\u00ed.<br>Gobierno Aut\u00f3nomo Descentralizado Municipal del Cant\u00f3n Manta.<br>Escuela Superior Polit\u00e9cnica Agraria de Manab\u00ed -ESPAM MFL<br>Posibles convenios con organizaciones pesqueras a beneficiar.<br><\/td><\/tr><tr><\/tr><tr><\/tr><tr><\/tr><tr><\/tr><tr><\/tr><tr><\/tr><tr><\/tr><tr><td><strong>L\u00ednea de Investigaci\u00f3n:<\/strong><\/td><td><br>Econom\u00eda y Desarrollo sustentable Biolog\u00eda. <br>Ecolog\u00eda, y Conservaci\u00f3n de la flora y fauna marina y terrestre.<br><\/td><\/tr><tr><\/tr><tr><\/tr><tr><\/tr><tr><td><strong>L\u00ednea de Vinculaci\u00f3n:<\/strong><\/td><td><br>Protecci\u00f3n del Ecosistema, Medio Ambiente y Sociedad<br>Biolog\u00eda, Ecolog\u00eda y Conservaci\u00f3n de Flora y Fauna Marina y Terrestre.<br><\/td><\/tr><tr><\/tr><tr><\/tr><tr><\/tr><\/tbody><\/table><\/figure>\n\n\n\n<figure class=\"wp-block-table is-style-regular\"><table><tbody><tr><td><strong>Fecha Prevista de Inicio:<\/strong> <br>Mayo de 2020<\/td><td><strong>Fecha Prevista de Finalizaci\u00f3n: <\/strong><br>Diciembre 2020<\/td><td><strong>Fecha de Fin Real: <\/strong><br>Marzo 2022<\/td><\/tr><tr><\/tr><tr><\/tr><\/tbody><\/table><\/figure>\n\n\n\n<p class=\"has-normal-font-size\"><strong>PRESUPUESTO<\/strong><\/p>\n\n\n\n<figure class=\"wp-block-table is-style-regular\"><table><tbody><tr><td><strong>Presupuesto financiar por la IES: <\/strong><br>$ 9105,00<\/td><td><strong>Presupuesto total de aliados estrat\u00e9gicos:<\/strong>&nbsp; <br>$ 00,00<\/td><\/tr><tr><\/tr><\/tbody><\/table><\/figure>\n\n\n\n<p><strong>FUENTES DE INFORMACI\u00d3N<\/strong><\/p>\n\n\n\n<figure class=\"wp-block-table is-style-regular\"><table><tbody><tr><td>L\u00edneas de Investigaci\u00f3n y L\u00edneas de Vinculaci\u00f3n ULEAM <br>Plan Estrat\u00e9gico de Desarrollo Institucional ULEAM 2016-2020<\/td><\/tr><tr><\/tr><tr><\/tr><tr><\/tr><tr><\/tr><tr><\/tr><\/tbody><\/table><\/figure>\n\n\n\n<div style=\"height:41px\" aria-hidden=\"true\" class=\"wp-block-spacer\"><\/div>\n\n\n\n<div class=\"wp-block-file aligncenter\"><a href=\"https:\/\/departamentos.uleam.edu.ec\/vinculacion-colectividad\/files\/2022\/08\/Proyecto-Fortalecimineto-de-Organizaciones-Pesquera-2020-2022.pdf\" class=\"wp-block-file__button\" download>Descarga<\/a><\/div>\n","protected":false},"excerpt":{"rendered":"<p>PER\u00cdODO ACAD\u00c9MICO 2020-2021 Proyecto Multidisciplinario de Vinculaci\u00f3n y Emprendimiento L\u00cdNEA DE VINCULACI\u00d3N:&nbsp;\u00abProtecci\u00f3n del Ecosistema, Medio Ambiente y Sociedad\/ Biolog\u00eda, Ecolog\u00eda y Conservaci\u00f3n de Flora y Fauna Marina y Terrestre\u00bb. Autores:Blga. Sandra Sol\u00f3rzano<a class=\"moretag\" href=\"https:\/\/departamentos.uleam.edu.ec\/vinculacion-colectividad\/https-departamentos-uleam-edu-ec-vinculacion-colectividad-proyectos2022-fortalecimiento-de-las-organizaciones-pesqueras-en-la-provincia-de-manabi\/\">Leer m\u00e1s&#8230;<\/a><\/p>\n","protected":false},"author":124,"featured_media":0,"parent":0,"menu_order":0,"comment_status":"closed","ping_status":"closed","template":"","meta":{"footnotes":"","_links_to":"","_links_to_target":""},"class_list":["post-4328","page","type-page","status-publish","hentry"],"_links":{"self":[{"href":"https:\/\/departamentos.uleam.edu.ec\/vinculacion-colectividad\/wp-json\/wp\/v2\/pages\/4328","targetHints":{"allow":["GET"]}}],"collection":[{"href":"https:\/\/departamentos.uleam.edu.ec\/vinculacion-colectividad\/wp-json\/wp\/v2\/pages"}],"about":[{"href":"https:\/\/departamentos.uleam.edu.ec\/vinculacion-colectividad\/wp-json\/wp\/v2\/types\/page"}],"author":[{"embeddable":true,"href":"https:\/\/departamentos.uleam.edu.ec\/vinculacion-colectividad\/wp-json\/wp\/v2\/users\/124"}],"replies":[{"embeddable":true,"href":"https:\/\/departamentos.uleam.edu.ec\/vinculacion-colectividad\/wp-json\/wp\/v2\/comments?post=4328"}],"version-history":[{"count":4,"href":"https:\/\/departamentos.uleam.edu.ec\/vinculacion-colectividad\/wp-json\/wp\/v2\/pages\/4328\/revisions"}],"predecessor-version":[{"id":4672,"href":"https:\/\/departamentos.uleam.edu.ec\/vinculacion-colectividad\/wp-json\/wp\/v2\/pages\/4328\/revisions\/4672"}],"wp:attachment":[{"href":"https:\/\/departamentos.uleam.edu.ec\/vinculacion-colectividad\/wp-json\/wp\/v2\/media?parent=4328"}],"curies":[{"name":"wp","href":"https:\/\/api.w.org\/{rel}","templated":true}]}}

Fortalecimiento de las Organizaciones Pesqueras en la provincia de Manabí

<p class="has-text-align-center" style="font-size:24px">PERÍODO ACADÉMICO 2020-2021</p>



<p style="font-size:18px">Proyecto Multidisciplinario de Vinculación y Emprendimiento</p>



<p style="font-size:18px"><strong><em>LÍNEA DE VINCULACIÓN:</em></strong>&nbsp;«Protección del Ecosistema, Medio Ambiente y Sociedad/ Biología, Ecología y Conservación de Flora y Fauna Marina y Terrestre».</p>



<div style="height:67px" aria-hidden="true" class="wp-block-spacer"></div>



<figure class="wp-block-table is-style-regular"><table><tbody><tr><td><strong>Autores:</strong><br>Blga. Sandra Solórzano Barcia Mg GA</td></tr><tr></tr><tr></tr><tr></tr><tr></tr><tr></tr><tr><td><strong>Autoridades:</strong><br>Blgo. Jaime Sánchez Moreira Mg&nbsp;&nbsp;&nbsp;&nbsp; <br>Blgo. Javier Cañarte Pin Mg&nbsp;&nbsp;&nbsp;&nbsp;&nbsp;&nbsp;&nbsp;&nbsp;&nbsp;&nbsp;&nbsp;&nbsp;&nbsp;&nbsp;&nbsp; <br>Blgo. Klever Mendoza Nieto Mg&nbsp;&nbsp;&nbsp;&nbsp;&nbsp;&nbsp;&nbsp;&nbsp; <br>Blgo. Xavier Pico Lozano Mg&nbsp;&nbsp;&nbsp;</td></tr><tr></tr><tr></tr><tr></tr><tr></tr><tr></tr><tr><td><strong>Colaboradores:</strong><br>Lic. Manuel Mendoza Intriago Mg&nbsp;&nbsp;&nbsp;&nbsp;&nbsp;&nbsp;&nbsp;&nbsp;&nbsp;&nbsp;&nbsp;&nbsp;&nbsp;<br>Lic. Roberto Tandazo Gordillo<br>Blgo. Juan Pablo Napa España Mg&nbsp;&nbsp;&nbsp;&nbsp;&nbsp;&nbsp;&nbsp;&nbsp;&nbsp;&nbsp;&nbsp;&nbsp;&nbsp;&nbsp;&nbsp; <br>Blgo. Jesús Briones Mendoza Mg&nbsp;&nbsp;&nbsp;&nbsp;&nbsp;&nbsp;&nbsp;&nbsp;&nbsp;&nbsp;&nbsp;&nbsp;&nbsp;&nbsp;&nbsp; <br>Blga. Tania Maldonado Sabando&nbsp; Mg</td></tr><tr></tr><tr></tr><tr></tr><tr></tr><tr></tr></tbody></table></figure>



<figure class="wp-block-table is-style-regular"><table><tbody><tr><td><strong>Campos Amplios: </strong><br>Ciencias naturales.<br>Matemáticas. <br>Estadística</td><td><strong>Campos Específicos:</strong>&nbsp;<br>Ciencias biológicas y afines</td><td><strong>Campos Detallados: </strong><br>Biología Pesquerías Conservación de Ecosistemas</td></tr><tr></tr><tr></tr><tr></tr></tbody></table></figure>



<figure class="wp-block-table is-style-regular"><table><tbody><tr><td><strong>Área geográfica:</strong></td><td><br>El Proyecto se ejecutará 6 cantones, 8 caletas pesqueras y 13 organizaciones   productivas   pesqueras   de   la   zona   norte, centro  y  sur  de  la  provincia  de  Manabí,  beneficiando  a  570 pescadores   artesanales   directos. <br></td></tr><tr></tr><tr></tr><tr></tr><tr></tr><tr><td><strong>Otras entidades participantes:</strong></td><td><br>Gobierno Provincial de Manabí.<br>Gobierno Autónomo Descentralizado Municipal del Cantón Manta.<br>Escuela Superior Politécnica Agraria de Manabí -ESPAM MFL<br>Posibles convenios con organizaciones pesqueras a beneficiar.<br></td></tr><tr></tr><tr></tr><tr></tr><tr></tr><tr></tr><tr></tr><tr></tr><tr><td><strong>Línea de Investigación:</strong></td><td><br>Economía y Desarrollo sustentable Biología. <br>Ecología, y Conservación de la flora y fauna marina y terrestre.<br></td></tr><tr></tr><tr></tr><tr></tr><tr><td><strong>Línea de Vinculación:</strong></td><td><br>Protección del Ecosistema, Medio Ambiente y Sociedad<br>Biología, Ecología y Conservación de Flora y Fauna Marina y Terrestre.<br></td></tr><tr></tr><tr></tr><tr></tr></tbody></table></figure>



<figure class="wp-block-table is-style-regular"><table><tbody><tr><td><strong>Fecha Prevista de Inicio:</strong> <br>Mayo de 2020</td><td><strong>Fecha Prevista de Finalización: </strong><br>Diciembre 2020</td><td><strong>Fecha de Fin Real: </strong><br>Marzo 2022</td></tr><tr></tr><tr></tr></tbody></table></figure>



<p class="has-normal-font-size"><strong>PRESUPUESTO</strong></p>



<figure class="wp-block-table is-style-regular"><table><tbody><tr><td><strong>Presupuesto financiar por la IES: </strong><br>$ 9105,00</td><td><strong>Presupuesto total de aliados estratégicos:</strong>&nbsp; <br>$ 00,00</td></tr><tr></tr></tbody></table></figure>



<p><strong>FUENTES DE INFORMACIÓN</strong></p>



<figure class="wp-block-table is-style-regular"><table><tbody><tr><td>Líneas de Investigación y Líneas de Vinculación ULEAM <br>Plan Estratégico de Desarrollo Institucional ULEAM 2016-2020</td></tr><tr></tr><tr></tr><tr></tr><tr></tr><tr></tr></tbody></table></figure>



<div style="height:41px" aria-hidden="true" class="wp-block-spacer"></div>



<div class="wp-block-file aligncenter"><a href="https://departamentos.uleam.edu.ec/vinculacion-colectividad/files/2022/08/Proyecto-Fortalecimineto-de-Organizaciones-Pesquera-2020-2022.pdf" class="wp-block-file__button" download>Descarga</a></div>

<p>PERÍODO ACADÉMICO 2020-2021 Proyecto Multidisciplinario de Vinculación y Emprendimiento LÍNEA DE VINCULACIÓN:&nbsp;«Protección del Ecosistema, Medio Ambiente y Sociedad/ Biología, Ecología y Conservación de Flora y Fauna Marina y Terrestre». Autores:Blga. Sandra Solórzano<a class="moretag" href="https://departamentos.uleam.edu.ec/vinculacion-colectividad/https-departamentos-uleam-edu-ec-vinculacion-colectividad-proyectos2022-fortalecimiento-de-las-organizaciones-pesqueras-en-la-provincia-de-manabi/">Leer más&#8230;</a></p>
