{"id":4334,"date":"2022-08-05T09:16:03","date_gmt":"2022-08-05T14:16:03","guid":{"rendered":"https:\/\/departamentos.uleam.edu.ec\/vinculacion-colectividad\/?page_id=4334"},"modified":"2022-08-18T11:10:58","modified_gmt":"2022-08-18T16:10:58","slug":"https-departamentos-uleam-edu-ec-vinculacion-colectividad-proyectos2022-creacion-y-fortalecimiento-de-las-actividades-productivas-y-sociales-en-el-sitio-san-juan-de-manta-periodo-2019-2021","status":"publish","type":"page","link":"https:\/\/departamentos.uleam.edu.ec\/vinculacion-colectividad\/https-departamentos-uleam-edu-ec-vinculacion-colectividad-proyectos2022-creacion-y-fortalecimiento-de-las-actividades-productivas-y-sociales-en-el-sitio-san-juan-de-manta-periodo-2019-2021\/","title":{"rendered":"Creaci\u00f3n y fortalecimiento de las actividades productivas y sociales en el sitio San Juan de Manta"},"content":{"rendered":"\n<p class=\"has-text-align-center\" style=\"font-size:24px\">PER\u00cdODO 2019-2021<\/p>\n\n\n\n<p style=\"font-size:18px\">Proyecto Multidisciplinario de Vinculaci\u00f3n con la Sociedad<\/p>\n\n\n\n<p style=\"font-size:18px\"><em><strong>L\u00cdNEA DE INVESTIGACI<em>\u00d3N<\/em>:<\/strong><\/em> \u00abSalud, Cultura F\u00edsica y Servicio Social Econom\u00eda y Desarrollo Sostenible\u00bb.<\/p>\n\n\n\n<div style=\"height:70px\" aria-hidden=\"true\" class=\"wp-block-spacer\"><\/div>\n\n\n\n<figure class=\"wp-block-table is-style-regular\"><table><tbody><tr><td><strong>Autores:<\/strong> <br>Ing. Gladys Cede\u00f1o Marcillo, Mgs <br>Lcda. Jazm\u00edn Moreira Valencia, Mgs <br>Lcda. Nancy Reyes Mero, Mgs <br>Ing. Lourdes Zambrano, Mgs <br>Lcdo. Vicente Reyna Moreira, Mgs <br>Ana Karina Guti\u00e9rrez \u00c1lvarez, PhD <br>Abg. Limber Rivas, Mgs <br>Lcda. Daniela Almeida, Mgs <br>Ing. Robert Mero, MGE, MGA <br>Lcdo. Jarvin Cantos Garc\u00eda, Mgs <br>Ing. Oswaldo Moreano Garc\u00eda, Mgs <br>Ing. Eddy Santana Santana<\/td><\/tr><tr><\/tr><tr><\/tr><tr><\/tr><tr><\/tr><tr><\/tr><\/tbody><\/table><\/figure>\n\n\n\n<figure class=\"wp-block-table is-style-regular\"><table><tbody><tr><td><strong>Campos Amplios: <\/strong><br>1. Ciencias sociales, periodismo, informaci\u00f3n y derecho <br>2. Administraci\u00f3n <br>3. Produccion agroindustrial y mar\u00edtima<\/td><td><strong>Campos Espec\u00edficos:<\/strong> <br>Econom\u00eda, Derecho, Trabajo Social, Psicolog\u00eda. <br>Educaci\u00f3n comercial y Administraci\u00f3n. <br>Ingenier\u00eda Industrial, Agroindustrial<\/td><td><strong>Campos Detallados:<\/strong> <br>Ciencias sociales, periodismo, informaci\u00f3n y derecho, Ciencias Administrativas. <br>Contabilidad y Auditoria. <br>Procesamiento de alimentos<\/td><\/tr><tr><\/tr><tr><\/tr><tr><\/tr><tr><td><strong>Campo amplio multidisciplinar sugerido:<\/strong> <br>4. Ciencias sociales, econ\u00f3micas y productivas<\/td><td><strong>Estado del Proyecto:<\/strong> <br>En ejecuci\u00f3n<\/td><td><strong>C\u00f3digo de Proyecto:&nbsp;<\/strong><\/td><\/tr><tr><\/tr><tr><\/tr><tr><\/tr><\/tbody><\/table><\/figure>\n\n\n\n<figure class=\"wp-block-table is-style-regular\"><table><tbody><tr><td><strong>L\u00ednea de Investigaci\u00f3n: <\/strong><br>Salud, Cultura F\u00edsica y Servicio Social Econom\u00eda y Desarrollo Sostenible<\/td><td><strong>L\u00ednea<\/strong> <strong>de Investigaci\u00f3n multidisciplinar sugerida: <\/strong><br>Servicio social y desarrollo sostenible<\/td><\/tr><tr><\/tr><\/tbody><\/table><\/figure>\n\n\n\n<figure class=\"wp-block-table is-style-regular\"><table><tbody><tr><td><strong>Fecha Inicio Planificado: <\/strong><br>Mayo de 2019<\/td><td><strong>Fecha de Fin Planeado: <\/strong><br>Diciembre 2021<\/td><td><strong>Fecha de Fin Real: <\/strong><br>Marzo 2022<\/td><\/tr><tr><\/tr><tr><\/tr><\/tbody><\/table><\/figure>\n\n\n\n<figure class=\"wp-block-table is-style-regular\"><table><tbody><tr><td><strong>Convenio: <\/strong><br>Gobierno Aut\u00f3nomo Descentralizado de San Pablo de Manta, GAD de Manta; CIESPO\/ ingenier\u00eda Industrial\/ Fundaci\u00f3n Caritas Manta\/ ASOMPRESANJUAN; Ministerio de Educaci\u00f3n, Ministerio de Salud Publica, Arquidi\u00f3cesis de Portoviejo<\/td><\/tr><tr><\/tr><tr><\/tr><tr><\/tr><\/tbody><\/table><\/figure>\n\n\n\n<p><strong>FUENTE DE INFORMACI\u00d3N<\/strong><\/p>\n\n\n\n<figure class=\"wp-block-table is-style-regular\"><table><tbody><tr><td>Objetivos de Desarrollo Sostenibles. <br>INEC Indicadores. <br>Pol\u00edticas y Objetivos Nacionales del Plan Nacional de Desarrollo 2017 &#8211; 2021 &#8211; Toda una Vida. <br>Agenda Zonal 4. <br>Planes de Gobierno Local de Manta. <br>Objetivos Estrat\u00e9gicos del PEDI. <br>Estrategias Tecnicas del PEDI. <br>Diagnostico de Proyectos Integradores. <br>Proyecto de investigaci\u00f3n: Caracterizaci\u00f3n socioecon\u00f3mica en los Sitios San Juan de la ciudad de Manta y las Gilces de la ciudad de Portoviejo. Facultad Ciencias Econ\u00f3micas.<\/td><\/tr><tr><\/tr><tr><\/tr><tr><\/tr><tr><\/tr><tr><\/tr><\/tbody><\/table><\/figure>\n\n\n\n<p><strong>COBERTURA Y LOCALIZACI\u00d3N<\/strong><\/p>\n\n\n\n<figure class=\"wp-block-table is-style-regular\"><table><tbody><tr><td><strong>Alcance territorial: <\/strong><br>Parroquial<\/td><td><strong>Provincia\/s:<\/strong><br>Manab\u00ed<\/td><\/tr><tr><\/tr><\/tbody><\/table><\/figure>\n\n\n\n<figure class=\"wp-block-table is-style-regular\"><table><tbody><tr><td><strong>Cant\u00f3n o Cantones:<\/strong><br>Manta<\/td><td><strong>Parroquia\/s: <\/strong><br>Tarqui<\/td><td><strong>Barrio\/s: <\/strong><br>San Juan<\/td><\/tr><tr><\/tr><\/tbody><\/table><\/figure>\n\n\n\n<p><strong>PRESUPUESTO<\/strong><\/p>\n\n\n\n<figure class=\"wp-block-table is-style-regular\"><table><tbody><tr><td><strong>Presupuesto financiar por la IES: <\/strong><br>$ 27.400,00<\/td><td><strong>Presupuesto total de aliados estrat\u00e9gicos:&nbsp;<\/strong> <br>$ 17.000,00<\/td><\/tr><tr><\/tr><\/tbody><\/table><\/figure>\n\n\n\n<div style=\"height:38px\" aria-hidden=\"true\" class=\"wp-block-spacer\"><\/div>\n\n\n\n<p><strong>OBJETIVO DEL PROYECTO<\/strong><\/p>\n\n\n\n<p class=\"has-text-align-center\"><strong><em>OBJETIVO GENERAL<\/em><\/strong><\/p>\n\n\n\n<figure class=\"wp-block-table is-style-regular\"><table><tbody><tr><td>Promover las actividades productivas y sociales para el meoramiento de la calidad de vida de los habitantes en el sitio San Juan de la ciudad de Manta<\/td><\/tr><tr><\/tr><tr><\/tr><\/tbody><\/table><\/figure>\n\n\n\n<p class=\"has-text-align-center\"><em><strong>OBJETIVOS ESPEC\u00cdFICOS<\/strong><\/em><\/p>\n\n\n\n<figure class=\"wp-block-table is-style-regular\"><table><tbody><tr><td><strong>O.E1:<\/strong> Fortalecer las habilidades emprendedoras en el campo econ\u00f3mico de los habitantes del Sitio San Juan de la Ciudad de Manta. <br><br><strong>O.E2: <\/strong>Fomentar la calidad de vida mediante la promoci\u00f3n, prevenci\u00f3n e intervenci\u00f3n psicosocial en los habitantes del Sitio San Juan de Manta de la Ciudad de Manta. <br><br><strong>O.E3: <\/strong>Contribuir a la realizaci\u00f3n de los derechos del Buen Vivir a trav\u00e9s del fortalecimiento de la participaci\u00f3n informada en la toma de decisiones y el impulso a emprendimientos productivos locales. <br><br><strong>O.E4:<\/strong> Asesorar la gesti\u00f3n y legalizaci\u00f3n econ\u00f3mica-contable, de los microempresarios del Sitio San Juan de la Ciudad de Manta. <br><br><strong>O.E5:<\/strong> Elaborar de manera participativa e manual de Buenas Practicas de Manufactura para la conservaci\u00f3n y asignaci\u00f3n de valor agregado a los productos agropecuarios del Sitio de San Juan de Manta. <br><br><strong>O.E6:<\/strong> Elaborar reportajes multimedia mediante la aplicaci\u00f3n de tecnicas comunicacionales que permita difundir las actividades de vinculaci\u00f3n, los avances y resultados del proyecto, tanto en la comuna como en los diferentes medios de comunicaci\u00f3n. <br><br><strong>O.E7: <\/strong>Elaborar de manera participativa, manuales de mantenimiento, normas de produccion y procesos productivos de los emprendimientos que se generen en el Sitio San Juan de Manta.<\/td><\/tr><tr><\/tr><tr><\/tr><tr><\/tr><tr><\/tr><tr><\/tr><\/tbody><\/table><\/figure>\n\n\n\n<div style=\"height:38px\" aria-hidden=\"true\" class=\"wp-block-spacer\"><\/div>\n\n\n\n<div class=\"wp-block-file aligncenter\"><a href=\"https:\/\/departamentos.uleam.edu.ec\/vinculacion-colectividad\/files\/2022\/08\/3-proyecto-aprobado2226.pdf\" class=\"wp-block-file__button\" download>Descarga<\/a><\/div>\n","protected":false},"excerpt":{"rendered":"<p>PER\u00cdODO 2019-2021 Proyecto Multidisciplinario de Vinculaci\u00f3n con la Sociedad L\u00cdNEA DE INVESTIGACI\u00d3N: \u00abSalud, Cultura F\u00edsica y Servicio Social Econom\u00eda y Desarrollo Sostenible\u00bb. Autores: Ing. Gladys Cede\u00f1o Marcillo, Mgs Lcda. Jazm\u00edn Moreira Valencia,<a class=\"moretag\" href=\"https:\/\/departamentos.uleam.edu.ec\/vinculacion-colectividad\/https-departamentos-uleam-edu-ec-vinculacion-colectividad-proyectos2022-creacion-y-fortalecimiento-de-las-actividades-productivas-y-sociales-en-el-sitio-san-juan-de-manta-periodo-2019-2021\/\">Leer m\u00e1s&#8230;<\/a><\/p>\n","protected":false},"author":124,"featured_media":0,"parent":0,"menu_order":0,"comment_status":"closed","ping_status":"closed","template":"","meta":{"footnotes":"","_links_to":"","_links_to_target":""},"class_list":["post-4334","page","type-page","status-publish","hentry"],"_links":{"self":[{"href":"https:\/\/departamentos.uleam.edu.ec\/vinculacion-colectividad\/wp-json\/wp\/v2\/pages\/4334","targetHints":{"allow":["GET"]}}],"collection":[{"href":"https:\/\/departamentos.uleam.edu.ec\/vinculacion-colectividad\/wp-json\/wp\/v2\/pages"}],"about":[{"href":"https:\/\/departamentos.uleam.edu.ec\/vinculacion-colectividad\/wp-json\/wp\/v2\/types\/page"}],"author":[{"embeddable":true,"href":"https:\/\/departamentos.uleam.edu.ec\/vinculacion-colectividad\/wp-json\/wp\/v2\/users\/124"}],"replies":[{"embeddable":true,"href":"https:\/\/departamentos.uleam.edu.ec\/vinculacion-colectividad\/wp-json\/wp\/v2\/comments?post=4334"}],"version-history":[{"count":4,"href":"https:\/\/departamentos.uleam.edu.ec\/vinculacion-colectividad\/wp-json\/wp\/v2\/pages\/4334\/revisions"}],"predecessor-version":[{"id":4756,"href":"https:\/\/departamentos.uleam.edu.ec\/vinculacion-colectividad\/wp-json\/wp\/v2\/pages\/4334\/revisions\/4756"}],"wp:attachment":[{"href":"https:\/\/departamentos.uleam.edu.ec\/vinculacion-colectividad\/wp-json\/wp\/v2\/media?parent=4334"}],"curies":[{"name":"wp","href":"https:\/\/api.w.org\/{rel}","templated":true}]}}

Creación y fortalecimiento de las actividades productivas y sociales en el sitio San Juan de Manta

<p class="has-text-align-center" style="font-size:24px">PERÍODO 2019-2021</p>



<p style="font-size:18px">Proyecto Multidisciplinario de Vinculación con la Sociedad</p>



<p style="font-size:18px"><em><strong>LÍNEA DE INVESTIGACI<em>ÓN</em>:</strong></em> «Salud, Cultura Física y Servicio Social Economía y Desarrollo Sostenible».</p>



<div style="height:70px" aria-hidden="true" class="wp-block-spacer"></div>



<figure class="wp-block-table is-style-regular"><table><tbody><tr><td><strong>Autores:</strong> <br>Ing. Gladys Cedeño Marcillo, Mgs <br>Lcda. Jazmín Moreira Valencia, Mgs <br>Lcda. Nancy Reyes Mero, Mgs <br>Ing. Lourdes Zambrano, Mgs <br>Lcdo. Vicente Reyna Moreira, Mgs <br>Ana Karina Gutiérrez Álvarez, PhD <br>Abg. Limber Rivas, Mgs <br>Lcda. Daniela Almeida, Mgs <br>Ing. Robert Mero, MGE, MGA <br>Lcdo. Jarvin Cantos García, Mgs <br>Ing. Oswaldo Moreano García, Mgs <br>Ing. Eddy Santana Santana</td></tr><tr></tr><tr></tr><tr></tr><tr></tr><tr></tr></tbody></table></figure>



<figure class="wp-block-table is-style-regular"><table><tbody><tr><td><strong>Campos Amplios: </strong><br>1. Ciencias sociales, periodismo, información y derecho <br>2. Administración <br>3. Produccion agroindustrial y marítima</td><td><strong>Campos Específicos:</strong> <br>Economía, Derecho, Trabajo Social, Psicología. <br>Educación comercial y Administración. <br>Ingeniería Industrial, Agroindustrial</td><td><strong>Campos Detallados:</strong> <br>Ciencias sociales, periodismo, información y derecho, Ciencias Administrativas. <br>Contabilidad y Auditoria. <br>Procesamiento de alimentos</td></tr><tr></tr><tr></tr><tr></tr><tr><td><strong>Campo amplio multidisciplinar sugerido:</strong> <br>4. Ciencias sociales, económicas y productivas</td><td><strong>Estado del Proyecto:</strong> <br>En ejecución</td><td><strong>Código de Proyecto:&nbsp;</strong></td></tr><tr></tr><tr></tr><tr></tr></tbody></table></figure>



<figure class="wp-block-table is-style-regular"><table><tbody><tr><td><strong>Línea de Investigación: </strong><br>Salud, Cultura Física y Servicio Social Economía y Desarrollo Sostenible</td><td><strong>Línea</strong> <strong>de Investigación multidisciplinar sugerida: </strong><br>Servicio social y desarrollo sostenible</td></tr><tr></tr></tbody></table></figure>



<figure class="wp-block-table is-style-regular"><table><tbody><tr><td><strong>Fecha Inicio Planificado: </strong><br>Mayo de 2019</td><td><strong>Fecha de Fin Planeado: </strong><br>Diciembre 2021</td><td><strong>Fecha de Fin Real: </strong><br>Marzo 2022</td></tr><tr></tr><tr></tr></tbody></table></figure>



<figure class="wp-block-table is-style-regular"><table><tbody><tr><td><strong>Convenio: </strong><br>Gobierno Autónomo Descentralizado de San Pablo de Manta, GAD de Manta; CIESPO/ ingeniería Industrial/ Fundación Caritas Manta/ ASOMPRESANJUAN; Ministerio de Educación, Ministerio de Salud Publica, Arquidiócesis de Portoviejo</td></tr><tr></tr><tr></tr><tr></tr></tbody></table></figure>



<p><strong>FUENTE DE INFORMACIÓN</strong></p>



<figure class="wp-block-table is-style-regular"><table><tbody><tr><td>Objetivos de Desarrollo Sostenibles. <br>INEC Indicadores. <br>Políticas y Objetivos Nacionales del Plan Nacional de Desarrollo 2017 &#8211; 2021 &#8211; Toda una Vida. <br>Agenda Zonal 4. <br>Planes de Gobierno Local de Manta. <br>Objetivos Estratégicos del PEDI. <br>Estrategias Tecnicas del PEDI. <br>Diagnostico de Proyectos Integradores. <br>Proyecto de investigación: Caracterización socioeconómica en los Sitios San Juan de la ciudad de Manta y las Gilces de la ciudad de Portoviejo. Facultad Ciencias Económicas.</td></tr><tr></tr><tr></tr><tr></tr><tr></tr><tr></tr></tbody></table></figure>



<p><strong>COBERTURA Y LOCALIZACIÓN</strong></p>



<figure class="wp-block-table is-style-regular"><table><tbody><tr><td><strong>Alcance territorial: </strong><br>Parroquial</td><td><strong>Provincia/s:</strong><br>Manabí</td></tr><tr></tr></tbody></table></figure>



<figure class="wp-block-table is-style-regular"><table><tbody><tr><td><strong>Cantón o Cantones:</strong><br>Manta</td><td><strong>Parroquia/s: </strong><br>Tarqui</td><td><strong>Barrio/s: </strong><br>San Juan</td></tr><tr></tr></tbody></table></figure>



<p><strong>PRESUPUESTO</strong></p>



<figure class="wp-block-table is-style-regular"><table><tbody><tr><td><strong>Presupuesto financiar por la IES: </strong><br>$ 27.400,00</td><td><strong>Presupuesto total de aliados estratégicos:&nbsp;</strong> <br>$ 17.000,00</td></tr><tr></tr></tbody></table></figure>



<div style="height:38px" aria-hidden="true" class="wp-block-spacer"></div>



<p><strong>OBJETIVO DEL PROYECTO</strong></p>



<p class="has-text-align-center"><strong><em>OBJETIVO GENERAL</em></strong></p>



<figure class="wp-block-table is-style-regular"><table><tbody><tr><td>Promover las actividades productivas y sociales para el meoramiento de la calidad de vida de los habitantes en el sitio San Juan de la ciudad de Manta</td></tr><tr></tr><tr></tr></tbody></table></figure>



<p class="has-text-align-center"><em><strong>OBJETIVOS ESPECÍFICOS</strong></em></p>



<figure class="wp-block-table is-style-regular"><table><tbody><tr><td><strong>O.E1:</strong> Fortalecer las habilidades emprendedoras en el campo económico de los habitantes del Sitio San Juan de la Ciudad de Manta. <br><br><strong>O.E2: </strong>Fomentar la calidad de vida mediante la promoción, prevención e intervención psicosocial en los habitantes del Sitio San Juan de Manta de la Ciudad de Manta. <br><br><strong>O.E3: </strong>Contribuir a la realización de los derechos del Buen Vivir a través del fortalecimiento de la participación informada en la toma de decisiones y el impulso a emprendimientos productivos locales. <br><br><strong>O.E4:</strong> Asesorar la gestión y legalización económica-contable, de los microempresarios del Sitio San Juan de la Ciudad de Manta. <br><br><strong>O.E5:</strong> Elaborar de manera participativa e manual de Buenas Practicas de Manufactura para la conservación y asignación de valor agregado a los productos agropecuarios del Sitio de San Juan de Manta. <br><br><strong>O.E6:</strong> Elaborar reportajes multimedia mediante la aplicación de tecnicas comunicacionales que permita difundir las actividades de vinculación, los avances y resultados del proyecto, tanto en la comuna como en los diferentes medios de comunicación. <br><br><strong>O.E7: </strong>Elaborar de manera participativa, manuales de mantenimiento, normas de produccion y procesos productivos de los emprendimientos que se generen en el Sitio San Juan de Manta.</td></tr><tr></tr><tr></tr><tr></tr><tr></tr><tr></tr></tbody></table></figure>



<div style="height:38px" aria-hidden="true" class="wp-block-spacer"></div>



<div class="wp-block-file aligncenter"><a href="https://departamentos.uleam.edu.ec/vinculacion-colectividad/files/2022/08/3-proyecto-aprobado2226.pdf" class="wp-block-file__button" download>Descarga</a></div>

<p>PERÍODO 2019-2021 Proyecto Multidisciplinario de Vinculación con la Sociedad LÍNEA DE INVESTIGACIÓN: «Salud, Cultura Física y Servicio Social Economía y Desarrollo Sostenible». Autores: Ing. Gladys Cedeño Marcillo, Mgs Lcda. Jazmín Moreira Valencia,<a class="moretag" href="https://departamentos.uleam.edu.ec/vinculacion-colectividad/https-departamentos-uleam-edu-ec-vinculacion-colectividad-proyectos2022-creacion-y-fortalecimiento-de-las-actividades-productivas-y-sociales-en-el-sitio-san-juan-de-manta-periodo-2019-2021/">Leer más&#8230;</a></p>
