{"id":4337,"date":"2022-08-05T09:18:00","date_gmt":"2022-08-05T14:18:00","guid":{"rendered":"https:\/\/departamentos.uleam.edu.ec\/vinculacion-colectividad\/?page_id=4337"},"modified":"2022-10-25T10:16:20","modified_gmt":"2022-10-25T15:16:20","slug":"https-departamentos-uleam-edu-ec-vinculacion-colectividad-proyectos2022-desarrollo-de-estudios-socio-economicos-que-aporten-a-la-ejecucion-del-plan-de-sostenibilidad-y-reactivacion-economica-del-canto","status":"publish","type":"page","link":"https:\/\/departamentos.uleam.edu.ec\/vinculacion-colectividad\/https-departamentos-uleam-edu-ec-vinculacion-colectividad-proyectos2022-desarrollo-de-estudios-socio-economicos-que-aporten-a-la-ejecucion-del-plan-de-sostenibilidad-y-reactivacion-economica-del-canto\/","title":{"rendered":"Desarrollo de estudios socio-econ\u00f3micos que aporten a la ejecuci\u00f3n del Plan de Sostenibilidad y Reactivaci\u00f3n econ\u00f3mica del cant\u00f3n Manta"},"content":{"rendered":"\n<p class=\"has-text-align-center\" style=\"font-size:24px\">PER\u00cdODO ACAD\u00c9MICO 2020-2021<\/p>\n\n\n\n<p style=\"font-size:18px\"><em><strong>L\u00cdNEA DE VINCULACI<em>\u00d3N<\/em>:<\/strong><\/em> \u00abDesarrollo Econ\u00f3mico Sostenible y Empresarial\u00bb<\/p>\n\n\n\n<div style=\"height:57px\" aria-hidden=\"true\" class=\"wp-block-spacer\"><\/div>\n\n\n\n<figure class=\"wp-block-table is-style-regular\"><table><tbody><tr><td><strong>Autores:<\/strong><br>Eco. Fabi\u00e1n S\u00e1nchez Ramos.<br>Eco. Miguel Tomal\u00e1 Parrales.<br>Ing. Gladys Cede\u00f1o Marcillo.<\/td><\/tr><tr><\/tr><tr><\/tr><tr><\/tr><tr><\/tr><tr><\/tr><tr><td><strong>Colaboradores:<\/strong><br>Eco. Darly Mendoza Silva.<\/td><\/tr><tr><\/tr><tr><\/tr><\/tbody><\/table><\/figure>\n\n\n\n<figure class=\"wp-block-table is-style-regular\"><table><tbody><tr><td><strong>Campos Amplios: <\/strong><br>Ciencias sociales, periodismo, informaci\u00f3n y derecho<\/td><td><strong>Campos Espec\u00edficos: <\/strong><br>Ciencias sociales y del comportamiento<\/td><td><strong>Campos Detallados: <\/strong><br>Econom\u00eda<\/td><\/tr><tr><\/tr><tr><\/tr><tr><\/tr><tr><td><strong>L\u00ednea de Vinculaci\u00f3n: <\/strong><br>Econom\u00eda y<br>desarrollo sostenible<\/td><td><strong>Estado del Proyecto:<\/strong> <br>En ejecuci\u00f3n<\/td><td><strong>C\u00f3digo de Proyecto:&nbsp;<\/strong><\/td><\/tr><tr><\/tr><tr><\/tr><tr><\/tr><\/tbody><\/table><\/figure>\n\n\n\n<figure class=\"wp-block-table is-style-regular\"><table><tbody><tr><td><strong>L\u00ednea de Investigaci\u00f3n:<\/strong><br>Desarrollo Econ\u00f3mico Sostenible y Empresarial.<\/td><\/tr><tr><\/tr><\/tbody><\/table><\/figure>\n\n\n\n<figure class=\"wp-block-table is-style-regular\"><table><tbody><tr><td><strong>Fecha Inicio Planificado:<\/strong> <br>Junio 2020<\/td><td><strong>Fecha de Fin Planeado:<\/strong> <br>Diciembre 2021<\/td><td><strong>Fecha de Fin Real: <\/strong><br>Marzo 2022<\/td><\/tr><tr><\/tr><tr><\/tr><\/tbody><\/table><\/figure>\n\n\n\n<figure class=\"wp-block-table is-style-regular\"><table><tbody><tr><td><strong>Convenio: <\/strong><br>Uleam\/ GAD de Manta<\/td><\/tr><tr><\/tr><tr><\/tr><tr><\/tr><\/tbody><\/table><\/figure>\n\n\n\n<div style=\"height:35px\" aria-hidden=\"true\" class=\"wp-block-spacer\"><\/div>\n\n\n\n<p><strong>OBJETIVO DEL PROYECTO<\/strong><\/p>\n\n\n\n<p class=\"has-text-align-center\"><strong><em>OBJETIVO GENERAL<\/em><\/strong><\/p>\n\n\n\n<figure class=\"wp-block-table is-style-regular\"><table><tbody><tr><td>Elaborar una&nbsp;propuesta&nbsp;para el desarrollo de estudios socio-econ\u00f3micos&nbsp;que&nbsp;aporten&nbsp;a&nbsp;la ejecuci\u00f3n del Plan de Sostenibilidad y Reactivaci\u00f3n Econ\u00f3mica del Cant\u00f3n Manta<\/td><\/tr><tr><\/tr><tr><\/tr><\/tbody><\/table><\/figure>\n\n\n\n<p class=\"has-text-align-center\"><strong><em>OBJETIVOS ESPEC\u00cdFICOS<\/em><\/strong><\/p>\n\n\n\n<figure class=\"wp-block-table is-style-regular\"><table><tbody><tr><td><strong>O.E1:<\/strong> Levantar informaci\u00f3n sobre el costo de los \u00edtems que conforman la Canasta B\u00e1sica Familiar y Canasta B\u00e1sica Vital en la Ciudad de Manta y su variaci\u00f3n de consumo en preferencia\/necesidad como resultado de la pandemia del COVID 19. <br><br><strong>O.E2:<\/strong> Desarrollar un estudio comparativo del Costo de la Canasta B\u00e1sica Familiar y Canasta B\u00e1sica Vital en la ciudad de Manta que analice la variaci\u00f3n inflacionaria como resultado de la pandemia del COVID 19 <br><br><strong>O.E3:<\/strong> Levantar informaci\u00f3n de la Renta Per C\u00e1pita de la poblaci\u00f3n de Manta, con respecto a las nuevas medidas econ\u00f3micas decretadas por el gobierno nacional.<br><br><strong>O.E4:<\/strong> Levantar informaci\u00f3n de las necesidad es econ\u00f3micas-financieras de las PYMES de la ciudad de Manta.<\/td><\/tr><tr><\/tr><tr><\/tr><tr><\/tr><tr><\/tr><tr><\/tr><\/tbody><\/table><\/figure>\n\n\n\n<div style=\"height:35px\" aria-hidden=\"true\" class=\"wp-block-spacer\"><\/div>\n\n\n\n<div class=\"wp-block-file aligncenter\"><a href=\"https:\/\/departamentos.uleam.edu.ec\/vinculacion-colectividad\/files\/2022\/08\/PROYECTO-2020-1.pdf\" class=\"wp-block-file__button\" download>Descarga<\/a><\/div>\n","protected":false},"excerpt":{"rendered":"<p>PER\u00cdODO ACAD\u00c9MICO 2020-2021 L\u00cdNEA DE VINCULACI\u00d3N: \u00abDesarrollo Econ\u00f3mico Sostenible y Empresarial\u00bb Autores:Eco. Fabi\u00e1n S\u00e1nchez Ramos.Eco. Miguel Tomal\u00e1 Parrales.Ing. Gladys Cede\u00f1o Marcillo. Colaboradores:Eco. Darly Mendoza Silva. Campos Amplios: Ciencias sociales, periodismo, informaci\u00f3n y<a class=\"moretag\" href=\"https:\/\/departamentos.uleam.edu.ec\/vinculacion-colectividad\/https-departamentos-uleam-edu-ec-vinculacion-colectividad-proyectos2022-desarrollo-de-estudios-socio-economicos-que-aporten-a-la-ejecucion-del-plan-de-sostenibilidad-y-reactivacion-economica-del-canto\/\">Leer m\u00e1s&#8230;<\/a><\/p>\n","protected":false},"author":124,"featured_media":0,"parent":0,"menu_order":0,"comment_status":"closed","ping_status":"closed","template":"","meta":{"footnotes":"","_links_to":"","_links_to_target":""},"class_list":["post-4337","page","type-page","status-publish","hentry"],"_links":{"self":[{"href":"https:\/\/departamentos.uleam.edu.ec\/vinculacion-colectividad\/wp-json\/wp\/v2\/pages\/4337","targetHints":{"allow":["GET"]}}],"collection":[{"href":"https:\/\/departamentos.uleam.edu.ec\/vinculacion-colectividad\/wp-json\/wp\/v2\/pages"}],"about":[{"href":"https:\/\/departamentos.uleam.edu.ec\/vinculacion-colectividad\/wp-json\/wp\/v2\/types\/page"}],"author":[{"embeddable":true,"href":"https:\/\/departamentos.uleam.edu.ec\/vinculacion-colectividad\/wp-json\/wp\/v2\/users\/124"}],"replies":[{"embeddable":true,"href":"https:\/\/departamentos.uleam.edu.ec\/vinculacion-colectividad\/wp-json\/wp\/v2\/comments?post=4337"}],"version-history":[{"count":5,"href":"https:\/\/departamentos.uleam.edu.ec\/vinculacion-colectividad\/wp-json\/wp\/v2\/pages\/4337\/revisions"}],"predecessor-version":[{"id":5142,"href":"https:\/\/departamentos.uleam.edu.ec\/vinculacion-colectividad\/wp-json\/wp\/v2\/pages\/4337\/revisions\/5142"}],"wp:attachment":[{"href":"https:\/\/departamentos.uleam.edu.ec\/vinculacion-colectividad\/wp-json\/wp\/v2\/media?parent=4337"}],"curies":[{"name":"wp","href":"https:\/\/api.w.org\/{rel}","templated":true}]}}

Desarrollo de estudios socio-económicos que aporten a la ejecución del Plan de Sostenibilidad y Reactivación económica del cantón Manta

<p class="has-text-align-center" style="font-size:24px">PERÍODO ACADÉMICO 2020-2021</p>



<p style="font-size:18px"><em><strong>LÍNEA DE VINCULACI<em>ÓN</em>:</strong></em> «Desarrollo Económico Sostenible y Empresarial»</p>



<div style="height:57px" aria-hidden="true" class="wp-block-spacer"></div>



<figure class="wp-block-table is-style-regular"><table><tbody><tr><td><strong>Autores:</strong><br>Eco. Fabián Sánchez Ramos.<br>Eco. Miguel Tomalá Parrales.<br>Ing. Gladys Cedeño Marcillo.</td></tr><tr></tr><tr></tr><tr></tr><tr></tr><tr></tr><tr><td><strong>Colaboradores:</strong><br>Eco. Darly Mendoza Silva.</td></tr><tr></tr><tr></tr></tbody></table></figure>



<figure class="wp-block-table is-style-regular"><table><tbody><tr><td><strong>Campos Amplios: </strong><br>Ciencias sociales, periodismo, información y derecho</td><td><strong>Campos Específicos: </strong><br>Ciencias sociales y del comportamiento</td><td><strong>Campos Detallados: </strong><br>Economía</td></tr><tr></tr><tr></tr><tr></tr><tr><td><strong>Línea de Vinculación: </strong><br>Economía y<br>desarrollo sostenible</td><td><strong>Estado del Proyecto:</strong> <br>En ejecución</td><td><strong>Código de Proyecto:&nbsp;</strong></td></tr><tr></tr><tr></tr><tr></tr></tbody></table></figure>



<figure class="wp-block-table is-style-regular"><table><tbody><tr><td><strong>Línea de Investigación:</strong><br>Desarrollo Económico Sostenible y Empresarial.</td></tr><tr></tr></tbody></table></figure>



<figure class="wp-block-table is-style-regular"><table><tbody><tr><td><strong>Fecha Inicio Planificado:</strong> <br>Junio 2020</td><td><strong>Fecha de Fin Planeado:</strong> <br>Diciembre 2021</td><td><strong>Fecha de Fin Real: </strong><br>Marzo 2022</td></tr><tr></tr><tr></tr></tbody></table></figure>



<figure class="wp-block-table is-style-regular"><table><tbody><tr><td><strong>Convenio: </strong><br>Uleam/ GAD de Manta</td></tr><tr></tr><tr></tr><tr></tr></tbody></table></figure>



<div style="height:35px" aria-hidden="true" class="wp-block-spacer"></div>



<p><strong>OBJETIVO DEL PROYECTO</strong></p>



<p class="has-text-align-center"><strong><em>OBJETIVO GENERAL</em></strong></p>



<figure class="wp-block-table is-style-regular"><table><tbody><tr><td>Elaborar una&nbsp;propuesta&nbsp;para el desarrollo de estudios socio-económicos&nbsp;que&nbsp;aporten&nbsp;a&nbsp;la ejecución del Plan de Sostenibilidad y Reactivación Económica del Cantón Manta</td></tr><tr></tr><tr></tr></tbody></table></figure>



<p class="has-text-align-center"><strong><em>OBJETIVOS ESPECÍFICOS</em></strong></p>



<figure class="wp-block-table is-style-regular"><table><tbody><tr><td><strong>O.E1:</strong> Levantar información sobre el costo de los ítems que conforman la Canasta Básica Familiar y Canasta Básica Vital en la Ciudad de Manta y su variación de consumo en preferencia/necesidad como resultado de la pandemia del COVID 19. <br><br><strong>O.E2:</strong> Desarrollar un estudio comparativo del Costo de la Canasta Básica Familiar y Canasta Básica Vital en la ciudad de Manta que analice la variación inflacionaria como resultado de la pandemia del COVID 19 <br><br><strong>O.E3:</strong> Levantar información de la Renta Per Cápita de la población de Manta, con respecto a las nuevas medidas económicas decretadas por el gobierno nacional.<br><br><strong>O.E4:</strong> Levantar información de las necesidad es económicas-financieras de las PYMES de la ciudad de Manta.</td></tr><tr></tr><tr></tr><tr></tr><tr></tr><tr></tr></tbody></table></figure>



<div style="height:35px" aria-hidden="true" class="wp-block-spacer"></div>



<div class="wp-block-file aligncenter"><a href="https://departamentos.uleam.edu.ec/vinculacion-colectividad/files/2022/08/PROYECTO-2020-1.pdf" class="wp-block-file__button" download>Descarga</a></div>

<p>PERÍODO ACADÉMICO 2020-2021 LÍNEA DE VINCULACIÓN: «Desarrollo Económico Sostenible y Empresarial» Autores:Eco. Fabián Sánchez Ramos.Eco. Miguel Tomalá Parrales.Ing. Gladys Cedeño Marcillo. Colaboradores:Eco. Darly Mendoza Silva. Campos Amplios: Ciencias sociales, periodismo, información y<a class="moretag" href="https://departamentos.uleam.edu.ec/vinculacion-colectividad/https-departamentos-uleam-edu-ec-vinculacion-colectividad-proyectos2022-desarrollo-de-estudios-socio-economicos-que-aporten-a-la-ejecucion-del-plan-de-sostenibilidad-y-reactivacion-economica-del-canto/">Leer más&#8230;</a></p>
