{"id":4346,"date":"2022-08-05T09:24:07","date_gmt":"2022-08-05T14:24:07","guid":{"rendered":"https:\/\/departamentos.uleam.edu.ec\/vinculacion-colectividad\/?page_id=4346"},"modified":"2022-08-18T11:14:00","modified_gmt":"2022-08-18T16:14:00","slug":"https-departamentos-uleam-edu-ec-vinculacion-colectividad-proyectos2022-vigilancia-epidemiologica-de-las-enfermedades-transmisibles-en-el-canton-manta","status":"publish","type":"page","link":"https:\/\/departamentos.uleam.edu.ec\/vinculacion-colectividad\/https-departamentos-uleam-edu-ec-vinculacion-colectividad-proyectos2022-vigilancia-epidemiologica-de-las-enfermedades-transmisibles-en-el-canton-manta\/","title":{"rendered":"Vigilancia Epidemiol\u00f3gica de las Enfermedades Transmisibles en el Cant\u00f3n Manta"},"content":{"rendered":"\n<p class=\"has-text-align-center\" style=\"font-size:24px\">PER\u00cdODO 2022-2023<\/p>\n\n\n\n<p style=\"font-size:18px\">Proyecto de Vinculaci\u00f3n y Emprendimiento<\/p>\n\n\n\n<p style=\"font-size:18px\"><strong><em>L\u00cdNEA DE VINCULACI\u00d3N:<\/em><\/strong>&nbsp;\u201cSalud, Cultura F\u00edsica y Servicios Sociales\u00bb<\/p>\n\n\n\n<div style=\"height:70px\" aria-hidden=\"true\" class=\"wp-block-spacer\"><\/div>\n\n\n\n<figure class=\"wp-block-table is-style-regular\"><table><tbody><tr><td><strong>Decano:<\/strong><br>Dr. Leonardo Cede\u00f1o Torres<br><strong>L\u00edder del Proyecto:<\/strong><br>Dra. Ver\u00f3nica Alexandra Franco Solorzano<\/td><\/tr><tr><\/tr><tr><\/tr><tr><\/tr><tr><\/tr><tr><\/tr><\/tbody><\/table><\/figure>\n\n\n\n<figure class=\"wp-block-table is-style-regular\"><table><tbody><tr><td><strong>Nombre de la Facultad o Unidad Acad\u00e9mica Responsable:<\/strong><br>Facultad de Ciencias M\u00e9dicas<\/td><td><strong>Carrera: <\/strong><br>Medicina<\/td><td><strong>Tipo Proyecto:<\/strong><br>Proyecto de Vinculaci\u00f3n<\/td><\/tr><tr><\/tr><tr><\/tr><tr><\/tr><tr><td><strong>Dominio Acad\u00e9mico:<\/strong><br>Salud y Bienestar&nbsp;<\/td><td><strong>L\u00ednea de Investigaci\u00f3n:<\/strong><br>Salud, Cultura F\u00edsica y Servicios Sociales<\/td><td><strong>Convenio:<\/strong><br>Convenio Macro INSPIULEAM<br>Convenio Micro <br>Departamento Vinculaci\u00f3n con la Sociedad- INSPIULEAM&nbsp;<\/td><\/tr><tr><\/tr><tr><\/tr><tr><\/tr><tr><td><strong>\u00c1rea del conocimiento:<\/strong><br>Salud y servicios sociales<\/td><td><strong>Sub\u00e1rea del conocimiento:<\/strong><br>Medicina<\/td><td><strong>Sub\u00e1rea especifica:<\/strong><br>Sub\u00e1rea 72<\/td><\/tr><tr><\/tr><tr><\/tr><tr><\/tr><\/tbody><\/table><\/figure>\n\n\n\n<figure class=\"wp-block-table is-style-regular\"><table><tbody><tr><td><strong>Fecha inicio: <\/strong><br>Mayo 2022<\/td><td><strong>Fecha de Fin Planeado: <\/strong><br>Mayo 2023<\/td><\/tr><tr><\/tr><\/tbody><\/table><\/figure>\n\n\n\n<p><strong>COBERTURA Y LOCALIZACI\u00d3N<\/strong><\/p>\n\n\n\n<figure class=\"wp-block-table is-style-regular\"><table><tbody><tr><td><strong>Cobertura:<\/strong> <br>Provincial<\/td><td><strong>Zona de Planificaci\u00f3n: <\/strong><br><strong><em>Zona 4:<\/em><\/strong> Manab\u00ed, Santo Domingo de los Ts\u00e1chilas.<\/td><td><strong>Provincia:<\/strong><br>Manab\u00ed.<\/td><\/tr><tr><\/tr><tr><td><strong>Cant\u00f3n:<\/strong><br>Manta.<br>Montecristi.<\/td><td><strong>Parroquia: <\/strong><br>Manta, Tarqui, Los Esteros, Eloy Alfaro.<\/td><td><strong>Barrios:<\/strong><br>Eloy Alfaro, Tarqui, Manta,<br>Los Esteros.&nbsp;<\/td><\/tr><tr><\/tr><\/tbody><\/table><\/figure>\n\n\n\n<p><strong>PRESUPUESTO<\/strong><\/p>\n\n\n\n<figure class=\"wp-block-table is-style-regular\"><table><tbody><tr><td><strong>Presupuesto aporte ULEAM:<\/strong><br>$3.010,01<\/td><td><strong>Presupuesto entidad auspiciante\/beneficiaria: <\/strong><br>$5.000,00<\/td><td><strong>Presupuesto Total:<\/strong> <br>$8.010,01<\/td><\/tr><tr><\/tr><tr><\/tr><tr><\/tr><\/tbody><\/table><\/figure>\n\n\n\n<div style=\"height:38px\" aria-hidden=\"true\" class=\"wp-block-spacer\"><\/div>\n\n\n\n<p><strong>OBJETIVO DEL PROYECTO<\/strong><\/p>\n\n\n\n<p class=\"has-text-align-center\"><strong><em>OBJETIVO GENERAL<\/em><\/strong><\/p>\n\n\n\n<figure class=\"wp-block-table is-style-regular\"><table><tbody><tr><td>Disminuir la densidad poblacional de Aedes aegypti en una parroquia piloto del cant\u00f3n Manta, aplicando un enfoque multisectorial en el que se integren Salud, Ambiente, Educaci\u00f3n, Saneamiento y Agua para prevenir la transmisi\u00f3n de dengue y otras arbovirosis, considerando medidas de adaptaci\u00f3n al cambio clim\u00e1tico.&nbsp;<\/td><\/tr><tr><\/tr><tr><\/tr><\/tbody><\/table><\/figure>\n\n\n\n<p class=\"has-text-align-center\"><strong><em>OBJETIVOS ESPEC\u00cdFICOS<\/em><\/strong><\/p>\n\n\n\n<figure class=\"wp-block-table is-style-regular\"><table><tbody><tr><td><strong>O.E1:<\/strong> Caracterizar la situaci\u00f3n epidemiol\u00f3gica actual de las arbovirosis en el Cant\u00f3n Manta de la Provincia de Manab\u00ed.<br><br><strong>O.E2:<\/strong> Realizar intervenciones focalizadas y multisectoriales acorde a los resultados obtenidos por la vigilancia entomol\u00f3gica, para la aplicaci\u00f3n de encuestas y consentimiento informado.<br><br><strong>O.E3: <\/strong>Realizar una campa\u00f1a de educomunicacional para promover la adopci\u00f3n de medidas de saneamiento para eliminar criaderos y prevenir la transmisi\u00f3n de dengue en las parroquias piloto del cant\u00f3n Manta.<br><br><strong>O.E4:<\/strong> Implementaci\u00f3n de la t\u00e9cnica LAMP para la detecci\u00f3n de dengue en vectores.<\/td><\/tr><tr><\/tr><tr><\/tr><tr><\/tr><tr><\/tr><tr><\/tr><\/tbody><\/table><\/figure>\n\n\n\n<div style=\"height:90px\" aria-hidden=\"true\" class=\"wp-block-spacer\"><\/div>\n\n\n\n<figure class=\"wp-block-gallery columns-3 is-cropped wp-block-gallery-1 is-layout-flex wp-block-gallery-is-layout-flex\"><ul class=\"blocks-gallery-grid\"><li class=\"blocks-gallery-item\"><figure><a href=\"https:\/\/departamentos.uleam.edu.ec\/vinculacion-colectividad\/files\/2022\/08\/IMG-20220728-WA0011-1024x768.jpg\"><img fetchpriority=\"high\" decoding=\"async\" width=\"1024\" height=\"768\" src=\"https:\/\/departamentos.uleam.edu.ec\/vinculacion-colectividad\/files\/2022\/08\/IMG-20220728-WA0011-1024x768.jpg\" alt=\"\" data-id=\"4733\" data-link=\"https:\/\/departamentos.uleam.edu.ec\/vinculacion-colectividad\/https-departamentos-uleam-edu-ec-vinculacion-colectividad-proyectos2022-vigilancia-epidemiologica-de-las-enfermedades-transmisibles-en-el-canton-manta\/img-20220728-wa0011\/\" class=\"wp-image-4733\" srcset=\"https:\/\/departamentos.uleam.edu.ec\/vinculacion-colectividad\/files\/2022\/08\/IMG-20220728-WA0011-1024x768.jpg 1024w, https:\/\/departamentos.uleam.edu.ec\/vinculacion-colectividad\/files\/2022\/08\/IMG-20220728-WA0011-300x225.jpg 300w, https:\/\/departamentos.uleam.edu.ec\/vinculacion-colectividad\/files\/2022\/08\/IMG-20220728-WA0011-768x576.jpg 768w, https:\/\/departamentos.uleam.edu.ec\/vinculacion-colectividad\/files\/2022\/08\/IMG-20220728-WA0011-1536x1152.jpg 1536w, https:\/\/departamentos.uleam.edu.ec\/vinculacion-colectividad\/files\/2022\/08\/IMG-20220728-WA0011.jpg 1600w\" sizes=\"(max-width: 1024px) 100vw, 1024px\" \/><\/a><\/figure><\/li><li class=\"blocks-gallery-item\"><figure><a href=\"https:\/\/departamentos.uleam.edu.ec\/vinculacion-colectividad\/files\/2022\/08\/IMG-20220729-WA0025-1024x576.jpg\"><img decoding=\"async\" width=\"1024\" height=\"576\" src=\"https:\/\/departamentos.uleam.edu.ec\/vinculacion-colectividad\/files\/2022\/08\/IMG-20220729-WA0025-1024x576.jpg\" alt=\"\" data-id=\"4736\" data-link=\"https:\/\/departamentos.uleam.edu.ec\/vinculacion-colectividad\/https-departamentos-uleam-edu-ec-vinculacion-colectividad-proyectos2022-vigilancia-epidemiologica-de-las-enfermedades-transmisibles-en-el-canton-manta\/img-20220729-wa0025\/\" class=\"wp-image-4736\" srcset=\"https:\/\/departamentos.uleam.edu.ec\/vinculacion-colectividad\/files\/2022\/08\/IMG-20220729-WA0025-1024x576.jpg 1024w, https:\/\/departamentos.uleam.edu.ec\/vinculacion-colectividad\/files\/2022\/08\/IMG-20220729-WA0025-300x169.jpg 300w, https:\/\/departamentos.uleam.edu.ec\/vinculacion-colectividad\/files\/2022\/08\/IMG-20220729-WA0025-768x432.jpg 768w, https:\/\/departamentos.uleam.edu.ec\/vinculacion-colectividad\/files\/2022\/08\/IMG-20220729-WA0025-1536x864.jpg 1536w, https:\/\/departamentos.uleam.edu.ec\/vinculacion-colectividad\/files\/2022\/08\/IMG-20220729-WA0025.jpg 1600w\" sizes=\"(max-width: 1024px) 100vw, 1024px\" \/><\/a><\/figure><\/li><li class=\"blocks-gallery-item\"><figure><a href=\"https:\/\/departamentos.uleam.edu.ec\/vinculacion-colectividad\/files\/2022\/08\/IMG-20220617-WA0026-1024x768.jpg\"><img decoding=\"async\" width=\"1024\" height=\"768\" src=\"https:\/\/departamentos.uleam.edu.ec\/vinculacion-colectividad\/files\/2022\/08\/IMG-20220617-WA0026-1024x768.jpg\" alt=\"\" data-id=\"4737\" data-link=\"https:\/\/departamentos.uleam.edu.ec\/vinculacion-colectividad\/https-departamentos-uleam-edu-ec-vinculacion-colectividad-proyectos2022-vigilancia-epidemiologica-de-las-enfermedades-transmisibles-en-el-canton-manta\/img-20220617-wa0026\/\" class=\"wp-image-4737\" srcset=\"https:\/\/departamentos.uleam.edu.ec\/vinculacion-colectividad\/files\/2022\/08\/IMG-20220617-WA0026-1024x768.jpg 1024w, https:\/\/departamentos.uleam.edu.ec\/vinculacion-colectividad\/files\/2022\/08\/IMG-20220617-WA0026-300x225.jpg 300w, https:\/\/departamentos.uleam.edu.ec\/vinculacion-colectividad\/files\/2022\/08\/IMG-20220617-WA0026-768x576.jpg 768w, https:\/\/departamentos.uleam.edu.ec\/vinculacion-colectividad\/files\/2022\/08\/IMG-20220617-WA0026-1536x1152.jpg 1536w, https:\/\/departamentos.uleam.edu.ec\/vinculacion-colectividad\/files\/2022\/08\/IMG-20220617-WA0026.jpg 1600w\" sizes=\"(max-width: 1024px) 100vw, 1024px\" \/><\/a><\/figure><\/li><li class=\"blocks-gallery-item\"><figure><a href=\"https:\/\/departamentos.uleam.edu.ec\/vinculacion-colectividad\/files\/2022\/08\/IMG-20220527-WA0033-1024x768.jpg\"><img loading=\"lazy\" decoding=\"async\" width=\"1024\" height=\"768\" src=\"https:\/\/departamentos.uleam.edu.ec\/vinculacion-colectividad\/files\/2022\/08\/IMG-20220527-WA0033-1024x768.jpg\" alt=\"\" data-id=\"4738\" data-link=\"https:\/\/departamentos.uleam.edu.ec\/vinculacion-colectividad\/https-departamentos-uleam-edu-ec-vinculacion-colectividad-proyectos2022-vigilancia-epidemiologica-de-las-enfermedades-transmisibles-en-el-canton-manta\/img-20220527-wa0033\/\" class=\"wp-image-4738\" srcset=\"https:\/\/departamentos.uleam.edu.ec\/vinculacion-colectividad\/files\/2022\/08\/IMG-20220527-WA0033-1024x768.jpg 1024w, https:\/\/departamentos.uleam.edu.ec\/vinculacion-colectividad\/files\/2022\/08\/IMG-20220527-WA0033-300x225.jpg 300w, https:\/\/departamentos.uleam.edu.ec\/vinculacion-colectividad\/files\/2022\/08\/IMG-20220527-WA0033-768x576.jpg 768w, https:\/\/departamentos.uleam.edu.ec\/vinculacion-colectividad\/files\/2022\/08\/IMG-20220527-WA0033-1536x1153.jpg 1536w, https:\/\/departamentos.uleam.edu.ec\/vinculacion-colectividad\/files\/2022\/08\/IMG-20220527-WA0033.jpg 1599w\" sizes=\"(max-width: 1024px) 100vw, 1024px\" \/><\/a><\/figure><\/li><li class=\"blocks-gallery-item\"><figure><a href=\"https:\/\/departamentos.uleam.edu.ec\/vinculacion-colectividad\/files\/2022\/08\/IMG-20220729-WA0023-1024x576.jpg\"><img loading=\"lazy\" decoding=\"async\" width=\"1024\" height=\"576\" src=\"https:\/\/departamentos.uleam.edu.ec\/vinculacion-colectividad\/files\/2022\/08\/IMG-20220729-WA0023-1024x576.jpg\" alt=\"\" data-id=\"4740\" data-link=\"https:\/\/departamentos.uleam.edu.ec\/vinculacion-colectividad\/https-departamentos-uleam-edu-ec-vinculacion-colectividad-proyectos2022-vigilancia-epidemiologica-de-las-enfermedades-transmisibles-en-el-canton-manta\/img-20220729-wa0023\/\" class=\"wp-image-4740\" srcset=\"https:\/\/departamentos.uleam.edu.ec\/vinculacion-colectividad\/files\/2022\/08\/IMG-20220729-WA0023-1024x576.jpg 1024w, https:\/\/departamentos.uleam.edu.ec\/vinculacion-colectividad\/files\/2022\/08\/IMG-20220729-WA0023-300x169.jpg 300w, https:\/\/departamentos.uleam.edu.ec\/vinculacion-colectividad\/files\/2022\/08\/IMG-20220729-WA0023-768x432.jpg 768w, https:\/\/departamentos.uleam.edu.ec\/vinculacion-colectividad\/files\/2022\/08\/IMG-20220729-WA0023-1536x864.jpg 1536w, https:\/\/departamentos.uleam.edu.ec\/vinculacion-colectividad\/files\/2022\/08\/IMG-20220729-WA0023.jpg 1600w\" sizes=\"(max-width: 1024px) 100vw, 1024px\" \/><\/a><\/figure><\/li><li class=\"blocks-gallery-item\"><figure><a href=\"https:\/\/departamentos.uleam.edu.ec\/vinculacion-colectividad\/files\/2022\/08\/IMG-20220527-WA0031.jpg\"><img loading=\"lazy\" decoding=\"async\" width=\"1024\" height=\"576\" src=\"https:\/\/departamentos.uleam.edu.ec\/vinculacion-colectividad\/files\/2022\/08\/IMG-20220527-WA0031-1024x576.jpg\" alt=\"\" data-id=\"4741\" data-full-url=\"https:\/\/departamentos.uleam.edu.ec\/vinculacion-colectividad\/files\/2022\/08\/IMG-20220527-WA0031.jpg\" data-link=\"https:\/\/departamentos.uleam.edu.ec\/vinculacion-colectividad\/https-departamentos-uleam-edu-ec-vinculacion-colectividad-proyectos2022-vigilancia-epidemiologica-de-las-enfermedades-transmisibles-en-el-canton-manta\/img-20220527-wa0031\/\" class=\"wp-image-4741\" srcset=\"https:\/\/departamentos.uleam.edu.ec\/vinculacion-colectividad\/files\/2022\/08\/IMG-20220527-WA0031-1024x576.jpg 1024w, https:\/\/departamentos.uleam.edu.ec\/vinculacion-colectividad\/files\/2022\/08\/IMG-20220527-WA0031-300x169.jpg 300w, https:\/\/departamentos.uleam.edu.ec\/vinculacion-colectividad\/files\/2022\/08\/IMG-20220527-WA0031-768x432.jpg 768w, https:\/\/departamentos.uleam.edu.ec\/vinculacion-colectividad\/files\/2022\/08\/IMG-20220527-WA0031-1536x864.jpg 1536w, https:\/\/departamentos.uleam.edu.ec\/vinculacion-colectividad\/files\/2022\/08\/IMG-20220527-WA0031.jpg 1599w\" sizes=\"(max-width: 1024px) 100vw, 1024px\" \/><\/a><\/figure><\/li><li class=\"blocks-gallery-item\"><figure><a href=\"https:\/\/departamentos.uleam.edu.ec\/vinculacion-colectividad\/files\/2022\/08\/IMG-20220729-WA0024-1024x576.jpg\"><img loading=\"lazy\" decoding=\"async\" width=\"1024\" height=\"576\" src=\"https:\/\/departamentos.uleam.edu.ec\/vinculacion-colectividad\/files\/2022\/08\/IMG-20220729-WA0024-1024x576.jpg\" alt=\"\" data-id=\"4739\" data-link=\"https:\/\/departamentos.uleam.edu.ec\/vinculacion-colectividad\/https-departamentos-uleam-edu-ec-vinculacion-colectividad-proyectos2022-vigilancia-epidemiologica-de-las-enfermedades-transmisibles-en-el-canton-manta\/img-20220729-wa0024\/\" class=\"wp-image-4739\" srcset=\"https:\/\/departamentos.uleam.edu.ec\/vinculacion-colectividad\/files\/2022\/08\/IMG-20220729-WA0024-1024x576.jpg 1024w, https:\/\/departamentos.uleam.edu.ec\/vinculacion-colectividad\/files\/2022\/08\/IMG-20220729-WA0024-300x169.jpg 300w, https:\/\/departamentos.uleam.edu.ec\/vinculacion-colectividad\/files\/2022\/08\/IMG-20220729-WA0024-768x432.jpg 768w, https:\/\/departamentos.uleam.edu.ec\/vinculacion-colectividad\/files\/2022\/08\/IMG-20220729-WA0024-1536x864.jpg 1536w, https:\/\/departamentos.uleam.edu.ec\/vinculacion-colectividad\/files\/2022\/08\/IMG-20220729-WA0024.jpg 1600w\" sizes=\"(max-width: 1024px) 100vw, 1024px\" \/><\/a><\/figure><\/li><\/ul><\/figure>\n\n\n\n<div style=\"height:39px\" aria-hidden=\"true\" class=\"wp-block-spacer\"><\/div>\n\n\n\n<div class=\"wp-block-file aligncenter\"><a href=\"https:\/\/departamentos.uleam.edu.ec\/vinculacion-colectividad\/files\/2022\/08\/PVV-01-F-001-Formato-de-Proyecto-VIGENTE-VERSION-3-VIGILANCIA-EPIDEMIOLOGICA-DE-LAS-ENFERMEDADES-TRANSMISIBLES.pdf\" class=\"wp-block-file__button\" download>Descarga<\/a><\/div>\n","protected":false},"excerpt":{"rendered":"<p>PER\u00cdODO 2022-2023 Proyecto de Vinculaci\u00f3n y Emprendimiento L\u00cdNEA DE VINCULACI\u00d3N:&nbsp;\u201cSalud, Cultura F\u00edsica y Servicios Sociales\u00bb Decano:Dr. Leonardo Cede\u00f1o TorresL\u00edder del Proyecto:Dra. Ver\u00f3nica Alexandra Franco Solorzano Nombre de la Facultad o Unidad Acad\u00e9mica<a class=\"moretag\" href=\"https:\/\/departamentos.uleam.edu.ec\/vinculacion-colectividad\/https-departamentos-uleam-edu-ec-vinculacion-colectividad-proyectos2022-vigilancia-epidemiologica-de-las-enfermedades-transmisibles-en-el-canton-manta\/\">Leer m\u00e1s&#8230;<\/a><\/p>\n","protected":false},"author":124,"featured_media":0,"parent":0,"menu_order":0,"comment_status":"closed","ping_status":"closed","template":"","meta":{"footnotes":"","_links_to":"","_links_to_target":""},"class_list":["post-4346","page","type-page","status-publish","hentry"],"_links":{"self":[{"href":"https:\/\/departamentos.uleam.edu.ec\/vinculacion-colectividad\/wp-json\/wp\/v2\/pages\/4346","targetHints":{"allow":["GET"]}}],"collection":[{"href":"https:\/\/departamentos.uleam.edu.ec\/vinculacion-colectividad\/wp-json\/wp\/v2\/pages"}],"about":[{"href":"https:\/\/departamentos.uleam.edu.ec\/vinculacion-colectividad\/wp-json\/wp\/v2\/types\/page"}],"author":[{"embeddable":true,"href":"https:\/\/departamentos.uleam.edu.ec\/vinculacion-colectividad\/wp-json\/wp\/v2\/users\/124"}],"replies":[{"embeddable":true,"href":"https:\/\/departamentos.uleam.edu.ec\/vinculacion-colectividad\/wp-json\/wp\/v2\/comments?post=4346"}],"version-history":[{"count":3,"href":"https:\/\/departamentos.uleam.edu.ec\/vinculacion-colectividad\/wp-json\/wp\/v2\/pages\/4346\/revisions"}],"predecessor-version":[{"id":4760,"href":"https:\/\/departamentos.uleam.edu.ec\/vinculacion-colectividad\/wp-json\/wp\/v2\/pages\/4346\/revisions\/4760"}],"wp:attachment":[{"href":"https:\/\/departamentos.uleam.edu.ec\/vinculacion-colectividad\/wp-json\/wp\/v2\/media?parent=4346"}],"curies":[{"name":"wp","href":"https:\/\/api.w.org\/{rel}","templated":true}]}}