{"id":4369,"date":"2022-08-05T09:38:41","date_gmt":"2022-08-05T14:38:41","guid":{"rendered":"https:\/\/departamentos.uleam.edu.ec\/vinculacion-colectividad\/?page_id=4369"},"modified":"2022-08-18T11:17:51","modified_gmt":"2022-08-18T16:17:51","slug":"https-departamentos-uleam-edu-ec-vinculacion-colectividad-proyectos2022-responsabilidad-social-y-liderazgo-en-los-emprendimientos-familiares-de-las-comunidades-del-canton-sucre","status":"publish","type":"page","link":"https:\/\/departamentos.uleam.edu.ec\/vinculacion-colectividad\/https-departamentos-uleam-edu-ec-vinculacion-colectividad-proyectos2022-responsabilidad-social-y-liderazgo-en-los-emprendimientos-familiares-de-las-comunidades-del-canton-sucre\/","title":{"rendered":"Responsabilidad Social y liderazgo en los emprendimientos familiares de las comunidades del cant\u00f3n Sucre"},"content":{"rendered":"\n<p class=\"has-text-align-center\" style=\"font-size:24px\">PER\u00cdODO 2022 \u2013 2024<\/p>\n\n\n\n<p style=\"font-size:18px\">Proyecto de Vinculaci\u00f3n y Emprendimiento<\/p>\n\n\n\n<p style=\"font-size:18px\"><strong><em>L\u00cdNEA DE VINCULACI\u00d3N:<\/em><\/strong> \u00abEconom\u00eda y desarrollo sustentable\u00bb<\/p>\n\n\n\n<div style=\"height:77px\" aria-hidden=\"true\" class=\"wp-block-spacer\"><\/div>\n\n\n\n<figure class=\"wp-block-table is-style-regular\"><table><tbody><tr><td><strong>Decano:<\/strong><br>Lcdo. Eduardo Caicedo Coello PhD.<br><strong>L\u00edder del proyecto:<\/strong><br>Ing. Viviana Carvajal Zambrano MBA.<\/td><\/tr><tr><\/tr><tr><\/tr><tr><\/tr><tr><\/tr><tr><\/tr><\/tbody><\/table><\/figure>\n\n\n\n<figure class=\"wp-block-table is-style-regular\"><table><tbody><tr><td><strong>Nombre de la Facultad o Unidad Acad\u00e9mica Responsable: <\/strong><br>Extensi\u00f3n Sucre \u2013 Bah\u00eda de<br>Car\u00e1quez<\/td><td><strong>Carrera: <\/strong><br>Contabilidad y Auditor\u00eda<br>Administraci\u00f3n de empresas<br>Mercadotecnia<br>Hospitalidad y Hoteler\u00eda<br>Turismo<\/td><td><strong>Tipo de proyecto: <\/strong><br>Vinculaci\u00f3n&nbsp;<\/td><\/tr><tr><\/tr><tr><\/tr><tr><\/tr><tr><td><strong>Dominio Acad\u00e9mico:<\/strong> <br>Desarrollo Econ\u00f3mico Sostenible y Empresarial.<\/td><td><strong>L\u00ednea de Investigaci\u00f3n: <\/strong><br>Econom\u00eda y desarrollo<br>sustentable.<\/td><td><strong>Convenio: <\/strong><br>Congregaci\u00f3n Sagrado Coraz\u00f3n<br>de Jes\u00fas <br><\/td><\/tr><tr><\/tr><tr><\/tr><tr><\/tr><tr><td><strong>\u00c1rea del conocimiento: <\/strong><br>04 Administraci\u00f3n de empresas y derecho<\/td><td><strong>Sub\u00e1rea del conocimiento:<\/strong> <br>041 Educaci\u00f3n comercial y<br>administraci\u00f3n<br>101 Servicios Personales<\/td><td><strong>Sub\u00e1rea especifica: <\/strong><br>0411 Contabilidad y Auditor\u00eda<br>0413Administraci\u00f3n<br>0414 Mercadotecnia<br>1013 Hoteler\u00eda y Gastronom\u00eda<br>1015 Turismo<\/td><\/tr><tr><\/tr><tr><\/tr><tr><\/tr><\/tbody><\/table><\/figure>\n\n\n\n<figure class=\"wp-block-table is-style-regular\"><table><tbody><tr><td><strong>Fecha inicio: <\/strong><br>Abril 2022<\/td><td><strong>Fecha de Fin Planeado: <\/strong><br>Febrero 2024<\/td><\/tr><tr><\/tr><\/tbody><\/table><\/figure>\n\n\n\n<p><strong>COBERTURA Y LOCALIZACI\u00d3N<\/strong><\/p>\n\n\n\n<figure class=\"wp-block-table is-style-regular\"><table><tbody><tr><td><strong>Cobertura: <\/strong><br>Cantonal<\/td><td><strong>Zona de Planificaci\u00f3n: <\/strong><br>Zona Rural Comunidades del<br>cant\u00f3n Sucre<\/td><td><strong>Provincia:<\/strong> <br>Manab\u00ed&nbsp;<\/td><\/tr><tr><\/tr><tr><td><strong>Cant\u00f3n:<\/strong> <br>Sucre<\/td><td><strong>Parroquia: <\/strong><br>Leonidas Plaza<\/td><td><strong>Barrio: <\/strong><br>Comunidades; El Pajonal, La<br>Envidia, Las Delicias, El Toro,<br>Los Caras.<\/td><\/tr><tr><\/tr><\/tbody><\/table><\/figure>\n\n\n\n<p><strong>PRESUPUESTO <\/strong><\/p>\n\n\n\n<figure class=\"wp-block-table is-style-regular\"><table><tbody><tr><td><strong>Presupuesto aporte ULEAM:<\/strong> <br>US$ 5000,00<\/td><td><strong>Presupuesto entidad auspiciante\/beneficiaria: <\/strong><br>$ 00,00<\/td><td><strong>Presupuesto Total: <\/strong><br>US$ 5000,00<\/td><\/tr><tr><\/tr><tr><\/tr><tr><\/tr><\/tbody><\/table><\/figure>\n\n\n\n<div style=\"height:40px\" aria-hidden=\"true\" class=\"wp-block-spacer\"><\/div>\n\n\n\n<p><strong>OBJETIVO DEL PROYECTO<\/strong><\/p>\n\n\n\n<p class=\"has-text-align-center\"><strong><em>OBJETIVO GENERAL<\/em><\/strong><\/p>\n\n\n\n<figure class=\"wp-block-table is-style-regular\"><table><tbody><tr><td>Contribuir a la sostenibilidad del sistema econ\u00f3mico social y solidario, mediante el impulso de las capacidades productivas socialmente responsables de sus habitantes, fomentando el bienestar e igualdad de oportunidades, en armon\u00eda con el medio ambiente.<\/td><\/tr><tr><\/tr><tr><\/tr><\/tbody><\/table><\/figure>\n\n\n\n<p class=\"has-text-align-center\"><strong><em>OBJETIVOS ESPEC\u00cdFICOS<\/em><\/strong><\/p>\n\n\n\n<figure class=\"wp-block-table is-style-regular\"><table><tbody><tr><td><strong>O.E1:<\/strong> Fortalecer el desarrollo sostenible y econ\u00f3mico de las comunidades del Cant\u00f3n Sucre con responsabilidad social y liderazgo, mediante la transferencia de conocimientos en la soluci\u00f3n de problemas de los emprendimientos familiares, con la participaci\u00f3n de estudiantes y docentes de la instituci\u00f3n.<br><br><strong>O.E2: <\/strong>Acompa\u00f1ar en la conservaci\u00f3n y potenciaci\u00f3n de la biodiversidad de los recursos naturales del Cant\u00f3n Sucre de manera t\u00e9cnica, participativa y eficiente mediante el desarrollo de estrategias que lo posicionen como un patrimonio y atractivo natural, y que permita a los emprendedores familiares la organizaci\u00f3n de ferias, eventos y<br>servicios de hospedaje. <br><br><strong>O.E3: <\/strong>Contribuir en el desarrollo de competencias y habilidades a los emprendedores familiares, a trav\u00e9s de las capacitaciones de formaci\u00f3n comunitaria en temas de cultura tributaria, temas relacionados con la mercadotecnia y servicio al cliente, que les permita generar acciones de: responsabilidad social, innovaci\u00f3n, formalizaci\u00f3n del<br>emprendimiento y posicionamiento de marca o producto.<\/td><\/tr><tr><\/tr><tr><\/tr><tr><\/tr><tr><\/tr><tr><\/tr><\/tbody><\/table><\/figure>\n\n\n\n<div style=\"height:60px\" aria-hidden=\"true\" class=\"wp-block-spacer\"><\/div>\n\n\n\n<figure class=\"wp-block-image size-large is-resized\"><a href=\"https:\/\/departamentos.uleam.edu.ec\/vinculacion-colectividad\/files\/2022\/08\/JDQD4679-1.jpg\"><img fetchpriority=\"high\" decoding=\"async\" src=\"https:\/\/departamentos.uleam.edu.ec\/vinculacion-colectividad\/files\/2022\/08\/JDQD4679-1-1024x461.jpg\" alt=\"\" class=\"wp-image-4641\" width=\"921\" height=\"414\" srcset=\"https:\/\/departamentos.uleam.edu.ec\/vinculacion-colectividad\/files\/2022\/08\/JDQD4679-1-1024x461.jpg 1024w, https:\/\/departamentos.uleam.edu.ec\/vinculacion-colectividad\/files\/2022\/08\/JDQD4679-1-300x135.jpg 300w, https:\/\/departamentos.uleam.edu.ec\/vinculacion-colectividad\/files\/2022\/08\/JDQD4679-1-768x346.jpg 768w, https:\/\/departamentos.uleam.edu.ec\/vinculacion-colectividad\/files\/2022\/08\/JDQD4679-1.jpg 1280w\" sizes=\"(max-width: 921px) 100vw, 921px\" \/><\/a><\/figure>\n\n\n\n<figure class=\"wp-block-gallery columns-3 is-cropped wp-block-gallery-1 is-layout-flex wp-block-gallery-is-layout-flex\"><ul class=\"blocks-gallery-grid\"><li class=\"blocks-gallery-item\"><figure><a href=\"https:\/\/departamentos.uleam.edu.ec\/vinculacion-colectividad\/files\/2022\/08\/WhatsApp-Image-2022-08-05-at-11.36.38-AM1-1024x461.jpeg\"><img decoding=\"async\" width=\"1024\" height=\"461\" src=\"https:\/\/departamentos.uleam.edu.ec\/vinculacion-colectividad\/files\/2022\/08\/WhatsApp-Image-2022-08-05-at-11.36.38-AM1-1024x461.jpeg\" alt=\"\" data-id=\"4644\" data-link=\"https:\/\/departamentos.uleam.edu.ec\/vinculacion-colectividad\/https-departamentos-uleam-edu-ec-vinculacion-colectividad-proyectos2022-responsabilidad-social-y-liderazgo-en-los-emprendimientos-familiares-de-las-comunidades-del-canton-sucre\/whatsapp-image-2022-08-05-at-11-36-38-am1\/\" class=\"wp-image-4644\" srcset=\"https:\/\/departamentos.uleam.edu.ec\/vinculacion-colectividad\/files\/2022\/08\/WhatsApp-Image-2022-08-05-at-11.36.38-AM1-1024x461.jpeg 1024w, https:\/\/departamentos.uleam.edu.ec\/vinculacion-colectividad\/files\/2022\/08\/WhatsApp-Image-2022-08-05-at-11.36.38-AM1-300x135.jpeg 300w, https:\/\/departamentos.uleam.edu.ec\/vinculacion-colectividad\/files\/2022\/08\/WhatsApp-Image-2022-08-05-at-11.36.38-AM1-768x346.jpeg 768w, https:\/\/departamentos.uleam.edu.ec\/vinculacion-colectividad\/files\/2022\/08\/WhatsApp-Image-2022-08-05-at-11.36.38-AM1-1536x691.jpeg 1536w, https:\/\/departamentos.uleam.edu.ec\/vinculacion-colectividad\/files\/2022\/08\/WhatsApp-Image-2022-08-05-at-11.36.38-AM1.jpeg 1600w\" sizes=\"(max-width: 1024px) 100vw, 1024px\" \/><\/a><\/figure><\/li><li class=\"blocks-gallery-item\"><figure><a href=\"https:\/\/departamentos.uleam.edu.ec\/vinculacion-colectividad\/files\/2022\/08\/WhatsApp-Image-2022-08-05-at-11.36.38-AM-1-1024x461.jpeg\"><img decoding=\"async\" width=\"1024\" height=\"461\" src=\"https:\/\/departamentos.uleam.edu.ec\/vinculacion-colectividad\/files\/2022\/08\/WhatsApp-Image-2022-08-05-at-11.36.38-AM-1-1024x461.jpeg\" alt=\"\" data-id=\"4643\" data-link=\"https:\/\/departamentos.uleam.edu.ec\/vinculacion-colectividad\/https-departamentos-uleam-edu-ec-vinculacion-colectividad-proyectos2022-responsabilidad-social-y-liderazgo-en-los-emprendimientos-familiares-de-las-comunidades-del-canton-sucre\/whatsapp-image-2022-08-05-at-11-36-38-am-1\/\" class=\"wp-image-4643\" srcset=\"https:\/\/departamentos.uleam.edu.ec\/vinculacion-colectividad\/files\/2022\/08\/WhatsApp-Image-2022-08-05-at-11.36.38-AM-1-1024x461.jpeg 1024w, https:\/\/departamentos.uleam.edu.ec\/vinculacion-colectividad\/files\/2022\/08\/WhatsApp-Image-2022-08-05-at-11.36.38-AM-1-300x135.jpeg 300w, https:\/\/departamentos.uleam.edu.ec\/vinculacion-colectividad\/files\/2022\/08\/WhatsApp-Image-2022-08-05-at-11.36.38-AM-1-768x346.jpeg 768w, https:\/\/departamentos.uleam.edu.ec\/vinculacion-colectividad\/files\/2022\/08\/WhatsApp-Image-2022-08-05-at-11.36.38-AM-1-1536x691.jpeg 1536w, https:\/\/departamentos.uleam.edu.ec\/vinculacion-colectividad\/files\/2022\/08\/WhatsApp-Image-2022-08-05-at-11.36.38-AM-1.jpeg 1600w\" sizes=\"(max-width: 1024px) 100vw, 1024px\" \/><\/a><\/figure><\/li><li class=\"blocks-gallery-item\"><figure><a href=\"https:\/\/departamentos.uleam.edu.ec\/vinculacion-colectividad\/files\/2022\/08\/WhatsApp-Image-2022-05-24-at-5.23.57-PM.jpeg\"><img loading=\"lazy\" decoding=\"async\" width=\"1024\" height=\"768\" src=\"https:\/\/departamentos.uleam.edu.ec\/vinculacion-colectividad\/files\/2022\/08\/WhatsApp-Image-2022-05-24-at-5.23.57-PM-1024x768.jpeg\" alt=\"\" data-id=\"4645\" data-full-url=\"https:\/\/departamentos.uleam.edu.ec\/vinculacion-colectividad\/files\/2022\/08\/WhatsApp-Image-2022-05-24-at-5.23.57-PM.jpeg\" data-link=\"https:\/\/departamentos.uleam.edu.ec\/vinculacion-colectividad\/https-departamentos-uleam-edu-ec-vinculacion-colectividad-proyectos2022-responsabilidad-social-y-liderazgo-en-los-emprendimientos-familiares-de-las-comunidades-del-canton-sucre\/whatsapp-image-2022-05-24-at-5-23-57-pm\/\" class=\"wp-image-4645\" srcset=\"https:\/\/departamentos.uleam.edu.ec\/vinculacion-colectividad\/files\/2022\/08\/WhatsApp-Image-2022-05-24-at-5.23.57-PM-1024x768.jpeg 1024w, https:\/\/departamentos.uleam.edu.ec\/vinculacion-colectividad\/files\/2022\/08\/WhatsApp-Image-2022-05-24-at-5.23.57-PM-300x225.jpeg 300w, https:\/\/departamentos.uleam.edu.ec\/vinculacion-colectividad\/files\/2022\/08\/WhatsApp-Image-2022-05-24-at-5.23.57-PM-768x576.jpeg 768w, https:\/\/departamentos.uleam.edu.ec\/vinculacion-colectividad\/files\/2022\/08\/WhatsApp-Image-2022-05-24-at-5.23.57-PM.jpeg 1280w\" sizes=\"(max-width: 1024px) 100vw, 1024px\" \/><\/a><\/figure><\/li><\/ul><\/figure>\n\n\n\n<div style=\"height:60px\" aria-hidden=\"true\" class=\"wp-block-spacer\"><\/div>\n\n\n\n<div class=\"wp-block-file aligncenter\"><a href=\"https:\/\/departamentos.uleam.edu.ec\/vinculacion-colectividad\/files\/2022\/08\/PVV-01-F-001-Formato-de-Proyecto-VIGENTE-VERSION-3-Bahia-20-07-2022.pdf\" class=\"wp-block-file__button\" download>Descarga<\/a><\/div>\n","protected":false},"excerpt":{"rendered":"<p>PER\u00cdODO 2022 \u2013 2024 Proyecto de Vinculaci\u00f3n y Emprendimiento L\u00cdNEA DE VINCULACI\u00d3N: \u00abEconom\u00eda y desarrollo sustentable\u00bb Decano:Lcdo. Eduardo Caicedo Coello PhD.L\u00edder del proyecto:Ing. Viviana Carvajal Zambrano MBA. Nombre de la Facultad o<a class=\"moretag\" href=\"https:\/\/departamentos.uleam.edu.ec\/vinculacion-colectividad\/https-departamentos-uleam-edu-ec-vinculacion-colectividad-proyectos2022-responsabilidad-social-y-liderazgo-en-los-emprendimientos-familiares-de-las-comunidades-del-canton-sucre\/\">Leer m\u00e1s&#8230;<\/a><\/p>\n","protected":false},"author":124,"featured_media":0,"parent":0,"menu_order":0,"comment_status":"closed","ping_status":"closed","template":"","meta":{"footnotes":"","_links_to":"","_links_to_target":""},"class_list":["post-4369","page","type-page","status-publish","hentry"],"_links":{"self":[{"href":"https:\/\/departamentos.uleam.edu.ec\/vinculacion-colectividad\/wp-json\/wp\/v2\/pages\/4369","targetHints":{"allow":["GET"]}}],"collection":[{"href":"https:\/\/departamentos.uleam.edu.ec\/vinculacion-colectividad\/wp-json\/wp\/v2\/pages"}],"about":[{"href":"https:\/\/departamentos.uleam.edu.ec\/vinculacion-colectividad\/wp-json\/wp\/v2\/types\/page"}],"author":[{"embeddable":true,"href":"https:\/\/departamentos.uleam.edu.ec\/vinculacion-colectividad\/wp-json\/wp\/v2\/users\/124"}],"replies":[{"embeddable":true,"href":"https:\/\/departamentos.uleam.edu.ec\/vinculacion-colectividad\/wp-json\/wp\/v2\/comments?post=4369"}],"version-history":[{"count":7,"href":"https:\/\/departamentos.uleam.edu.ec\/vinculacion-colectividad\/wp-json\/wp\/v2\/pages\/4369\/revisions"}],"predecessor-version":[{"id":4766,"href":"https:\/\/departamentos.uleam.edu.ec\/vinculacion-colectividad\/wp-json\/wp\/v2\/pages\/4369\/revisions\/4766"}],"wp:attachment":[{"href":"https:\/\/departamentos.uleam.edu.ec\/vinculacion-colectividad\/wp-json\/wp\/v2\/media?parent=4369"}],"curies":[{"name":"wp","href":"https:\/\/api.w.org\/{rel}","templated":true}]}}