{"id":4400,"date":"2022-08-05T10:00:09","date_gmt":"2022-08-05T15:00:09","guid":{"rendered":"https:\/\/departamentos.uleam.edu.ec\/vinculacion-colectividad\/?page_id=4400"},"modified":"2022-08-22T11:38:51","modified_gmt":"2022-08-22T16:38:51","slug":"https-departamentos-uleam-edu-ec-vinculacion-colectividad-proyectos2022-capacitacion-para-el-desarrollo-de-las-capacidades-empresariales-y-de-emprendimiento-del-sector-comercial-de-servicios-y-agropec","status":"publish","type":"page","link":"https:\/\/departamentos.uleam.edu.ec\/vinculacion-colectividad\/https-departamentos-uleam-edu-ec-vinculacion-colectividad-proyectos2022-capacitacion-para-el-desarrollo-de-las-capacidades-empresariales-y-de-emprendimiento-del-sector-comercial-de-servicios-y-agropec\/","title":{"rendered":"Desarrollo de las capacidades empresariales y de emprendimiento del sector comercial, de servicios y agropecuario de los cantones: El Carmen, Santo Domingo y La Concordia."},"content":{"rendered":"\n<p class=\"has-text-align-center\" style=\"font-size:24px\">PER\u00cdODO 2022 &#8211; 2023<\/p>\n\n\n\n<p style=\"font-size:18px\">Planificaci\u00f3n de Proyecto de Vinculaci\u00f3n con la Sociedad <\/p>\n\n\n\n<p style=\"font-size:18px\"><strong><em>L\u00cdNEA DE VINCULACI\u00d3N:<\/em><\/strong> \u00abDesarrollo Econ\u00f3mico Sostenible y Empresarial\u00bb.<\/p>\n\n\n\n<div style=\"height:57px\" aria-hidden=\"true\" class=\"wp-block-spacer\"><\/div>\n\n\n\n<figure class=\"wp-block-table is-style-regular\"><table><tbody><tr><td><strong>Autor: <\/strong><br>Ing. Milton G. Zambrano Rivera, Mg.<\/td><\/tr><tr><\/tr><tr><\/tr><tr><\/tr><tr><\/tr><tr><\/tr><\/tbody><\/table><\/figure>\n\n\n\n<figure class=\"wp-block-table is-style-regular\"><table><tbody><tr><td><strong>Campo Amplio:<\/strong> <br>Administraci\u00f3n de Empresas y Derecho<\/td><td><strong>Campo espec\u00edfico:&nbsp;<\/strong> <br>Educaci\u00f3n Comercial y Administraci\u00f3n<\/td><td><strong>Campos detallados:<\/strong> <br>Contabilidad y Auditoria<\/td><\/tr><tr><\/tr><tr><\/tr><tr><\/tr><\/tbody><\/table><\/figure>\n\n\n\n<figure class=\"wp-block-table is-style-regular\"><table><tbody><tr><td><strong>L\u00ednea de investigaci\u00f3n: <\/strong><br>Econom\u00eda y Desarrollo Sustentable<\/td><td><strong>L\u00ednea de vinculaci\u00f3n: <\/strong><br>Desarrollo Econ\u00f3mico Sostenible y Empresarial.<\/td><\/tr><tr><\/tr><tr><\/tr><tr><\/tr><\/tbody><\/table><\/figure>\n\n\n\n<figure class=\"wp-block-table is-style-regular\"><table><tbody><tr><td><strong>Tipo de proyecto: <\/strong><br>Vinculaci\u00f3n&nbsp;<\/td><td><strong>Estado del proyecto: <\/strong><br>En ejecuci\u00f3n&nbsp;<\/td><td><strong>C\u00f3digo del proyecto:<\/strong><\/td><\/tr><tr><\/tr><\/tbody><\/table><\/figure>\n\n\n\n<figure class=\"wp-block-table is-style-regular\"><table><tbody><tr><td><strong>Fecha inicio: <\/strong><br>Abril 2022<\/td><td><strong>Fecha de Fin Planeado: <\/strong><br>Febrero 2023<\/td><\/tr><tr><\/tr><\/tbody><\/table><\/figure>\n\n\n\n<figure class=\"wp-block-table is-style-regular\"><table><tbody><tr><td><strong>Convenio: <\/strong><br>Cooperativa de Ahorro y Cr\u00e9dito \u201cLa Ben\u00e9fica\u201d.<\/td><\/tr><tr><\/tr><tr><\/tr><tr><td><strong>Beneficiarios: <\/strong><br>Sector&nbsp; educativo, socios de la cooperativa de ahorro y cr\u00e9dito \u201cLa Ben\u00e9fica\u201d de los cantones: El Carmen, Santo Domingo y La Concordia, personas naturales y unidades del sector de econom\u00eda social.<\/td><\/tr><tr><\/tr><\/tbody><\/table><\/figure>\n\n\n\n<p><strong>FUENTES DE INFORMACI\u00d3N<\/strong><\/p>\n\n\n\n<figure class=\"wp-block-table is-style-regular\"><table><tbody><tr><td><strong><em>Indicadores INEC:<\/em><\/strong><br>L\u00edneas de Investigaci\u00f3n y L\u00edneas de Vinculaci\u00f3n ULEAM<br>Mesa de trabajo con funcionarios de la cooperativa de Ahorro y Cr\u00e9dito \u201cLa Ben\u00e9fica\u201d <br>Socios de la cooperativa de Ahorro y Cr\u00e9dito \u201cLa Ben\u00e9fica\u201d<br><strong><em>Planes de Gobiernos Locales o Provinciales:<\/em><\/strong> <br>Plan Nacional de Desarrollo Creando Oportunidades, 2021-2025.<br>Plan de Desarrollo y Ordenamiento Territorial de El Carmen<br>Plan de Desarrollo y Ordenamiento Territorial de Santo Domingo de los Ts\u00e1chilas <br>Plan de Desarrollo y Ordenamiento Territorial de La Concordia <br>Plan Estrat\u00e9gico de Desarrollo Institucional ULEAM 2016-2020<\/td><\/tr><tr><\/tr><tr><\/tr><tr><\/tr><tr><\/tr><tr><\/tr><tr><\/tr><tr><\/tr><\/tbody><\/table><\/figure>\n\n\n\n<p><strong>COBERTURA Y LOCALIZACI\u00d3N<\/strong><\/p>\n\n\n\n<figure class=\"wp-block-table is-style-regular\"><table><tbody><tr><td><strong>Alcance territorial: <\/strong><br>Provincial<\/td><td><strong>Provincia\/s: <\/strong><br>Manab\u00ed y Santo Domingo de los Ts\u00e1chilas.<\/td><\/tr><tr><\/tr><\/tbody><\/table><\/figure>\n\n\n\n<p><strong>PRESUPUESTO<\/strong><\/p>\n\n\n\n<figure class=\"wp-block-table is-style-regular\"><table><tbody><tr><td><strong>Presupuesto financiar por la IES:<\/strong> <br>$ 745,49<\/td><td><strong>Presupuesto total de aliados estrat\u00e9gicos:<\/strong>&nbsp; <br>$ 295,00<\/td><\/tr><tr><\/tr><\/tbody><\/table><\/figure>\n\n\n\n<div style=\"height:30px\" aria-hidden=\"true\" class=\"wp-block-spacer\"><\/div>\n\n\n\n<p><strong>OBJETIVO DEL PROYECTO<\/strong><\/p>\n\n\n\n<p class=\"has-text-align-center\"><strong><em>OBJETIVO GENERAL<\/em><\/strong><\/p>\n\n\n\n<figure class=\"wp-block-table is-style-regular\"><table><tbody><tr><td>Desarrollar y fortalecer las actividades empresariales y de emprendimiento ejecutadas por las unidades de econom\u00eda popular, al sector comunitario, asociativo y cooperativo, delos cantones El Carmen, Santo Domingo y La Concordia, a trav\u00e9s de la capacitaci\u00f3n y asesoramiento permanente y coadyuvar con el mejoramiento de la calidad de vida de sus habitantes.<\/td><\/tr><tr><\/tr><tr><\/tr><\/tbody><\/table><\/figure>\n\n\n\n<p class=\"has-text-align-center\"><strong><em>OBJETIVOS ESPEC\u00cdFICOS<\/em><\/strong><\/p>\n\n\n\n<figure class=\"wp-block-table is-style-regular\"><table><tbody><tr><td><strong>O.E1:<\/strong> Diagnosticar la situaci\u00f3n actual en cuanto a las necesidades de capacitaci\u00f3n de los emprendedores, empresarios, personales naturales y unidades de econom\u00eda social de los cantones. <br><br><strong>O.E2:<\/strong> Dise\u00f1ar&nbsp; herramientas&nbsp; informativas&nbsp; y&nbsp; de&nbsp; apoyo&nbsp; que&nbsp; contribuyan&nbsp; al&nbsp; desarrollo adecuado de los beneficiarios en general. <br><br><strong>O.E3:<\/strong> Capacitar en temas orientados a las finanzas personales, contabilidad de costos, tributaci\u00f3n, emprendimiento e innovaci\u00f3n desde la econom\u00eda popular y solidaria con&nbsp; la&nbsp; finalidad&nbsp; de&nbsp; que&nbsp; los&nbsp; actores&nbsp; lleven&nbsp; a&nbsp; cabo&nbsp; un&nbsp; manejo&nbsp; eficiente&nbsp; de&nbsp; sus actividades.<br><br><strong>O.E4:<\/strong> Evaluar el impacto de las acciones desarrolladas en las jornadas de capacitaci\u00f3n y&nbsp; asesoramiento, orientadas&nbsp; al desarrollo&nbsp; y&nbsp; fortalecimiento&nbsp; de&nbsp; las&nbsp; habilidades empresariales en general.<\/td><\/tr><tr><\/tr><tr><\/tr><tr><\/tr><tr><\/tr><tr><\/tr><\/tbody><\/table><\/figure>\n\n\n\n<div style=\"height:33px\" aria-hidden=\"true\" class=\"wp-block-spacer\"><\/div>\n\n\n\n<div class=\"wp-block-file aligncenter\"><a href=\"https:\/\/departamentos.uleam.edu.ec\/vinculacion-colectividad\/files\/2022\/08\/Proyecto-Actualizado-Contabilidad-y-Auditoria.pdf\" class=\"wp-block-file__button\" download>Descarga<\/a><\/div>\n","protected":false},"excerpt":{"rendered":"<p>PER\u00cdODO 2022 &#8211; 2023 Planificaci\u00f3n de Proyecto de Vinculaci\u00f3n con la Sociedad L\u00cdNEA DE VINCULACI\u00d3N: \u00abDesarrollo Econ\u00f3mico Sostenible y Empresarial\u00bb. Autor: Ing. Milton G. Zambrano Rivera, Mg. Campo Amplio: Administraci\u00f3n de Empresas<a class=\"moretag\" href=\"https:\/\/departamentos.uleam.edu.ec\/vinculacion-colectividad\/https-departamentos-uleam-edu-ec-vinculacion-colectividad-proyectos2022-capacitacion-para-el-desarrollo-de-las-capacidades-empresariales-y-de-emprendimiento-del-sector-comercial-de-servicios-y-agropec\/\">Leer m\u00e1s&#8230;<\/a><\/p>\n","protected":false},"author":124,"featured_media":0,"parent":0,"menu_order":0,"comment_status":"closed","ping_status":"closed","template":"","meta":{"footnotes":"","_links_to":"","_links_to_target":""},"class_list":["post-4400","page","type-page","status-publish","hentry"],"_links":{"self":[{"href":"https:\/\/departamentos.uleam.edu.ec\/vinculacion-colectividad\/wp-json\/wp\/v2\/pages\/4400","targetHints":{"allow":["GET"]}}],"collection":[{"href":"https:\/\/departamentos.uleam.edu.ec\/vinculacion-colectividad\/wp-json\/wp\/v2\/pages"}],"about":[{"href":"https:\/\/departamentos.uleam.edu.ec\/vinculacion-colectividad\/wp-json\/wp\/v2\/types\/page"}],"author":[{"embeddable":true,"href":"https:\/\/departamentos.uleam.edu.ec\/vinculacion-colectividad\/wp-json\/wp\/v2\/users\/124"}],"replies":[{"embeddable":true,"href":"https:\/\/departamentos.uleam.edu.ec\/vinculacion-colectividad\/wp-json\/wp\/v2\/comments?post=4400"}],"version-history":[{"count":7,"href":"https:\/\/departamentos.uleam.edu.ec\/vinculacion-colectividad\/wp-json\/wp\/v2\/pages\/4400\/revisions"}],"predecessor-version":[{"id":4836,"href":"https:\/\/departamentos.uleam.edu.ec\/vinculacion-colectividad\/wp-json\/wp\/v2\/pages\/4400\/revisions\/4836"}],"wp:attachment":[{"href":"https:\/\/departamentos.uleam.edu.ec\/vinculacion-colectividad\/wp-json\/wp\/v2\/media?parent=4400"}],"curies":[{"name":"wp","href":"https:\/\/api.w.org\/{rel}","templated":true}]}}

<p class="has-text-align-center" style="font-size:24px">PERÍODO 2022 &#8211; 2023</p>



<p style="font-size:18px">Planificación de Proyecto de Vinculación con la Sociedad </p>



<p style="font-size:18px"><strong><em>LÍNEA DE VINCULACIÓN:</em></strong> «Desarrollo Económico Sostenible y Empresarial».</p>



<div style="height:57px" aria-hidden="true" class="wp-block-spacer"></div>



<figure class="wp-block-table is-style-regular"><table><tbody><tr><td><strong>Autor: </strong><br>Ing. Milton G. Zambrano Rivera, Mg.</td></tr><tr></tr><tr></tr><tr></tr><tr></tr><tr></tr></tbody></table></figure>



<figure class="wp-block-table is-style-regular"><table><tbody><tr><td><strong>Campo Amplio:</strong> <br>Administración de Empresas y Derecho</td><td><strong>Campo específico:&nbsp;</strong> <br>Educación Comercial y Administración</td><td><strong>Campos detallados:</strong> <br>Contabilidad y Auditoria</td></tr><tr></tr><tr></tr><tr></tr></tbody></table></figure>



<figure class="wp-block-table is-style-regular"><table><tbody><tr><td><strong>Línea de investigación: </strong><br>Economía y Desarrollo Sustentable</td><td><strong>Línea de vinculación: </strong><br>Desarrollo Económico Sostenible y Empresarial.</td></tr><tr></tr><tr></tr><tr></tr></tbody></table></figure>



<figure class="wp-block-table is-style-regular"><table><tbody><tr><td><strong>Tipo de proyecto: </strong><br>Vinculación&nbsp;</td><td><strong>Estado del proyecto: </strong><br>En ejecución&nbsp;</td><td><strong>Código del proyecto:</strong></td></tr><tr></tr></tbody></table></figure>



<figure class="wp-block-table is-style-regular"><table><tbody><tr><td><strong>Fecha inicio: </strong><br>Abril 2022</td><td><strong>Fecha de Fin Planeado: </strong><br>Febrero 2023</td></tr><tr></tr></tbody></table></figure>



<figure class="wp-block-table is-style-regular"><table><tbody><tr><td><strong>Convenio: </strong><br>Cooperativa de Ahorro y Crédito “La Benéfica”.</td></tr><tr></tr><tr></tr><tr><td><strong>Beneficiarios: </strong><br>Sector&nbsp; educativo, socios de la cooperativa de ahorro y crédito “La Benéfica” de los cantones: El Carmen, Santo Domingo y La Concordia, personas naturales y unidades del sector de economía social.</td></tr><tr></tr></tbody></table></figure>



<p><strong>FUENTES DE INFORMACIÓN</strong></p>



<figure class="wp-block-table is-style-regular"><table><tbody><tr><td><strong><em>Indicadores INEC:</em></strong><br>Líneas de Investigación y Líneas de Vinculación ULEAM<br>Mesa de trabajo con funcionarios de la cooperativa de Ahorro y Crédito “La Benéfica” <br>Socios de la cooperativa de Ahorro y Crédito “La Benéfica”<br><strong><em>Planes de Gobiernos Locales o Provinciales:</em></strong> <br>Plan Nacional de Desarrollo Creando Oportunidades, 2021-2025.<br>Plan de Desarrollo y Ordenamiento Territorial de El Carmen<br>Plan de Desarrollo y Ordenamiento Territorial de Santo Domingo de los Tsáchilas <br>Plan de Desarrollo y Ordenamiento Territorial de La Concordia <br>Plan Estratégico de Desarrollo Institucional ULEAM 2016-2020</td></tr><tr></tr><tr></tr><tr></tr><tr></tr><tr></tr><tr></tr><tr></tr></tbody></table></figure>



<p><strong>COBERTURA Y LOCALIZACIÓN</strong></p>



<figure class="wp-block-table is-style-regular"><table><tbody><tr><td><strong>Alcance territorial: </strong><br>Provincial</td><td><strong>Provincia/s: </strong><br>Manabí y Santo Domingo de los Tsáchilas.</td></tr><tr></tr></tbody></table></figure>



<p><strong>PRESUPUESTO</strong></p>



<figure class="wp-block-table is-style-regular"><table><tbody><tr><td><strong>Presupuesto financiar por la IES:</strong> <br>$ 745,49</td><td><strong>Presupuesto total de aliados estratégicos:</strong>&nbsp; <br>$ 295,00</td></tr><tr></tr></tbody></table></figure>



<div style="height:30px" aria-hidden="true" class="wp-block-spacer"></div>



<p><strong>OBJETIVO DEL PROYECTO</strong></p>



<p class="has-text-align-center"><strong><em>OBJETIVO GENERAL</em></strong></p>



<figure class="wp-block-table is-style-regular"><table><tbody><tr><td>Desarrollar y fortalecer las actividades empresariales y de emprendimiento ejecutadas por las unidades de economía popular, al sector comunitario, asociativo y cooperativo, delos cantones El Carmen, Santo Domingo y La Concordia, a través de la capacitación y asesoramiento permanente y coadyuvar con el mejoramiento de la calidad de vida de sus habitantes.</td></tr><tr></tr><tr></tr></tbody></table></figure>



<p class="has-text-align-center"><strong><em>OBJETIVOS ESPECÍFICOS</em></strong></p>



<figure class="wp-block-table is-style-regular"><table><tbody><tr><td><strong>O.E1:</strong> Diagnosticar la situación actual en cuanto a las necesidades de capacitación de los emprendedores, empresarios, personales naturales y unidades de economía social de los cantones. <br><br><strong>O.E2:</strong> Diseñar&nbsp; herramientas&nbsp; informativas&nbsp; y&nbsp; de&nbsp; apoyo&nbsp; que&nbsp; contribuyan&nbsp; al&nbsp; desarrollo adecuado de los beneficiarios en general. <br><br><strong>O.E3:</strong> Capacitar en temas orientados a las finanzas personales, contabilidad de costos, tributación, emprendimiento e innovación desde la economía popular y solidaria con&nbsp; la&nbsp; finalidad&nbsp; de&nbsp; que&nbsp; los&nbsp; actores&nbsp; lleven&nbsp; a&nbsp; cabo&nbsp; un&nbsp; manejo&nbsp; eficiente&nbsp; de&nbsp; sus actividades.<br><br><strong>O.E4:</strong> Evaluar el impacto de las acciones desarrolladas en las jornadas de capacitación y&nbsp; asesoramiento, orientadas&nbsp; al desarrollo&nbsp; y&nbsp; fortalecimiento&nbsp; de&nbsp; las&nbsp; habilidades empresariales en general.</td></tr><tr></tr><tr></tr><tr></tr><tr></tr><tr></tr></tbody></table></figure>



<div style="height:33px" aria-hidden="true" class="wp-block-spacer"></div>



<div class="wp-block-file aligncenter"><a href="https://departamentos.uleam.edu.ec/vinculacion-colectividad/files/2022/08/Proyecto-Actualizado-Contabilidad-y-Auditoria.pdf" class="wp-block-file__button" download>Descarga</a></div>

<p>PERÍODO 2022 &#8211; 2023 Planificación de Proyecto de Vinculación con la Sociedad LÍNEA DE VINCULACIÓN: «Desarrollo Económico Sostenible y Empresarial». Autor: Ing. Milton G. Zambrano Rivera, Mg. Campo Amplio: Administración de Empresas<a class="moretag" href="https://departamentos.uleam.edu.ec/vinculacion-colectividad/https-departamentos-uleam-edu-ec-vinculacion-colectividad-proyectos2022-capacitacion-para-el-desarrollo-de-las-capacidades-empresariales-y-de-emprendimiento-del-sector-comercial-de-servicios-y-agropec/">Leer más&#8230;</a></p>
