{"id":4403,"date":"2022-08-05T10:02:34","date_gmt":"2022-08-05T15:02:34","guid":{"rendered":"https:\/\/departamentos.uleam.edu.ec\/vinculacion-colectividad\/?page_id=4403"},"modified":"2022-08-18T11:25:35","modified_gmt":"2022-08-18T16:25:35","slug":"https-departamentos-uleam-edu-ec-vinculacion-colectividad-proyectos2022-fortalecimiento-de-la-asociacion-de-restaurantes-costa-del-pacifico-de-la-parroquia-pedernales-canton-pedernales-en-atencion-al","status":"publish","type":"page","link":"https:\/\/departamentos.uleam.edu.ec\/vinculacion-colectividad\/https-departamentos-uleam-edu-ec-vinculacion-colectividad-proyectos2022-fortalecimiento-de-la-asociacion-de-restaurantes-costa-del-pacifico-de-la-parroquia-pedernales-canton-pedernales-en-atencion-al\/","title":{"rendered":"Fortalecimiento de la Asociaci\u00f3n de Restaurantes Costa del Pacifico de la parroquia Pedernales-Cant\u00f3n Pedernales en atenci\u00f3n al cliente con los protocolos y normas de bioseguridad"},"content":{"rendered":"\n<p class=\"has-text-align-center\" style=\"font-size:24px\">PER\u00cdODO 2020-2022<\/p>\n\n\n\n<p style=\"font-size:18px\">Proyecto de Vinculaci\u00f3n con la Sociedad<\/p>\n\n\n\n<p style=\"font-size:18px\"><em><strong>L\u00cdNEA DE VINCULACI<em>\u00d3N<\/em>:<\/strong><\/em>\u00a0\u00abDesarrollo econ\u00f3mico sostenible y empresaria\u00bb<\/p>\n\n\n\n<div style=\"height:70px\" aria-hidden=\"true\" class=\"wp-block-spacer\"><\/div>\n\n\n\n<figure class=\"wp-block-table is-style-regular\"><table><tbody><tr><td><strong>Autoridades: <\/strong><br>Ing. Derli \u00c1lava Rosado<\/td><\/tr><tr><\/tr><tr><\/tr><tr><\/tr><tr><\/tr><tr><\/tr><tr><td><strong>Colaboradores: <\/strong><br>Ing.&nbsp; Jacinto&nbsp; Andrade&nbsp; Almeida <br>Ing. Tatiana Vera Calder\u00f3n&nbsp; <br>Ing. Isidro Alc\u00edvar Vera&nbsp; <br>PhD.&nbsp; F\u00e9lix&nbsp; Pastr\u00e1n&nbsp; Calles&nbsp;<\/td><\/tr><tr><\/tr><tr><\/tr><\/tbody><\/table><\/figure>\n\n\n\n<figure class=\"wp-block-table is-style-regular\"><table><tbody><tr><td><strong>Campos Amplios: <\/strong><br>Servicios&nbsp;<\/td><td><strong>Campos Espec\u00edficos: <\/strong><br>Servicios Personales<\/td><td><strong>Campos Detallados: <\/strong><br>Turismo<\/td><\/tr><tr><\/tr><tr><\/tr><tr><\/tr><tr><td><strong>L\u00ednea de Vinculaci\u00f3n: <\/strong><br>Desarrollo econ\u00f3mico sostenible y empresarial<\/td><td><strong>Estado del Proyecto: <\/strong><br>Planificado<\/td><td><strong>C\u00f3digo de Proyecto: <\/strong><br>10-A-1-10A-5-110A<\/td><\/tr><tr><\/tr><tr><\/tr><tr><\/tr><\/tbody><\/table><\/figure>\n\n\n\n<figure class=\"wp-block-table is-style-regular\"><table><tbody><tr><td><strong>L\u00ednea de Investigaci\u00f3n: <\/strong><br>Econom\u00eda y desarrollo sostenible&nbsp;<\/td><\/tr><tr><\/tr><\/tbody><\/table><\/figure>\n\n\n\n<figure class=\"wp-block-table is-style-regular\"><table><tbody><tr><td><strong>Fecha Inicio Planificado: <\/strong><br>Noviembre 2020<\/td><td><strong>Fecha de Fin Planeado: <\/strong><br>Diciembre 2022<\/td><td><strong>Fecha de Fin Real: <\/strong><br>Diciembre 2022<\/td><\/tr><tr><\/tr><tr><\/tr><\/tbody><\/table><\/figure>\n\n\n\n<figure class=\"wp-block-table is-style-regular\"><table><tbody><tr><td><strong>Beneficiarios:<\/strong> <br>Asociaci\u00f3n de restaurantes Costa del Pacifico de la Parroquia Pedernales<\/td><\/tr><tr><\/tr><tr><\/tr><tr><\/tr><tr><td><strong>Convenio: <\/strong><br>Gobierno Aut\u00f3nomo Descentralizado (GAD Municipal del cant\u00f3n Pedernales).&nbsp;<\/td><\/tr><tr><\/tr><\/tbody><\/table><\/figure>\n\n\n\n<p><strong>FUENTE DE INFORMACI\u00d3N<\/strong><\/p>\n\n\n\n<figure class=\"wp-block-table is-style-regular\"><table><tbody><tr><td>Objetivos de Desarrollo Sostenibles <br>INEC Indicadores<br>Pol\u00edticas y Objetivos Nacionales del Plan Nacional de Desarrollo 2017-2021 -Toda una Vida<br>Agenda Zona l4<br>Planes de Gobierno Local<br>Objetivos Estrat\u00e9gicos del PEDI<br>Estrategias T\u00e9cnicas del PEDI<br>Proyecto de investigaci\u00f3n: Tecnolog\u00eda para el emprendimiento y gesti\u00f3n sostenible de peque\u00f1as y medianas empresas de ecoturismo en Pedernales.<\/td><\/tr><tr><\/tr><tr><\/tr><tr><\/tr><tr><\/tr><tr><\/tr><tr><\/tr><tr><\/tr><\/tbody><\/table><\/figure>\n\n\n\n<p><strong>COBERTURA Y LOCALIZACI\u00d3N<\/strong><\/p>\n\n\n\n<figure class=\"wp-block-table is-style-regular\"><table><tbody><tr><td><strong>Alcance territorial: <\/strong><br>Parroquial<\/td><td><strong>Provincia\/s:<\/strong><br>Manab\u00ed<\/td><\/tr><tr><\/tr><\/tbody><\/table><\/figure>\n\n\n\n<figure class=\"wp-block-table is-style-regular\"><table><tbody><tr><td><strong>Cant\u00f3n o Cantones: <\/strong><br>Pedernales<\/td><td><strong>Parroquia\/s:<\/strong> <br>Pedernales<\/td><td><strong>Barrio\/s:<\/strong> <br>N\/A<\/td><\/tr><tr><\/tr><\/tbody><\/table><\/figure>\n\n\n\n<p><strong>PRESUPUESTO<\/strong><\/p>\n\n\n\n<figure class=\"wp-block-table is-style-regular\"><table><tbody><tr><td><strong>Presupuesto financiar por la IES: <\/strong><br>$ 1.003,00<\/td><td><strong>Presupuesto total de aliados estrat\u00e9gicos:&nbsp;<\/strong> <br>$ 00,00<\/td><\/tr><tr><\/tr><\/tbody><\/table><\/figure>\n\n\n\n<div style=\"height:38px\" aria-hidden=\"true\" class=\"wp-block-spacer\"><\/div>\n\n\n\n<p><strong>OBJETIVO DEL PROYECTO<\/strong><\/p>\n\n\n\n<p class=\"has-text-align-center\"><strong><em>OBJETIVO GENERAL<\/em><\/strong><\/p>\n\n\n\n<figure class=\"wp-block-table is-style-regular\"><table><tbody><tr><td>Fortalecer las capacidades los miembros de la asociaci\u00f3n de restaurantes Costa&nbsp; Del&nbsp; Pacifico&nbsp; de&nbsp; la&nbsp; Parroquia&nbsp; Pedernales-Cant\u00f3n&nbsp; Pedernales&nbsp; en atenci\u00f3n al cliente con los protocolos y normas de bioseguridad durante el per\u00edodo 2020-2022<\/td><\/tr><tr><\/tr><tr><\/tr><\/tbody><\/table><\/figure>\n\n\n\n<p class=\"has-text-align-center\"><strong><em>OBJETIVOS ESPEC\u00cdFICOS<\/em><\/strong><\/p>\n\n\n\n<figure class=\"wp-block-table is-style-regular\"><table><tbody><tr><td><strong>O.E1:<\/strong> Identificar&nbsp; las&nbsp; necesidades&nbsp; del&nbsp; cant\u00f3n&nbsp; en&nbsp; cuanto&nbsp; a la oferta de&nbsp; servicios tur\u00edsticos mediante el levantamiento de l\u00ednea base. <br><br><strong>O.E2:<\/strong> Implementar un plan de capacitaci\u00f3n dirigido a los estudiantes en temas de calidad de servicio, atenci\u00f3n al cliente, hospitalidad y metodolog\u00eda para ense\u00f1anza a adultos, en el marco de protocolos y normas de bioseguridad <br><br><strong>O.E3: <\/strong>Fortalecimiento&nbsp; de&nbsp; las&nbsp; capacidades&nbsp; laborales&nbsp; a&nbsp; los&nbsp; prestadores&nbsp; de servicios tur\u00edsticos en el cant\u00f3n Pedernales.<\/td><\/tr><tr><\/tr><tr><\/tr><tr><\/tr><tr><\/tr><tr><\/tr><\/tbody><\/table><\/figure>\n\n\n\n<div style=\"height:38px\" aria-hidden=\"true\" class=\"wp-block-spacer\"><\/div>\n\n\n\n<div class=\"wp-block-file aligncenter\"><a href=\"https:\/\/departamentos.uleam.edu.ec\/vinculacion-colectividad\/files\/2022\/08\/PROYECTO-DE-VINCULACION-TURISMO-2020-RV-1-1.pdf\" class=\"wp-block-file__button\" download>Descarga<\/a><\/div>\n\n\n\n<p><\/p>\n","protected":false},"excerpt":{"rendered":"<p>PER\u00cdODO 2020-2022 Proyecto de Vinculaci\u00f3n con la Sociedad L\u00cdNEA DE VINCULACI\u00d3N:\u00a0\u00abDesarrollo econ\u00f3mico sostenible y empresaria\u00bb Autoridades: Ing. Derli \u00c1lava Rosado Colaboradores: Ing.&nbsp; Jacinto&nbsp; Andrade&nbsp; Almeida Ing. Tatiana Vera Calder\u00f3n&nbsp; Ing. Isidro Alc\u00edvar<a class=\"moretag\" href=\"https:\/\/departamentos.uleam.edu.ec\/vinculacion-colectividad\/https-departamentos-uleam-edu-ec-vinculacion-colectividad-proyectos2022-fortalecimiento-de-la-asociacion-de-restaurantes-costa-del-pacifico-de-la-parroquia-pedernales-canton-pedernales-en-atencion-al\/\">Leer m\u00e1s&#8230;<\/a><\/p>\n","protected":false},"author":124,"featured_media":0,"parent":0,"menu_order":0,"comment_status":"closed","ping_status":"closed","template":"","meta":{"footnotes":"","_links_to":"","_links_to_target":""},"class_list":["post-4403","page","type-page","status-publish","hentry"],"_links":{"self":[{"href":"https:\/\/departamentos.uleam.edu.ec\/vinculacion-colectividad\/wp-json\/wp\/v2\/pages\/4403","targetHints":{"allow":["GET"]}}],"collection":[{"href":"https:\/\/departamentos.uleam.edu.ec\/vinculacion-colectividad\/wp-json\/wp\/v2\/pages"}],"about":[{"href":"https:\/\/departamentos.uleam.edu.ec\/vinculacion-colectividad\/wp-json\/wp\/v2\/types\/page"}],"author":[{"embeddable":true,"href":"https:\/\/departamentos.uleam.edu.ec\/vinculacion-colectividad\/wp-json\/wp\/v2\/users\/124"}],"replies":[{"embeddable":true,"href":"https:\/\/departamentos.uleam.edu.ec\/vinculacion-colectividad\/wp-json\/wp\/v2\/comments?post=4403"}],"version-history":[{"count":3,"href":"https:\/\/departamentos.uleam.edu.ec\/vinculacion-colectividad\/wp-json\/wp\/v2\/pages\/4403\/revisions"}],"predecessor-version":[{"id":4776,"href":"https:\/\/departamentos.uleam.edu.ec\/vinculacion-colectividad\/wp-json\/wp\/v2\/pages\/4403\/revisions\/4776"}],"wp:attachment":[{"href":"https:\/\/departamentos.uleam.edu.ec\/vinculacion-colectividad\/wp-json\/wp\/v2\/media?parent=4403"}],"curies":[{"name":"wp","href":"https:\/\/api.w.org\/{rel}","templated":true}]}}

Fortalecimiento de la Asociación de Restaurantes Costa del Pacifico de la parroquia Pedernales-Cantón Pedernales en atención al cliente con los protocolos y normas de bioseguridad

<p class="has-text-align-center" style="font-size:24px">PERÍODO 2020-2022</p>



<p style="font-size:18px">Proyecto de Vinculación con la Sociedad</p>



<p style="font-size:18px"><em><strong>LÍNEA DE VINCULACI<em>ÓN</em>:</strong></em> «Desarrollo económico sostenible y empresaria»</p>



<div style="height:70px" aria-hidden="true" class="wp-block-spacer"></div>



<figure class="wp-block-table is-style-regular"><table><tbody><tr><td><strong>Autoridades: </strong><br>Ing. Derli Álava Rosado</td></tr><tr></tr><tr></tr><tr></tr><tr></tr><tr></tr><tr><td><strong>Colaboradores: </strong><br>Ing.&nbsp; Jacinto&nbsp; Andrade&nbsp; Almeida <br>Ing. Tatiana Vera Calderón&nbsp; <br>Ing. Isidro Alcívar Vera&nbsp; <br>PhD.&nbsp; Félix&nbsp; Pastrán&nbsp; Calles&nbsp;</td></tr><tr></tr><tr></tr></tbody></table></figure>



<figure class="wp-block-table is-style-regular"><table><tbody><tr><td><strong>Campos Amplios: </strong><br>Servicios&nbsp;</td><td><strong>Campos Específicos: </strong><br>Servicios Personales</td><td><strong>Campos Detallados: </strong><br>Turismo</td></tr><tr></tr><tr></tr><tr></tr><tr><td><strong>Línea de Vinculación: </strong><br>Desarrollo económico sostenible y empresarial</td><td><strong>Estado del Proyecto: </strong><br>Planificado</td><td><strong>Código de Proyecto: </strong><br>10-A-1-10A-5-110A</td></tr><tr></tr><tr></tr><tr></tr></tbody></table></figure>



<figure class="wp-block-table is-style-regular"><table><tbody><tr><td><strong>Línea de Investigación: </strong><br>Economía y desarrollo sostenible&nbsp;</td></tr><tr></tr></tbody></table></figure>



<figure class="wp-block-table is-style-regular"><table><tbody><tr><td><strong>Fecha Inicio Planificado: </strong><br>Noviembre 2020</td><td><strong>Fecha de Fin Planeado: </strong><br>Diciembre 2022</td><td><strong>Fecha de Fin Real: </strong><br>Diciembre 2022</td></tr><tr></tr><tr></tr></tbody></table></figure>



<figure class="wp-block-table is-style-regular"><table><tbody><tr><td><strong>Beneficiarios:</strong> <br>Asociación de restaurantes Costa del Pacifico de la Parroquia Pedernales</td></tr><tr></tr><tr></tr><tr></tr><tr><td><strong>Convenio: </strong><br>Gobierno Autónomo Descentralizado (GAD Municipal del cantón Pedernales).&nbsp;</td></tr><tr></tr></tbody></table></figure>



<p><strong>FUENTE DE INFORMACIÓN</strong></p>



<figure class="wp-block-table is-style-regular"><table><tbody><tr><td>Objetivos de Desarrollo Sostenibles <br>INEC Indicadores<br>Políticas y Objetivos Nacionales del Plan Nacional de Desarrollo 2017-2021 -Toda una Vida<br>Agenda Zona l4<br>Planes de Gobierno Local<br>Objetivos Estratégicos del PEDI<br>Estrategias Técnicas del PEDI<br>Proyecto de investigación: Tecnología para el emprendimiento y gestión sostenible de pequeñas y medianas empresas de ecoturismo en Pedernales.</td></tr><tr></tr><tr></tr><tr></tr><tr></tr><tr></tr><tr></tr><tr></tr></tbody></table></figure>



<p><strong>COBERTURA Y LOCALIZACIÓN</strong></p>



<figure class="wp-block-table is-style-regular"><table><tbody><tr><td><strong>Alcance territorial: </strong><br>Parroquial</td><td><strong>Provincia/s:</strong><br>Manabí</td></tr><tr></tr></tbody></table></figure>



<figure class="wp-block-table is-style-regular"><table><tbody><tr><td><strong>Cantón o Cantones: </strong><br>Pedernales</td><td><strong>Parroquia/s:</strong> <br>Pedernales</td><td><strong>Barrio/s:</strong> <br>N/A</td></tr><tr></tr></tbody></table></figure>



<p><strong>PRESUPUESTO</strong></p>



<figure class="wp-block-table is-style-regular"><table><tbody><tr><td><strong>Presupuesto financiar por la IES: </strong><br>$ 1.003,00</td><td><strong>Presupuesto total de aliados estratégicos:&nbsp;</strong> <br>$ 00,00</td></tr><tr></tr></tbody></table></figure>



<div style="height:38px" aria-hidden="true" class="wp-block-spacer"></div>



<p><strong>OBJETIVO DEL PROYECTO</strong></p>



<p class="has-text-align-center"><strong><em>OBJETIVO GENERAL</em></strong></p>



<figure class="wp-block-table is-style-regular"><table><tbody><tr><td>Fortalecer las capacidades los miembros de la asociación de restaurantes Costa&nbsp; Del&nbsp; Pacifico&nbsp; de&nbsp; la&nbsp; Parroquia&nbsp; Pedernales-Cantón&nbsp; Pedernales&nbsp; en atención al cliente con los protocolos y normas de bioseguridad durante el período 2020-2022</td></tr><tr></tr><tr></tr></tbody></table></figure>



<p class="has-text-align-center"><strong><em>OBJETIVOS ESPECÍFICOS</em></strong></p>



<figure class="wp-block-table is-style-regular"><table><tbody><tr><td><strong>O.E1:</strong> Identificar&nbsp; las&nbsp; necesidades&nbsp; del&nbsp; cantón&nbsp; en&nbsp; cuanto&nbsp; a la oferta de&nbsp; servicios turísticos mediante el levantamiento de línea base. <br><br><strong>O.E2:</strong> Implementar un plan de capacitación dirigido a los estudiantes en temas de calidad de servicio, atención al cliente, hospitalidad y metodología para enseñanza a adultos, en el marco de protocolos y normas de bioseguridad <br><br><strong>O.E3: </strong>Fortalecimiento&nbsp; de&nbsp; las&nbsp; capacidades&nbsp; laborales&nbsp; a&nbsp; los&nbsp; prestadores&nbsp; de servicios turísticos en el cantón Pedernales.</td></tr><tr></tr><tr></tr><tr></tr><tr></tr><tr></tr></tbody></table></figure>



<div style="height:38px" aria-hidden="true" class="wp-block-spacer"></div>



<div class="wp-block-file aligncenter"><a href="https://departamentos.uleam.edu.ec/vinculacion-colectividad/files/2022/08/PROYECTO-DE-VINCULACION-TURISMO-2020-RV-1-1.pdf" class="wp-block-file__button" download>Descarga</a></div>



<p></p>

<p>PERÍODO 2020-2022 Proyecto de Vinculación con la Sociedad LÍNEA DE VINCULACIÓN: «Desarrollo económico sostenible y empresaria» Autoridades: Ing. Derli Álava Rosado Colaboradores: Ing.&nbsp; Jacinto&nbsp; Andrade&nbsp; Almeida Ing. Tatiana Vera Calderón&nbsp; Ing. Isidro Alcívar<a class="moretag" href="https://departamentos.uleam.edu.ec/vinculacion-colectividad/https-departamentos-uleam-edu-ec-vinculacion-colectividad-proyectos2022-fortalecimiento-de-la-asociacion-de-restaurantes-costa-del-pacifico-de-la-parroquia-pedernales-canton-pedernales-en-atencion-al/">Leer más&#8230;</a></p>
