{"id":4412,"date":"2022-08-05T10:07:05","date_gmt":"2022-08-05T15:07:05","guid":{"rendered":"https:\/\/departamentos.uleam.edu.ec\/vinculacion-colectividad\/?page_id=4412"},"modified":"2022-10-27T11:38:02","modified_gmt":"2022-10-27T16:38:02","slug":"https-departamentos-uleam-edu-ec-vinculacion-colectividad-proyectos2022-capacitacion-en-el-mejoramiento-productivo-de-los-sistemas-de-produccion-de-cacao-del-centro-chachi-balzar","status":"publish","type":"page","link":"https:\/\/departamentos.uleam.edu.ec\/vinculacion-colectividad\/https-departamentos-uleam-edu-ec-vinculacion-colectividad-proyectos2022-capacitacion-en-el-mejoramiento-productivo-de-los-sistemas-de-produccion-de-cacao-del-centro-chachi-balzar\/","title":{"rendered":"Capacitaci\u00f3n en el Mejoramiento Productivo de los Sistemas de Producci\u00f3n de Cacao del Centro Chachi Balzar"},"content":{"rendered":"\n<p class=\"has-text-align-center\" style=\"font-size:22px\">PER\u00cdODO 2022 \u2013 2024<\/p>\n\n\n\n<p style=\"font-size:18px\">Proyecto de Vinculaci\u00f3n y Emprendimiento<\/p>\n\n\n\n<p style=\"font-size:18px\"><em><strong>L\u00cdNEA DE VINCULACI<em>\u00d3N<\/em>:<\/strong><\/em>\u00a0\u201cProducci\u00f3n y Conservaci\u00f3n Ambiental\u201d.<\/p>\n\n\n\n<div style=\"height:48px\" aria-hidden=\"true\" class=\"wp-block-spacer\"><\/div>\n\n\n\n<figure class=\"wp-block-table is-style-regular\"><table><tbody><tr><td><strong>Decano:<\/strong><br>Ing. Derl\u00ed \u00c1lava Rosado, PhD.<br><strong>L\u00edder del Proyecto:<\/strong><br>Ing. Renato Mendieta Vivas, Mg<\/td><\/tr><tr><\/tr><tr><\/tr><tr><\/tr><tr><\/tr><tr><\/tr><\/tbody><\/table><\/figure>\n\n\n\n<figure class=\"wp-block-table is-style-regular\"><table><tbody><tr><td><strong>Nombre de la Facultad o Unidad Acad\u00e9mica Responsable: <\/strong><br>Extensi\u00f3n Pedernales<\/td><td><strong>Carrera:<\/strong> <br>Ingenier\u00eda<br>Agropecuaria\u00a0<\/td><td><strong>Convenio:\u00a0<\/strong><br>Convenio con el centro Chachi Balzar\u00a0\u00a0<\/td><\/tr><tr><\/tr><tr><\/tr><tr><\/tr><tr><td><strong>\u00c1rea del conocimiento: <\/strong><br>Agricultura<\/td><td><strong>Sub\u00e1rea del conocimiento:<\/strong> <br>Agricultura, silvicultura y pesca\u00a0<\/td><td><strong>Sub\u00e1rea espec\u00edfica:<\/strong><br>Producci\u00f3n Agr\u00edcola\u00a0<\/td><\/tr><tr><\/tr><tr><\/tr><tr><\/tr><tr><td><strong>Campo Amplio:<\/strong><br>08 Agricultura, silvicultura, pesca y veterinaria.\u00a0<\/td><td><strong>Campo espec\u00edfico:<\/strong><br>081 Agricultura\u00a0<\/td><td><strong>Campo detallado: <\/strong><br>0811 Producci\u00f3n agr\u00edcola y ganadera.\u00a0<\/td><\/tr><tr><\/tr><tr><\/tr><tr><\/tr><\/tbody><\/table><\/figure>\n\n\n\n<figure class=\"wp-block-table is-style-regular\"><table><tbody><tr><td><strong>L\u00ednea de Vinculaci\u00f3n:<\/strong><br>Producci\u00f3n y conservaci\u00f3n ambiental\u00a0<\/td><td><strong>L\u00ednea de Investigaci\u00f3n:<\/strong><br><strong><em>L\u00ednea 8:<\/em><\/strong> Desarrollo e innovaci\u00f3n en el sector agropecuario.\u00a0<\/td><\/tr><tr><\/tr><tr><\/tr><tr><\/tr><\/tbody><\/table><\/figure>\n\n\n\n<figure class=\"wp-block-table is-style-regular\"><table><tbody><tr><td><strong>Fecha Inicio<\/strong><br>Abril 2022\u00a0<\/td><td><strong>Fecha de Fin Planeado <\/strong>\u00a0<br>\u00a0Febrero 2024\u00a0<\/td><td><strong>Fecha de fin Real <\/strong><br>Marzo 2024\u00a0<\/td><\/tr><tr><\/tr><tr><\/tr><tr><\/tr><\/tbody><\/table><\/figure>\n\n\n\n<p><strong>COBERTURA Y LOCALIZACI\u00d3N<\/strong><\/p>\n\n\n\n<figure class=\"wp-block-table is-style-regular\"><table><tbody><tr><td><strong>Cobertura: <\/strong><br>Cantonal<\/td><td><strong>Zona de Planificaci\u00f3n:<\/strong><br><strong><em>Zona 4:<\/em><\/strong> Manab\u00ed, Santo Domingo de los Ts\u00e1chilas.<br><strong><em>Zona 1:<\/em><\/strong> Esmeraldas, Imbabura, Carchi Sucumb\u00edos\u00a0<\/td><\/tr><tr><\/tr><\/tbody><\/table><\/figure>\n\n\n\n<figure class=\"wp-block-table is-style-regular\"><table><tbody><tr><td><strong>Provincia:<\/strong><br>Manab\u00ed<br>Esmeraldas\u00a0<\/td><td><strong>Cant\u00f3n:<\/strong><br>Pedernales<br>Muisne\u00a0\u00a0<\/td><td><strong>Parroquia:<\/strong><br>Cojim\u00edes\u00a0<br>Chamanga\u00a0<\/td><\/tr><tr><\/tr><\/tbody><\/table><\/figure>\n\n\n\n<p><strong>PRESUPUESTO<\/strong><\/p>\n\n\n\n<figure class=\"wp-block-table is-style-regular\"><table><tbody><tr><td><strong>Presupuesto aporte ULEAM: <\/strong><br>$3166,60\u00a0<\/td><td><strong>Presupuesto entidad auspiciante\/beneficiaria:\u00a0 <\/strong><br>$ 00, 00<\/td><td><strong>Presupuesto Total US: <\/strong><br>$ 3166,60\u00a0<\/td><\/tr><tr><\/tr><tr><\/tr><tr><\/tr><\/tbody><\/table><\/figure>\n\n\n\n<div style=\"height:37px\" aria-hidden=\"true\" class=\"wp-block-spacer\"><\/div>\n\n\n\n<p><strong>OBJETIVO DEL PROYECTO<\/strong><\/p>\n\n\n\n<p class=\"has-text-align-center\"><strong><em>OBJETIVO GENERAL<\/em><\/strong><\/p>\n\n\n\n<figure class=\"wp-block-table is-style-regular\"><table><tbody><tr><td>Ejecutar programas de capacitaciones y manejo para el mejoramiento productivo del sistema de producci\u00f3n de cacao en el centro Chachi Balzar de la parroquia san Jos\u00e9 de Chamanga.&nbsp;<\/td><\/tr><tr><\/tr><tr><\/tr><\/tbody><\/table><\/figure>\n\n\n\n<p class=\"has-text-align-center\"><strong><em>OBJETIVOS ESPEC\u00cdFICOS<\/em><\/strong><\/p>\n\n\n\n<figure class=\"wp-block-table is-style-regular\"><table><tbody><tr><td><strong>O.E1:<\/strong> Caracterizar el sistema producci\u00f3n de cacao de los agricultores pertenecientes al centro Chachi Balzar de la parroquia san Jos\u00e9 de Chamanga.<br><br><strong>O.E2:<\/strong> Emplear t\u00e9cnicas de producci\u00f3n que permitan el aumento de la cosecha y el manejo sostenible de los sistemas de producci\u00f3n de cacao.<br><br><strong>O.E3:<\/strong> Socializar los resultados.\u00a0<\/td><\/tr><tr><\/tr><tr><\/tr><tr><\/tr><tr><\/tr><tr><\/tr><\/tbody><\/table><\/figure>\n\n\n\n<div style=\"height:80px\" aria-hidden=\"true\" class=\"wp-block-spacer\"><\/div>\n\n\n\n<figure class=\"wp-block-gallery columns-3 is-cropped wp-block-gallery-1 is-layout-flex wp-block-gallery-is-layout-flex\"><ul class=\"blocks-gallery-grid\"><li class=\"blocks-gallery-item\"><figure><a href=\"https:\/\/departamentos.uleam.edu.ec\/vinculacion-colectividad\/files\/2022\/10\/WhatsApp-Image-2022-10-27-at-11.04.42-1-850x1024.jpeg\"><img fetchpriority=\"high\" decoding=\"async\" width=\"850\" height=\"1024\" src=\"https:\/\/departamentos.uleam.edu.ec\/vinculacion-colectividad\/files\/2022\/10\/WhatsApp-Image-2022-10-27-at-11.04.42-1-850x1024.jpeg\" alt=\"\" data-id=\"5150\" data-link=\"https:\/\/departamentos.uleam.edu.ec\/vinculacion-colectividad\/https-departamentos-uleam-edu-ec-vinculacion-colectividad-proyectos2022-capacitacion-en-el-mejoramiento-productivo-de-los-sistemas-de-produccion-de-cacao-del-centro-chachi-balzar\/whatsapp-image-2022-10-27-at-11-04-42-1\/\" class=\"wp-image-5150\" srcset=\"https:\/\/departamentos.uleam.edu.ec\/vinculacion-colectividad\/files\/2022\/10\/WhatsApp-Image-2022-10-27-at-11.04.42-1-850x1024.jpeg 850w, https:\/\/departamentos.uleam.edu.ec\/vinculacion-colectividad\/files\/2022\/10\/WhatsApp-Image-2022-10-27-at-11.04.42-1-249x300.jpeg 249w, https:\/\/departamentos.uleam.edu.ec\/vinculacion-colectividad\/files\/2022\/10\/WhatsApp-Image-2022-10-27-at-11.04.42-1-768x925.jpeg 768w, https:\/\/departamentos.uleam.edu.ec\/vinculacion-colectividad\/files\/2022\/10\/WhatsApp-Image-2022-10-27-at-11.04.42-1.jpeg 1063w\" sizes=\"(max-width: 850px) 100vw, 850px\" \/><\/a><\/figure><\/li><li class=\"blocks-gallery-item\"><figure><a href=\"https:\/\/departamentos.uleam.edu.ec\/vinculacion-colectividad\/files\/2022\/10\/WhatsApp-Image-2022-10-27-at-11.04.42-1024x768.jpeg\"><img decoding=\"async\" width=\"1024\" height=\"768\" src=\"https:\/\/departamentos.uleam.edu.ec\/vinculacion-colectividad\/files\/2022\/10\/WhatsApp-Image-2022-10-27-at-11.04.42-1024x768.jpeg\" alt=\"\" data-id=\"5151\" data-link=\"https:\/\/departamentos.uleam.edu.ec\/vinculacion-colectividad\/https-departamentos-uleam-edu-ec-vinculacion-colectividad-proyectos2022-capacitacion-en-el-mejoramiento-productivo-de-los-sistemas-de-produccion-de-cacao-del-centro-chachi-balzar\/whatsapp-image-2022-10-27-at-11-04-42\/\" class=\"wp-image-5151\" srcset=\"https:\/\/departamentos.uleam.edu.ec\/vinculacion-colectividad\/files\/2022\/10\/WhatsApp-Image-2022-10-27-at-11.04.42-1024x768.jpeg 1024w, https:\/\/departamentos.uleam.edu.ec\/vinculacion-colectividad\/files\/2022\/10\/WhatsApp-Image-2022-10-27-at-11.04.42-300x225.jpeg 300w, https:\/\/departamentos.uleam.edu.ec\/vinculacion-colectividad\/files\/2022\/10\/WhatsApp-Image-2022-10-27-at-11.04.42-768x576.jpeg 768w, https:\/\/departamentos.uleam.edu.ec\/vinculacion-colectividad\/files\/2022\/10\/WhatsApp-Image-2022-10-27-at-11.04.42-1536x1152.jpeg 1536w, https:\/\/departamentos.uleam.edu.ec\/vinculacion-colectividad\/files\/2022\/10\/WhatsApp-Image-2022-10-27-at-11.04.42.jpeg 1600w\" sizes=\"(max-width: 1024px) 100vw, 1024px\" \/><\/a><\/figure><\/li><li class=\"blocks-gallery-item\"><figure><a href=\"https:\/\/departamentos.uleam.edu.ec\/vinculacion-colectividad\/files\/2022\/10\/WhatsApp-Image-2022-10-27-at-11.04.41-1-768x1024.jpeg\"><img decoding=\"async\" width=\"768\" height=\"1024\" src=\"https:\/\/departamentos.uleam.edu.ec\/vinculacion-colectividad\/files\/2022\/10\/WhatsApp-Image-2022-10-27-at-11.04.41-1-768x1024.jpeg\" alt=\"\" data-id=\"5152\" data-link=\"https:\/\/departamentos.uleam.edu.ec\/vinculacion-colectividad\/https-departamentos-uleam-edu-ec-vinculacion-colectividad-proyectos2022-capacitacion-en-el-mejoramiento-productivo-de-los-sistemas-de-produccion-de-cacao-del-centro-chachi-balzar\/whatsapp-image-2022-10-27-at-11-04-41-1\/\" class=\"wp-image-5152\" srcset=\"https:\/\/departamentos.uleam.edu.ec\/vinculacion-colectividad\/files\/2022\/10\/WhatsApp-Image-2022-10-27-at-11.04.41-1-768x1024.jpeg 768w, https:\/\/departamentos.uleam.edu.ec\/vinculacion-colectividad\/files\/2022\/10\/WhatsApp-Image-2022-10-27-at-11.04.41-1-225x300.jpeg 225w, https:\/\/departamentos.uleam.edu.ec\/vinculacion-colectividad\/files\/2022\/10\/WhatsApp-Image-2022-10-27-at-11.04.41-1-1152x1536.jpeg 1152w, https:\/\/departamentos.uleam.edu.ec\/vinculacion-colectividad\/files\/2022\/10\/WhatsApp-Image-2022-10-27-at-11.04.41-1.jpeg 1200w\" sizes=\"(max-width: 768px) 100vw, 768px\" \/><\/a><\/figure><\/li><li class=\"blocks-gallery-item\"><figure><a href=\"https:\/\/departamentos.uleam.edu.ec\/vinculacion-colectividad\/files\/2022\/10\/WhatsApp-Image-2022-10-27-at-11.04.41-2-1024x768.jpeg\"><img loading=\"lazy\" decoding=\"async\" width=\"1024\" height=\"768\" src=\"https:\/\/departamentos.uleam.edu.ec\/vinculacion-colectividad\/files\/2022\/10\/WhatsApp-Image-2022-10-27-at-11.04.41-2-1024x768.jpeg\" alt=\"\" data-id=\"5153\" data-link=\"https:\/\/departamentos.uleam.edu.ec\/vinculacion-colectividad\/https-departamentos-uleam-edu-ec-vinculacion-colectividad-proyectos2022-capacitacion-en-el-mejoramiento-productivo-de-los-sistemas-de-produccion-de-cacao-del-centro-chachi-balzar\/whatsapp-image-2022-10-27-at-11-04-41-2\/\" class=\"wp-image-5153\" srcset=\"https:\/\/departamentos.uleam.edu.ec\/vinculacion-colectividad\/files\/2022\/10\/WhatsApp-Image-2022-10-27-at-11.04.41-2-1024x768.jpeg 1024w, https:\/\/departamentos.uleam.edu.ec\/vinculacion-colectividad\/files\/2022\/10\/WhatsApp-Image-2022-10-27-at-11.04.41-2-300x225.jpeg 300w, https:\/\/departamentos.uleam.edu.ec\/vinculacion-colectividad\/files\/2022\/10\/WhatsApp-Image-2022-10-27-at-11.04.41-2-768x576.jpeg 768w, https:\/\/departamentos.uleam.edu.ec\/vinculacion-colectividad\/files\/2022\/10\/WhatsApp-Image-2022-10-27-at-11.04.41-2-1536x1152.jpeg 1536w, https:\/\/departamentos.uleam.edu.ec\/vinculacion-colectividad\/files\/2022\/10\/WhatsApp-Image-2022-10-27-at-11.04.41-2.jpeg 1600w\" sizes=\"(max-width: 1024px) 100vw, 1024px\" \/><\/a><\/figure><\/li><li class=\"blocks-gallery-item\"><figure><a href=\"https:\/\/departamentos.uleam.edu.ec\/vinculacion-colectividad\/files\/2022\/10\/WhatsApp-Image-2022-10-27-at-11.04.41.jpeg\"><img loading=\"lazy\" decoding=\"async\" width=\"1024\" height=\"768\" src=\"https:\/\/departamentos.uleam.edu.ec\/vinculacion-colectividad\/files\/2022\/10\/WhatsApp-Image-2022-10-27-at-11.04.41-1024x768.jpeg\" alt=\"\" data-id=\"5154\" data-full-url=\"https:\/\/departamentos.uleam.edu.ec\/vinculacion-colectividad\/files\/2022\/10\/WhatsApp-Image-2022-10-27-at-11.04.41.jpeg\" data-link=\"https:\/\/departamentos.uleam.edu.ec\/vinculacion-colectividad\/https-departamentos-uleam-edu-ec-vinculacion-colectividad-proyectos2022-capacitacion-en-el-mejoramiento-productivo-de-los-sistemas-de-produccion-de-cacao-del-centro-chachi-balzar\/whatsapp-image-2022-10-27-at-11-04-41\/\" class=\"wp-image-5154\" srcset=\"https:\/\/departamentos.uleam.edu.ec\/vinculacion-colectividad\/files\/2022\/10\/WhatsApp-Image-2022-10-27-at-11.04.41-1024x768.jpeg 1024w, https:\/\/departamentos.uleam.edu.ec\/vinculacion-colectividad\/files\/2022\/10\/WhatsApp-Image-2022-10-27-at-11.04.41-300x225.jpeg 300w, https:\/\/departamentos.uleam.edu.ec\/vinculacion-colectividad\/files\/2022\/10\/WhatsApp-Image-2022-10-27-at-11.04.41-768x576.jpeg 768w, https:\/\/departamentos.uleam.edu.ec\/vinculacion-colectividad\/files\/2022\/10\/WhatsApp-Image-2022-10-27-at-11.04.41-1536x1152.jpeg 1536w, https:\/\/departamentos.uleam.edu.ec\/vinculacion-colectividad\/files\/2022\/10\/WhatsApp-Image-2022-10-27-at-11.04.41.jpeg 1600w\" sizes=\"(max-width: 1024px) 100vw, 1024px\" \/><\/a><\/figure><\/li><\/ul><\/figure>\n\n\n\n<div style=\"height:29px\" aria-hidden=\"true\" class=\"wp-block-spacer\"><\/div>\n\n\n\n<div class=\"wp-block-file aligncenter\"><a href=\"https:\/\/departamentos.uleam.edu.ec\/vinculacion-colectividad\/files\/2022\/10\/PROYECTO-MEJORAMIENTO-PRODUCTIVO-2022-CON-OBSERVACION.pdf\" class=\"wp-block-file__button\" download>Descarga<\/a><\/div>\n","protected":false},"excerpt":{"rendered":"<p>PER\u00cdODO 2022 \u2013 2024 Proyecto de Vinculaci\u00f3n y Emprendimiento L\u00cdNEA DE VINCULACI\u00d3N:\u00a0\u201cProducci\u00f3n y Conservaci\u00f3n Ambiental\u201d. Decano:Ing. Derl\u00ed \u00c1lava Rosado, PhD.L\u00edder del Proyecto:Ing. Renato Mendieta Vivas, Mg Nombre de la Facultad o Unidad<a class=\"moretag\" href=\"https:\/\/departamentos.uleam.edu.ec\/vinculacion-colectividad\/https-departamentos-uleam-edu-ec-vinculacion-colectividad-proyectos2022-capacitacion-en-el-mejoramiento-productivo-de-los-sistemas-de-produccion-de-cacao-del-centro-chachi-balzar\/\">Leer m\u00e1s&#8230;<\/a><\/p>\n","protected":false},"author":124,"featured_media":0,"parent":0,"menu_order":0,"comment_status":"closed","ping_status":"closed","template":"","meta":{"footnotes":"","_links_to":"","_links_to_target":""},"class_list":["post-4412","page","type-page","status-publish","hentry"],"_links":{"self":[{"href":"https:\/\/departamentos.uleam.edu.ec\/vinculacion-colectividad\/wp-json\/wp\/v2\/pages\/4412","targetHints":{"allow":["GET"]}}],"collection":[{"href":"https:\/\/departamentos.uleam.edu.ec\/vinculacion-colectividad\/wp-json\/wp\/v2\/pages"}],"about":[{"href":"https:\/\/departamentos.uleam.edu.ec\/vinculacion-colectividad\/wp-json\/wp\/v2\/types\/page"}],"author":[{"embeddable":true,"href":"https:\/\/departamentos.uleam.edu.ec\/vinculacion-colectividad\/wp-json\/wp\/v2\/users\/124"}],"replies":[{"embeddable":true,"href":"https:\/\/departamentos.uleam.edu.ec\/vinculacion-colectividad\/wp-json\/wp\/v2\/comments?post=4412"}],"version-history":[{"count":5,"href":"https:\/\/departamentos.uleam.edu.ec\/vinculacion-colectividad\/wp-json\/wp\/v2\/pages\/4412\/revisions"}],"predecessor-version":[{"id":5158,"href":"https:\/\/departamentos.uleam.edu.ec\/vinculacion-colectividad\/wp-json\/wp\/v2\/pages\/4412\/revisions\/5158"}],"wp:attachment":[{"href":"https:\/\/departamentos.uleam.edu.ec\/vinculacion-colectividad\/wp-json\/wp\/v2\/media?parent=4412"}],"curies":[{"name":"wp","href":"https:\/\/api.w.org\/{rel}","templated":true}]}}