{"id":4421,"date":"2022-08-05T10:13:10","date_gmt":"2022-08-05T15:13:10","guid":{"rendered":"https:\/\/departamentos.uleam.edu.ec\/vinculacion-colectividad\/?page_id=4421"},"modified":"2022-08-22T12:05:07","modified_gmt":"2022-08-22T17:05:07","slug":"https-departamentos-uleam-edu-ec-vinculacion-colectividad-proyectos2022-estrategias-para-potencializar-el-turismo-rural-comunitario-del-canton-manta-periodo-2020-2022","status":"publish","type":"page","link":"https:\/\/departamentos.uleam.edu.ec\/vinculacion-colectividad\/https-departamentos-uleam-edu-ec-vinculacion-colectividad-proyectos2022-estrategias-para-potencializar-el-turismo-rural-comunitario-del-canton-manta-periodo-2020-2022\/","title":{"rendered":"Estrategias para Potencializar el Turismo Rural Comunitario Post Covid &#8211; 19 en el cant\u00f3n Manta, Caso: Liguiqui, Pacoche, San Lorenzo"},"content":{"rendered":"\n<p class=\"has-text-align-center\" style=\"font-size:24px\">PER\u00cdODO 2020-2023<\/p>\n\n\n\n<p style=\"font-size:18px\">Proyecto de Vinculaci\u00f3n con la Sociedad<\/p>\n\n\n\n<p style=\"font-size:18px\"><em><strong>L\u00cdNEA DE VINCULACI<em>\u00d3N<\/em>:<\/strong><\/em>&nbsp;\u00abEducaci\u00f3n, ciudadan\u00eda, diversidad e interculturalidad\u00bb.<\/p>\n\n\n\n<div style=\"height:70px\" aria-hidden=\"true\" class=\"wp-block-spacer\"><\/div>\n\n\n\n<figure class=\"wp-block-table is-style-regular\"><table><tbody><tr><td><strong>Autores: <\/strong><br>Ing. Pedro Montalv\u00e1n Acosta <br>Ing. Alicia Trueba Mac\u00edas<\/td><\/tr><tr><\/tr><tr><\/tr><tr><\/tr><tr><\/tr><tr><\/tr><\/tbody><\/table><\/figure>\n\n\n\n<figure class=\"wp-block-table is-style-regular\"><table><tbody><tr><td><strong>Campos Amplios:<\/strong> <br>04 administraci\u00f3n de empresas y derecho<\/td><td><strong>Campos Espec\u00edficos:<\/strong> <br>041 educaci\u00f3n comercial y administraci\u00f3n<\/td><td><strong>Campos Detallados:&nbsp;<\/strong><\/td><\/tr><tr><\/tr><tr><\/tr><tr><\/tr><tr><td><strong>L\u00ednea de Vinculaci\u00f3n: <\/strong><br>Educaci\u00f3n, ciudadan\u00eda, diversidad e interculturalidad<\/td><td><strong>Estado del Proyecto:<\/strong> <br>En ejecuci\u00f3n<\/td><td><strong>C\u00f3digo de Proyecto:&nbsp;<\/strong><\/td><\/tr><tr><\/tr><tr><\/tr><tr><\/tr><tr><td><strong>Fecha Inicio Planificado: <\/strong><br>Noviembre 2020<\/td><td><strong>Fecha de Fin Planeado:<\/strong> <br>Diciembre 2021<\/td><td><strong>Fecha de Fin Real:<\/strong> <br>Febrero 2022<\/td><\/tr><tr><\/tr><tr><\/tr><\/tbody><\/table><\/figure>\n\n\n\n<figure class=\"wp-block-table is-style-regular\"><table><tbody><tr><td><strong>Convenio:<\/strong> <br>Gobierno Aut\u00f3nomo Descentralizado de GAD Manta.<\/td><\/tr><tr><\/tr><tr><\/tr><tr><\/tr><\/tbody><\/table><\/figure>\n\n\n\n<p><strong>FUENTE DE INFORMACI\u00d3N<\/strong><\/p>\n\n\n\n<figure class=\"wp-block-table is-style-regular\"><table><tbody><tr><td>PLAN DE SOSTENIBILIDAD Y REACTIVACI\u00d2N ECON\u00d2MICA del CANT\u00d2N MANTA 2020.<br>Objetivos de Desarrollo Sostenibles<br>INEC Indicadores<br>Pol\u00edticas y Objetivos Nacionales del Plan Nacional de Desarrollo 2017-2021 -Toda una Vida<br>Agenda Zonal 4 <br>Planes de Gobierno Local de Manta <br>Objetivos Estrat\u00e9gicos del PEDI<br>Estrategias T\u00e9cnica del PEDI <br>PLANDETUR 2020<\/td><\/tr><tr><\/tr><tr><\/tr><tr><\/tr><tr><\/tr><tr><\/tr><tr><\/tr><tr><\/tr><\/tbody><\/table><\/figure>\n\n\n\n<p><strong>COBERTURA Y LOCALIZACI\u00d3N<\/strong><\/p>\n\n\n\n<figure class=\"wp-block-table is-style-regular\"><table><tbody><tr><td><strong>Alcance territorial: <\/strong><br>Parroquial<\/td><td><strong>Provincia\/s:<\/strong><br>Manab\u00ed<\/td><\/tr><tr><\/tr><\/tbody><\/table><\/figure>\n\n\n\n<figure class=\"wp-block-table is-style-regular\"><table><tbody><tr><td><strong>Cant\u00f3n o Cantones: <\/strong><br>Manta<\/td><td><strong>Parroquia\/s:<\/strong> <br>Santa Marianita \u2013San Lorenzo<\/td><td><strong>Barrio\/s:<\/strong> <br>Pacoche \u2013Liguiqui\u2013San Lorenzo<\/td><\/tr><tr><\/tr><\/tbody><\/table><\/figure>\n\n\n\n<p><strong>PRESUPUESTO<\/strong><\/p>\n\n\n\n<figure class=\"wp-block-table is-style-regular\"><table><tbody><tr><td><strong>Presupuesto financiar por la IES: <\/strong><br>$ 2.200,00<\/td><td><strong>Presupuesto total de aliados estrat\u00e9gicos:&nbsp;<\/strong><br>$ 2.200,00<\/td><\/tr><tr><\/tr><\/tbody><\/table><\/figure>\n\n\n\n<div style=\"height:38px\" aria-hidden=\"true\" class=\"wp-block-spacer\"><\/div>\n\n\n\n<p><strong>OBJETIVO DEL PROYECTO<\/strong><\/p>\n\n\n\n<p class=\"has-text-align-center\"><strong><em>OBJETIVO GENERAL<\/em><\/strong><\/p>\n\n\n\n<figure class=\"wp-block-table is-style-regular\"><table><tbody><tr><td>Dise\u00f1ar estrategias de desarrollo en turismo rural comunitario para las comunidades de Pacoche, Liguiqui y San Lorenzo del cant\u00f3n Manta POST COVID-19.<\/td><\/tr><tr><\/tr><tr><\/tr><\/tbody><\/table><\/figure>\n\n\n\n<p class=\"has-text-align-center\"><strong><em>OBJETIVOS ESPEC\u00cdFICOS<\/em><\/strong><\/p>\n\n\n\n<figure class=\"wp-block-table is-style-regular\"><table><tbody><tr><td><strong>O.E1:<\/strong> Elaborar una caracterizaci\u00f3n del Turismo Rural Comunitario TRC en el cant\u00f3n Manta, a partir de un an\u00e1lisis de los componentes del sistema tur\u00edstico POST COVID \u201319. <br><br><strong>O.E2:<\/strong> Implementar un plan de acci\u00f3n que permita dinamizar el turismo rural comunitario en el cant\u00f3n Manta como estrategia de reactivaci\u00f3n econ\u00f3mica POST COVID \u201319.<br><br><strong>O.E3:<\/strong> Realizar&nbsp; las&nbsp; evaluaciones&nbsp; para&nbsp; establecer&nbsp; las&nbsp; contribuciones&nbsp; de&nbsp; la&nbsp; estrategia&nbsp; al&nbsp; desarrollo&nbsp; del turismo rural comunitario ante el escenario COVID -19.<\/td><\/tr><tr><\/tr><tr><\/tr><tr><\/tr><tr><\/tr><tr><\/tr><\/tbody><\/table><\/figure>\n\n\n\n<div style=\"height:38px\" aria-hidden=\"true\" class=\"wp-block-spacer\"><\/div>\n\n\n\n<div class=\"wp-block-file aligncenter\"><a href=\"https:\/\/departamentos.uleam.edu.ec\/vinculacion-colectividad\/files\/2022\/08\/Proyecto-de-Vinculacion-Estrategias-para-potencializar-el-Turismo-Rural-Comunitario-en-la-zona-rural-del-canton-Manta-2020-2022-REFORMULADO-2.pdf\" class=\"wp-block-file__button\" download>Descarga<\/a><\/div>\n","protected":false},"excerpt":{"rendered":"<p>PER\u00cdODO 2020-2023 Proyecto de Vinculaci\u00f3n con la Sociedad L\u00cdNEA DE VINCULACI\u00d3N:&nbsp;\u00abEducaci\u00f3n, ciudadan\u00eda, diversidad e interculturalidad\u00bb. Autores: Ing. Pedro Montalv\u00e1n Acosta Ing. Alicia Trueba Mac\u00edas Campos Amplios: 04 administraci\u00f3n de empresas y derecho<a class=\"moretag\" href=\"https:\/\/departamentos.uleam.edu.ec\/vinculacion-colectividad\/https-departamentos-uleam-edu-ec-vinculacion-colectividad-proyectos2022-estrategias-para-potencializar-el-turismo-rural-comunitario-del-canton-manta-periodo-2020-2022\/\">Leer m\u00e1s&#8230;<\/a><\/p>\n","protected":false},"author":124,"featured_media":0,"parent":0,"menu_order":0,"comment_status":"closed","ping_status":"closed","template":"","meta":{"footnotes":"","_links_to":"","_links_to_target":""},"class_list":["post-4421","page","type-page","status-publish","hentry"],"_links":{"self":[{"href":"https:\/\/departamentos.uleam.edu.ec\/vinculacion-colectividad\/wp-json\/wp\/v2\/pages\/4421","targetHints":{"allow":["GET"]}}],"collection":[{"href":"https:\/\/departamentos.uleam.edu.ec\/vinculacion-colectividad\/wp-json\/wp\/v2\/pages"}],"about":[{"href":"https:\/\/departamentos.uleam.edu.ec\/vinculacion-colectividad\/wp-json\/wp\/v2\/types\/page"}],"author":[{"embeddable":true,"href":"https:\/\/departamentos.uleam.edu.ec\/vinculacion-colectividad\/wp-json\/wp\/v2\/users\/124"}],"replies":[{"embeddable":true,"href":"https:\/\/departamentos.uleam.edu.ec\/vinculacion-colectividad\/wp-json\/wp\/v2\/comments?post=4421"}],"version-history":[{"count":4,"href":"https:\/\/departamentos.uleam.edu.ec\/vinculacion-colectividad\/wp-json\/wp\/v2\/pages\/4421\/revisions"}],"predecessor-version":[{"id":4848,"href":"https:\/\/departamentos.uleam.edu.ec\/vinculacion-colectividad\/wp-json\/wp\/v2\/pages\/4421\/revisions\/4848"}],"wp:attachment":[{"href":"https:\/\/departamentos.uleam.edu.ec\/vinculacion-colectividad\/wp-json\/wp\/v2\/media?parent=4421"}],"curies":[{"name":"wp","href":"https:\/\/api.w.org\/{rel}","templated":true}]}}

Estrategias para Potencializar el Turismo Rural Comunitario Post Covid &#8211; 19 en el cantón Manta, Caso: Liguiqui, Pacoche, San Lorenzo

<p class="has-text-align-center" style="font-size:24px">PERÍODO 2020-2023</p>



<p style="font-size:18px">Proyecto de Vinculación con la Sociedad</p>



<p style="font-size:18px"><em><strong>LÍNEA DE VINCULACI<em>ÓN</em>:</strong></em>&nbsp;«Educación, ciudadanía, diversidad e interculturalidad».</p>



<div style="height:70px" aria-hidden="true" class="wp-block-spacer"></div>



<figure class="wp-block-table is-style-regular"><table><tbody><tr><td><strong>Autores: </strong><br>Ing. Pedro Montalván Acosta <br>Ing. Alicia Trueba Macías</td></tr><tr></tr><tr></tr><tr></tr><tr></tr><tr></tr></tbody></table></figure>



<figure class="wp-block-table is-style-regular"><table><tbody><tr><td><strong>Campos Amplios:</strong> <br>04 administración de empresas y derecho</td><td><strong>Campos Específicos:</strong> <br>041 educación comercial y administración</td><td><strong>Campos Detallados:&nbsp;</strong></td></tr><tr></tr><tr></tr><tr></tr><tr><td><strong>Línea de Vinculación: </strong><br>Educación, ciudadanía, diversidad e interculturalidad</td><td><strong>Estado del Proyecto:</strong> <br>En ejecución</td><td><strong>Código de Proyecto:&nbsp;</strong></td></tr><tr></tr><tr></tr><tr></tr><tr><td><strong>Fecha Inicio Planificado: </strong><br>Noviembre 2020</td><td><strong>Fecha de Fin Planeado:</strong> <br>Diciembre 2021</td><td><strong>Fecha de Fin Real:</strong> <br>Febrero 2022</td></tr><tr></tr><tr></tr></tbody></table></figure>



<figure class="wp-block-table is-style-regular"><table><tbody><tr><td><strong>Convenio:</strong> <br>Gobierno Autónomo Descentralizado de GAD Manta.</td></tr><tr></tr><tr></tr><tr></tr></tbody></table></figure>



<p><strong>FUENTE DE INFORMACIÓN</strong></p>



<figure class="wp-block-table is-style-regular"><table><tbody><tr><td>PLAN DE SOSTENIBILIDAD Y REACTIVACIÒN ECONÒMICA del CANTÒN MANTA 2020.<br>Objetivos de Desarrollo Sostenibles<br>INEC Indicadores<br>Políticas y Objetivos Nacionales del Plan Nacional de Desarrollo 2017-2021 -Toda una Vida<br>Agenda Zonal 4 <br>Planes de Gobierno Local de Manta <br>Objetivos Estratégicos del PEDI<br>Estrategias Técnica del PEDI <br>PLANDETUR 2020</td></tr><tr></tr><tr></tr><tr></tr><tr></tr><tr></tr><tr></tr><tr></tr></tbody></table></figure>



<p><strong>COBERTURA Y LOCALIZACIÓN</strong></p>



<figure class="wp-block-table is-style-regular"><table><tbody><tr><td><strong>Alcance territorial: </strong><br>Parroquial</td><td><strong>Provincia/s:</strong><br>Manabí</td></tr><tr></tr></tbody></table></figure>



<figure class="wp-block-table is-style-regular"><table><tbody><tr><td><strong>Cantón o Cantones: </strong><br>Manta</td><td><strong>Parroquia/s:</strong> <br>Santa Marianita –San Lorenzo</td><td><strong>Barrio/s:</strong> <br>Pacoche –Liguiqui–San Lorenzo</td></tr><tr></tr></tbody></table></figure>



<p><strong>PRESUPUESTO</strong></p>



<figure class="wp-block-table is-style-regular"><table><tbody><tr><td><strong>Presupuesto financiar por la IES: </strong><br>$ 2.200,00</td><td><strong>Presupuesto total de aliados estratégicos:&nbsp;</strong><br>$ 2.200,00</td></tr><tr></tr></tbody></table></figure>



<div style="height:38px" aria-hidden="true" class="wp-block-spacer"></div>



<p><strong>OBJETIVO DEL PROYECTO</strong></p>



<p class="has-text-align-center"><strong><em>OBJETIVO GENERAL</em></strong></p>



<figure class="wp-block-table is-style-regular"><table><tbody><tr><td>Diseñar estrategias de desarrollo en turismo rural comunitario para las comunidades de Pacoche, Liguiqui y San Lorenzo del cantón Manta POST COVID-19.</td></tr><tr></tr><tr></tr></tbody></table></figure>



<p class="has-text-align-center"><strong><em>OBJETIVOS ESPECÍFICOS</em></strong></p>



<figure class="wp-block-table is-style-regular"><table><tbody><tr><td><strong>O.E1:</strong> Elaborar una caracterización del Turismo Rural Comunitario TRC en el cantón Manta, a partir de un análisis de los componentes del sistema turístico POST COVID –19. <br><br><strong>O.E2:</strong> Implementar un plan de acción que permita dinamizar el turismo rural comunitario en el cantón Manta como estrategia de reactivación económica POST COVID –19.<br><br><strong>O.E3:</strong> Realizar&nbsp; las&nbsp; evaluaciones&nbsp; para&nbsp; establecer&nbsp; las&nbsp; contribuciones&nbsp; de&nbsp; la&nbsp; estrategia&nbsp; al&nbsp; desarrollo&nbsp; del turismo rural comunitario ante el escenario COVID -19.</td></tr><tr></tr><tr></tr><tr></tr><tr></tr><tr></tr></tbody></table></figure>



<div style="height:38px" aria-hidden="true" class="wp-block-spacer"></div>



<div class="wp-block-file aligncenter"><a href="https://departamentos.uleam.edu.ec/vinculacion-colectividad/files/2022/08/Proyecto-de-Vinculacion-Estrategias-para-potencializar-el-Turismo-Rural-Comunitario-en-la-zona-rural-del-canton-Manta-2020-2022-REFORMULADO-2.pdf" class="wp-block-file__button" download>Descarga</a></div>

<p>PERÍODO 2020-2023 Proyecto de Vinculación con la Sociedad LÍNEA DE VINCULACIÓN:&nbsp;«Educación, ciudadanía, diversidad e interculturalidad». Autores: Ing. Pedro Montalván Acosta Ing. Alicia Trueba Macías Campos Amplios: 04 administración de empresas y derecho<a class="moretag" href="https://departamentos.uleam.edu.ec/vinculacion-colectividad/https-departamentos-uleam-edu-ec-vinculacion-colectividad-proyectos2022-estrategias-para-potencializar-el-turismo-rural-comunitario-del-canton-manta-periodo-2020-2022/">Leer más&#8230;</a></p>
