{"id":4424,"date":"2022-08-05T10:15:05","date_gmt":"2022-08-05T15:15:05","guid":{"rendered":"https:\/\/departamentos.uleam.edu.ec\/vinculacion-colectividad\/?page_id=4424"},"modified":"2022-08-23T09:43:27","modified_gmt":"2022-08-23T14:43:27","slug":"https-departamentos-uleam-edu-ec-vinculacion-colectividad-proyectos2022-proyecto-para-la-acreditacion-de-guias-locales-de-las-zonas-urbanas-y-rurales-del-canton-manta","status":"publish","type":"page","link":"https:\/\/departamentos.uleam.edu.ec\/vinculacion-colectividad\/https-departamentos-uleam-edu-ec-vinculacion-colectividad-proyectos2022-proyecto-para-la-acreditacion-de-guias-locales-de-las-zonas-urbanas-y-rurales-del-canton-manta\/","title":{"rendered":"Proyecto para la Acreditaci\u00f3n de Gu\u00edas Locales de las zonas rurales del cant\u00f3n Manta."},"content":{"rendered":"\n<p class=\"has-text-align-center\" style=\"font-size:24px\">PER\u00cdODO 2022<\/p>\n\n\n\n<p style=\"font-size:18px\">Proyecto de Transferencia Social del Conocimiento<\/p>\n\n\n\n<p style=\"font-size:18px\"><em><strong>L\u00cdNEA DE VINCULACI<em>\u00d3N<\/em>:<\/strong><\/em>\u00a0\u201cPrograma de Identidad Cultural, Desarrollo del Ecoturismo y Conservaci\u00f3n del Medio Ambiente Marino\u00bb.<\/p>\n\n\n\n<div style=\"height:70px\" aria-hidden=\"true\" class=\"wp-block-spacer\"><\/div>\n\n\n\n<figure class=\"wp-block-table is-style-regular\"><table><tbody><tr><td><strong>Autor:<\/strong> <br>Ing. Pedro Montalv\u00e1n Acosta Mg.<br><strong>Co-Autor<\/strong>: <br>Lic. Gabriela Sion Saltos Mg.<\/td><\/tr><tr><\/tr><tr><\/tr><tr><\/tr><tr><\/tr><tr><\/tr><\/tbody><\/table><\/figure>\n\n\n\n<figure class=\"wp-block-table is-style-regular\"><table><tbody><tr><td><strong>Nombre de la Facultad o Unidad Acad\u00e9mica Responsable: <\/strong><br>Facultad de Hoteler\u00eda y Turismo<\/td><td><strong>Carrera: <\/strong><br>Turismo \/ Hospitalidad y Hoteler\u00eda<\/td><td><strong>Tipo Proyecto:<\/strong> <br>Vinculaci\u00f3n<\/td><\/tr><tr><\/tr><tr><\/tr><tr><\/tr><tr><td><strong>Dominio Acad\u00e9mico: <\/strong><br>Administraci\u00f3n<br>04 administraci\u00f3n de empresas y derecho<\/td><td><strong>L\u00ednea de Investigaci\u00f3n:<\/strong> <br>Gesti\u00f3n de la Calidad de los servicios<br>tur\u00edsticos y hoteleros<\/td><td><strong>Convenio: <\/strong><br>Convenio Marco de Cooperaci\u00f3n Interinstitucional entre la Universidad<br>Laica Eloy Alfaro de Manab\u00ed y el Gobierno Aut\u00f3nomo Descentralizado del Cant\u00f3n Manta.<\/td><\/tr><tr><\/tr><tr><\/tr><tr><\/tr><tr><td><strong>\u00c1rea del conocimiento: <\/strong><br>Servicios<\/td><td><strong>Sub\u00e1rea del conocimiento:<\/strong><br>Servicios tur\u00edsticos<\/td><td><strong>Sub\u00e1rea espec\u00edfica:<\/strong> <br>Guianza tur\u00edstica<\/td><\/tr><tr><\/tr><tr><\/tr><tr><\/tr><\/tbody><\/table><\/figure>\n\n\n\n<figure class=\"wp-block-table is-style-regular\"><table><tbody><tr><td><strong>Fecha Inicio: <\/strong><br>Abril 2022<\/td><td><strong>Fecha de Fin Planeado: <\/strong><br>Diciembre 2022<\/td><\/tr><tr><\/tr><tr><\/tr><tr><\/tr><\/tbody><\/table><\/figure>\n\n\n\n<p><strong>COBERTURA Y LOCALIZACI\u00d3N<\/strong><\/p>\n\n\n\n<figure class=\"wp-block-table is-style-regular\"><table><tbody><tr><td><strong>Cobertura: <\/strong><br>Cant\u00f3n Manta \u2013 Parroquias rurales (San Lorenzo y Santa Marianita)<\/td><td><strong>Zona de Planificaci\u00f3n: <\/strong><br>Zona rural del cant\u00f3n Manta. Parroquias San Lorenzo y Santa Marianita.<br>Comunidades: Liguiqui \u2013 San Lorenzo y<br>Pacoche<\/td><td><strong>Provincia:<\/strong><br>Manab\u00ed.<\/td><\/tr><tr><\/tr><tr><td><strong>Cant\u00f3n:<\/strong> <br>Manta<\/td><td><strong>Parroquia: <\/strong><br>San Lorenzo y Santa Marianita<\/td><td><strong>Barrios:<\/strong> <br>Liguiqui \u2013 San Lorenzo y Pacoche<\/td><\/tr><tr><\/tr><\/tbody><\/table><\/figure>\n\n\n\n<p><strong>PRESUPUESTO<\/strong><\/p>\n\n\n\n<figure class=\"wp-block-table is-style-regular\"><table><tbody><tr><td><strong>Presupuesto aporte ULEAM:<\/strong><br>$6.999,04<\/td><td><strong>Presupuesto entidad auspiciante\/beneficiaria:<\/strong>\u00a0<br>$ 00, 00<\/td><td><strong>Presupuesto Total: <\/strong><br>US $ 6.999,04<\/td><\/tr><tr><\/tr><tr><\/tr><tr><\/tr><\/tbody><\/table><\/figure>\n\n\n\n<div style=\"height:38px\" aria-hidden=\"true\" class=\"wp-block-spacer\"><\/div>\n\n\n\n<p><strong>OBJETIVO DEL PROYECTO<\/strong><\/p>\n\n\n\n<p class=\"has-text-align-center\"><strong><em>OBJETIVO GENERAL<\/em><\/strong><\/p>\n\n\n\n<figure class=\"wp-block-table is-style-regular\"><table><tbody><tr><td>Formar como gu\u00edas locales de turismo a los miembros vinculados al sector tur\u00edstico de las parroquias rurales y urbanas del cant\u00f3n Manta, para poner en valor y aprovechar los elementos del patrimonio natural y cultural, as\u00ed como aquellas que est\u00e1n en la zona de amortiguamiento de la Reserva de Vida Silvestre Marino Costera Pacoche.<\/td><\/tr><tr><\/tr><tr><\/tr><\/tbody><\/table><\/figure>\n\n\n\n<p class=\"has-text-align-center\"><strong><em>OBJETIVOS ESPEC\u00cdFICOS<\/em><\/strong><\/p>\n\n\n\n<figure class=\"wp-block-table is-style-regular\"><table><tbody><tr><td><strong>O.E1: <\/strong>Establecer el programa de capacitaci\u00f3n para \u201cGu\u00edas Locales\u201d seg\u00fan el Reglamento de Guianza Tur\u00edstica del Ecuador (2016) y acorde a las Pol\u00edticas de Capacitaci\u00f3n (2017) que el Ministerio de Turismo y Ministerio del Ambiente han establecido en el territorio nacional.<br><br><strong>O.E2: <\/strong>Ejecutar el programa acad\u00e9mico de guianza tur\u00edstica local seg\u00fan la malla acad\u00e9mica establecida acorde a la realidad del sector que brinda el servicio de guianza en la zona rural del cant\u00f3n Manta para promover un desarrollo tur\u00edstico formal, eficiente y eficaz.<br><br><strong>O.E3:<\/strong> Evaluar el proceso de formaci\u00f3n del recurso humano en el \u00e1rea de guianza tur\u00edstica locales y monitorear los servicios que brindan en la zona rural de Manta.<\/td><\/tr><tr><\/tr><tr><\/tr><tr><\/tr><tr><\/tr><tr><\/tr><\/tbody><\/table><\/figure>\n\n\n\n<div style=\"height:38px\" aria-hidden=\"true\" class=\"wp-block-spacer\"><\/div>\n\n\n\n<div class=\"wp-block-file aligncenter\"><a href=\"https:\/\/departamentos.uleam.edu.ec\/vinculacion-colectividad\/files\/2022\/08\/PROYECTO-GUIAS-APROBADO.pdf\" class=\"wp-block-file__button\" download>Descarga<\/a><\/div>\n","protected":false},"excerpt":{"rendered":"<p>PER\u00cdODO 2022 Proyecto de Transferencia Social del Conocimiento L\u00cdNEA DE VINCULACI\u00d3N:\u00a0\u201cPrograma de Identidad Cultural, Desarrollo del Ecoturismo y Conservaci\u00f3n del Medio Ambiente Marino\u00bb. Autor: Ing. Pedro Montalv\u00e1n Acosta Mg.Co-Autor: Lic. Gabriela Sion<a class=\"moretag\" href=\"https:\/\/departamentos.uleam.edu.ec\/vinculacion-colectividad\/https-departamentos-uleam-edu-ec-vinculacion-colectividad-proyectos2022-proyecto-para-la-acreditacion-de-guias-locales-de-las-zonas-urbanas-y-rurales-del-canton-manta\/\">Leer m\u00e1s&#8230;<\/a><\/p>\n","protected":false},"author":124,"featured_media":0,"parent":0,"menu_order":0,"comment_status":"closed","ping_status":"closed","template":"","meta":{"footnotes":"","_links_to":"","_links_to_target":""},"class_list":["post-4424","page","type-page","status-publish","hentry"],"_links":{"self":[{"href":"https:\/\/departamentos.uleam.edu.ec\/vinculacion-colectividad\/wp-json\/wp\/v2\/pages\/4424","targetHints":{"allow":["GET"]}}],"collection":[{"href":"https:\/\/departamentos.uleam.edu.ec\/vinculacion-colectividad\/wp-json\/wp\/v2\/pages"}],"about":[{"href":"https:\/\/departamentos.uleam.edu.ec\/vinculacion-colectividad\/wp-json\/wp\/v2\/types\/page"}],"author":[{"embeddable":true,"href":"https:\/\/departamentos.uleam.edu.ec\/vinculacion-colectividad\/wp-json\/wp\/v2\/users\/124"}],"replies":[{"embeddable":true,"href":"https:\/\/departamentos.uleam.edu.ec\/vinculacion-colectividad\/wp-json\/wp\/v2\/comments?post=4424"}],"version-history":[{"count":5,"href":"https:\/\/departamentos.uleam.edu.ec\/vinculacion-colectividad\/wp-json\/wp\/v2\/pages\/4424\/revisions"}],"predecessor-version":[{"id":4867,"href":"https:\/\/departamentos.uleam.edu.ec\/vinculacion-colectividad\/wp-json\/wp\/v2\/pages\/4424\/revisions\/4867"}],"wp:attachment":[{"href":"https:\/\/departamentos.uleam.edu.ec\/vinculacion-colectividad\/wp-json\/wp\/v2\/media?parent=4424"}],"curies":[{"name":"wp","href":"https:\/\/api.w.org\/{rel}","templated":true}]}}

Proyecto para la Acreditación de Guías Locales de las zonas rurales del cantón Manta.

<p class="has-text-align-center" style="font-size:24px">PERÍODO 2022</p>



<p style="font-size:18px">Proyecto de Transferencia Social del Conocimiento</p>



<p style="font-size:18px"><em><strong>LÍNEA DE VINCULACI<em>ÓN</em>:</strong></em> “Programa de Identidad Cultural, Desarrollo del Ecoturismo y Conservación del Medio Ambiente Marino».</p>



<div style="height:70px" aria-hidden="true" class="wp-block-spacer"></div>



<figure class="wp-block-table is-style-regular"><table><tbody><tr><td><strong>Autor:</strong> <br>Ing. Pedro Montalván Acosta Mg.<br><strong>Co-Autor</strong>: <br>Lic. Gabriela Sion Saltos Mg.</td></tr><tr></tr><tr></tr><tr></tr><tr></tr><tr></tr></tbody></table></figure>



<figure class="wp-block-table is-style-regular"><table><tbody><tr><td><strong>Nombre de la Facultad o Unidad Académica Responsable: </strong><br>Facultad de Hotelería y Turismo</td><td><strong>Carrera: </strong><br>Turismo / Hospitalidad y Hotelería</td><td><strong>Tipo Proyecto:</strong> <br>Vinculación</td></tr><tr></tr><tr></tr><tr></tr><tr><td><strong>Dominio Académico: </strong><br>Administración<br>04 administración de empresas y derecho</td><td><strong>Línea de Investigación:</strong> <br>Gestión de la Calidad de los servicios<br>turísticos y hoteleros</td><td><strong>Convenio: </strong><br>Convenio Marco de Cooperación Interinstitucional entre la Universidad<br>Laica Eloy Alfaro de Manabí y el Gobierno Autónomo Descentralizado del Cantón Manta.</td></tr><tr></tr><tr></tr><tr></tr><tr><td><strong>Área del conocimiento: </strong><br>Servicios</td><td><strong>Subárea del conocimiento:</strong><br>Servicios turísticos</td><td><strong>Subárea específica:</strong> <br>Guianza turística</td></tr><tr></tr><tr></tr><tr></tr></tbody></table></figure>



<figure class="wp-block-table is-style-regular"><table><tbody><tr><td><strong>Fecha Inicio: </strong><br>Abril 2022</td><td><strong>Fecha de Fin Planeado: </strong><br>Diciembre 2022</td></tr><tr></tr><tr></tr><tr></tr></tbody></table></figure>



<p><strong>COBERTURA Y LOCALIZACIÓN</strong></p>



<figure class="wp-block-table is-style-regular"><table><tbody><tr><td><strong>Cobertura: </strong><br>Cantón Manta – Parroquias rurales (San Lorenzo y Santa Marianita)</td><td><strong>Zona de Planificación: </strong><br>Zona rural del cantón Manta. Parroquias San Lorenzo y Santa Marianita.<br>Comunidades: Liguiqui – San Lorenzo y<br>Pacoche</td><td><strong>Provincia:</strong><br>Manabí.</td></tr><tr></tr><tr><td><strong>Cantón:</strong> <br>Manta</td><td><strong>Parroquia: </strong><br>San Lorenzo y Santa Marianita</td><td><strong>Barrios:</strong> <br>Liguiqui – San Lorenzo y Pacoche</td></tr><tr></tr></tbody></table></figure>



<p><strong>PRESUPUESTO</strong></p>



<figure class="wp-block-table is-style-regular"><table><tbody><tr><td><strong>Presupuesto aporte ULEAM:</strong><br>$6.999,04</td><td><strong>Presupuesto entidad auspiciante/beneficiaria:</strong> <br>$ 00, 00</td><td><strong>Presupuesto Total: </strong><br>US $ 6.999,04</td></tr><tr></tr><tr></tr><tr></tr></tbody></table></figure>



<div style="height:38px" aria-hidden="true" class="wp-block-spacer"></div>



<p><strong>OBJETIVO DEL PROYECTO</strong></p>



<p class="has-text-align-center"><strong><em>OBJETIVO GENERAL</em></strong></p>



<figure class="wp-block-table is-style-regular"><table><tbody><tr><td>Formar como guías locales de turismo a los miembros vinculados al sector turístico de las parroquias rurales y urbanas del cantón Manta, para poner en valor y aprovechar los elementos del patrimonio natural y cultural, así como aquellas que están en la zona de amortiguamiento de la Reserva de Vida Silvestre Marino Costera Pacoche.</td></tr><tr></tr><tr></tr></tbody></table></figure>



<p class="has-text-align-center"><strong><em>OBJETIVOS ESPECÍFICOS</em></strong></p>



<figure class="wp-block-table is-style-regular"><table><tbody><tr><td><strong>O.E1: </strong>Establecer el programa de capacitación para “Guías Locales” según el Reglamento de Guianza Turística del Ecuador (2016) y acorde a las Políticas de Capacitación (2017) que el Ministerio de Turismo y Ministerio del Ambiente han establecido en el territorio nacional.<br><br><strong>O.E2: </strong>Ejecutar el programa académico de guianza turística local según la malla académica establecida acorde a la realidad del sector que brinda el servicio de guianza en la zona rural del cantón Manta para promover un desarrollo turístico formal, eficiente y eficaz.<br><br><strong>O.E3:</strong> Evaluar el proceso de formación del recurso humano en el área de guianza turística locales y monitorear los servicios que brindan en la zona rural de Manta.</td></tr><tr></tr><tr></tr><tr></tr><tr></tr><tr></tr></tbody></table></figure>



<div style="height:38px" aria-hidden="true" class="wp-block-spacer"></div>



<div class="wp-block-file aligncenter"><a href="https://departamentos.uleam.edu.ec/vinculacion-colectividad/files/2022/08/PROYECTO-GUIAS-APROBADO.pdf" class="wp-block-file__button" download>Descarga</a></div>

<p>PERÍODO 2022 Proyecto de Transferencia Social del Conocimiento LÍNEA DE VINCULACIÓN: “Programa de Identidad Cultural, Desarrollo del Ecoturismo y Conservación del Medio Ambiente Marino». Autor: Ing. Pedro Montalván Acosta Mg.Co-Autor: Lic. Gabriela Sion<a class="moretag" href="https://departamentos.uleam.edu.ec/vinculacion-colectividad/https-departamentos-uleam-edu-ec-vinculacion-colectividad-proyectos2022-proyecto-para-la-acreditacion-de-guias-locales-de-las-zonas-urbanas-y-rurales-del-canton-manta/">Leer más&#8230;</a></p>
