{"id":5088,"date":"2022-09-20T11:49:49","date_gmt":"2022-09-20T16:49:49","guid":{"rendered":"https:\/\/departamentos.uleam.edu.ec\/vinculacion-colectividad\/?page_id=5088"},"modified":"2022-09-20T11:52:40","modified_gmt":"2022-09-20T16:52:40","slug":"https-departamentos-uleam-edu-ec-vinculacion-colectividad-talento-humano-2-dr-presley-idulfo-loor-munoz","status":"publish","type":"page","link":"https:\/\/departamentos.uleam.edu.ec\/vinculacion-colectividad\/https-departamentos-uleam-edu-ec-vinculacion-colectividad-talento-humano-2-dr-presley-idulfo-loor-munoz\/","title":{"rendered":"Dr. Presley Idulfo Loor Mu\u00f1oz"},"content":{"rendered":"\n<div class=\"wp-block-image\"><figure class=\"aligncenter is-resized\"><img fetchpriority=\"high\" decoding=\"async\" src=\"https:\/\/departamentos.uleam.edu.ec\/vinculacion-colectividad\/files\/2022\/09\/WhatsApp-Image-2022-09-20-at-10.01.18-1024x683.jpeg\" alt=\"\" class=\"wp-image-5078\" width=\"434\" height=\"289\" srcset=\"https:\/\/departamentos.uleam.edu.ec\/vinculacion-colectividad\/files\/2022\/09\/WhatsApp-Image-2022-09-20-at-10.01.18-1024x683.jpeg 1024w, https:\/\/departamentos.uleam.edu.ec\/vinculacion-colectividad\/files\/2022\/09\/WhatsApp-Image-2022-09-20-at-10.01.18-300x200.jpeg 300w, https:\/\/departamentos.uleam.edu.ec\/vinculacion-colectividad\/files\/2022\/09\/WhatsApp-Image-2022-09-20-at-10.01.18-768x512.jpeg 768w, https:\/\/departamentos.uleam.edu.ec\/vinculacion-colectividad\/files\/2022\/09\/WhatsApp-Image-2022-09-20-at-10.01.18-1536x1024.jpeg 1536w, https:\/\/departamentos.uleam.edu.ec\/vinculacion-colectividad\/files\/2022\/09\/WhatsApp-Image-2022-09-20-at-10.01.18.jpeg 1599w\" sizes=\"(max-width: 434px) 100vw, 434px\" \/><\/figure><\/div>\n\n\n\n<p>Magister en Administraci\u00f3n de Empresas, menci\u00f3n Direcci\u00f3n Financiera y en Derecho Constitucional. PhD en Administraci\u00f3n (Candidato) UNMSM. Especialista superior en Derecho Procesal y en Competencias y Gesti\u00f3n del Conocimiento. Diplomado en Derecho Notarial y Registral; Egresado de la maestr\u00eda en Gerencia Empresarial menci\u00f3n Formulaci\u00f3n, Gesti\u00f3n, Ejecuci\u00f3n y Evaluaci\u00f3n de Proyectos (en titulaci\u00f3n); egresado de la maestr\u00eda en Derecho Notarial y Registral (en titulaci\u00f3n); licenciado en Ciencias Pol\u00edticas y Sociales; Abogado; Doctor en Jurisprudencia; Docente en la Universidad Laica Eloy Alfaro de Manab\u00ed.<\/p>\n","protected":false},"excerpt":{"rendered":"<p>Magister en Administraci\u00f3n de Empresas, menci\u00f3n Direcci\u00f3n Financiera y en Derecho Constitucional. PhD en Administraci\u00f3n (Candidato) UNMSM. Especialista superior en Derecho Procesal y en Competencias y Gesti\u00f3n del Conocimiento. Diplomado en Derecho<a class=\"moretag\" href=\"https:\/\/departamentos.uleam.edu.ec\/vinculacion-colectividad\/https-departamentos-uleam-edu-ec-vinculacion-colectividad-talento-humano-2-dr-presley-idulfo-loor-munoz\/\">Leer m\u00e1s&#8230;<\/a><\/p>\n","protected":false},"author":124,"featured_media":0,"parent":0,"menu_order":0,"comment_status":"closed","ping_status":"closed","template":"","meta":{"footnotes":"","_links_to":"","_links_to_target":""},"class_list":["post-5088","page","type-page","status-publish","hentry"],"_links":{"self":[{"href":"https:\/\/departamentos.uleam.edu.ec\/vinculacion-colectividad\/wp-json\/wp\/v2\/pages\/5088","targetHints":{"allow":["GET"]}}],"collection":[{"href":"https:\/\/departamentos.uleam.edu.ec\/vinculacion-colectividad\/wp-json\/wp\/v2\/pages"}],"about":[{"href":"https:\/\/departamentos.uleam.edu.ec\/vinculacion-colectividad\/wp-json\/wp\/v2\/types\/page"}],"author":[{"embeddable":true,"href":"https:\/\/departamentos.uleam.edu.ec\/vinculacion-colectividad\/wp-json\/wp\/v2\/users\/124"}],"replies":[{"embeddable":true,"href":"https:\/\/departamentos.uleam.edu.ec\/vinculacion-colectividad\/wp-json\/wp\/v2\/comments?post=5088"}],"version-history":[{"count":3,"href":"https:\/\/departamentos.uleam.edu.ec\/vinculacion-colectividad\/wp-json\/wp\/v2\/pages\/5088\/revisions"}],"predecessor-version":[{"id":5092,"href":"https:\/\/departamentos.uleam.edu.ec\/vinculacion-colectividad\/wp-json\/wp\/v2\/pages\/5088\/revisions\/5092"}],"wp:attachment":[{"href":"https:\/\/departamentos.uleam.edu.ec\/vinculacion-colectividad\/wp-json\/wp\/v2\/media?parent=5088"}],"curies":[{"name":"wp","href":"https:\/\/api.w.org\/{rel}","templated":true}]}}