{"id":5645,"date":"2024-03-14T12:02:39","date_gmt":"2024-03-14T17:02:39","guid":{"rendered":"https:\/\/departamentos.uleam.edu.ec\/vinculacion-colectividad\/?page_id=5645"},"modified":"2024-03-14T15:59:17","modified_gmt":"2024-03-14T20:59:17","slug":"servicios-de-operacion-y-o-mantenimiento-de-tecnologias-biomedicas-que-posibilite-el-funcionamiento-de-los-equipos-en-la-cruz-roja-ecuatoriana-laboratorios-y-unidades-de-salud-localizadas-en-cantones","status":"publish","type":"page","link":"https:\/\/departamentos.uleam.edu.ec\/vinculacion-colectividad\/servicios-de-operacion-y-o-mantenimiento-de-tecnologias-biomedicas-que-posibilite-el-funcionamiento-de-los-equipos-en-la-cruz-roja-ecuatoriana-laboratorios-y-unidades-de-salud-localizadas-en-cantones\/","title":{"rendered":"Servicios de operaci\u00f3n y\/o mantenimiento de tecnolog\u00edas biom\u00e9dicas que posibilite el funcionamiento de los equipos en la Cruz Roja Ecuatoriana, laboratorios y unidades de salud localizadas en cantones de influencia de la UAFTT-ULEAM"},"content":{"rendered":"\n\n<h3 class=\"is-vertical is-layout-flex wp-container-core-group-is-layout-8cf370e7 wp-block-group-is-layout-flex\" style=\"text-align: center\"><strong>PER\u00cdODO 2023 \u2013 2025<\/strong><\/h3>\n<p>\n\n\n<\/p>\n<h2 style=\"text-align: center\"><strong>Proyecto de Vinculaci\u00f3n y Emprendimiento<\/strong><\/h2>\n<p>\n\n<\/p>\n\n\n\n<p><strong><em>L\u00cdNEA DE VINCULACI\u00d3N:<\/em><\/strong> \u201cAtenci\u00f3n primaria en salud.\u201d.<\/p>\n\n\n\n<p>&nbsp;<\/p>\n\n\n\n<p>&nbsp;<\/p>\n\n\n\n<figure>\n<table>\n<tbody>\n<tr>\n<td><strong>Nombre de la Facultad o<\/strong> <strong>Unidad Acad\u00e9mica<\/strong> <strong>responsable:<\/strong><br \/>Unidad Acad\u00e9mica de Formaci\u00f3n T\u00e9cnica y Tecnol\u00f3gica<\/td>\n<td><strong>Carrera:<\/strong><br \/>Explotaci\u00f3n y mantenimiento de Equipos Biom\u00e9dicos<\/td>\n<td><strong>Tipo Proyecto:<\/strong><br \/>Vinculaci\u00f3n<\/td>\n<\/tr>\n<tr>\n<td><strong>Dominio Acad\u00e9mico:<\/strong><br \/>Econom\u00eda social y solidaria para el buen vivir<\/td>\n<td><strong>Dominio Acad\u00e9mico:<\/strong><br \/>Econom\u00eda social y solidaria para el buen vivir<\/td>\n<td><strong>Convenio:<\/strong><br \/>Convenio espec\u00edfico de cooperaci\u00f3n interinstitucional acad\u00e9mico entre la Universidad Laica \u201cEloy Alfaro\u201d de Manab\u00ed y Cruz Roja Ecuatoriana.<\/td>\n<\/tr>\n<\/tbody>\n<\/table>\n<\/figure>\n\n\n\n<figure>\n<table>\n<tbody>\n<tr>\n<td><strong>Fecha Inicio: <\/strong><br \/>Junio 2023<\/td>\n<td data-align=\"left\"><strong>Fecha de Fin Planeado: <\/strong><br \/>Junio 2025<\/td>\n<\/tr>\n<\/tbody>\n<\/table>\n<\/figure>\n\n\n\n<p><strong>COBERTURA Y LOCALIZACI\u00d3N<\/strong><\/p>\n\n\n\n<figure>\n<table>\n<tbody>\n<tr>\n<td><strong>Cobertura:<\/strong> Provincial,<\/td>\n<td><strong>Zona de Planificaci\u00f3n: Zona 4: <\/strong>Manab\u00ed, Santo Domingo de los Ts\u00e1chilas.<\/td>\n<td><strong>Provincia:<\/strong> Manab\u00ed<\/td>\n<\/tr>\n<tr>\n<td><strong>Cant\u00f3n:<\/strong> TosaguaChone \u00a0<\/td>\n<td><strong>Parroquias:<\/strong> Parroquias de influencia \u00a0<\/td>\n<td><strong>Barrios:<\/strong> Donde se localicen los predios de Cuerpo de Bomberos, Cruz Roja y Centros de Salud<\/td>\n<\/tr>\n<\/tbody>\n<\/table>\n<\/figure>\n\n\n\n<p><strong>PRESUPUESTO<\/strong><\/p>\n\n\n\n<figure>\n<table>\n<tbody>\n<tr>\n<td><strong>Presupuesto aporte ULEAM:<\/strong> <strong>\u00a0<\/strong> $10.000,00<\/td>\n<td><strong>Presupuesto aporte Aliados Estrat\u00e9gicos:<\/strong> $0,00<\/td>\n<td><strong>Presupuesto Total:<\/strong> <strong>\u00a0<\/strong> $10.000,00<\/td>\n<\/tr>\n<\/tbody>\n<\/table>\n<\/figure>\n\n\n\n<p class=\"has-text-align-center\">\u00a0<strong>OBJETIVO GENERAL<\/strong><\/p>\n\n\n\n<figure>\n<table>\n<tbody>\n<tr>\n<td>Asistir t\u00e9cnicamente en los procesos de operaci\u00f3n y\/o mantenimiento de tecnolog\u00edas biom\u00e9dicas que posibilite el funcionamiento de los equipos en la Cruz Roja Ecuatoriana, laboratorios y unidades de salud localizadas en cantones de influencia de la UAFTT-ULEAM.<\/td>\n<\/tr>\n<\/tbody>\n<\/table>\n<\/figure>\n\n\n\n<p><strong><em>OBJETIVOS ESPEC\u00cdFICOS<\/em><\/strong><\/p>\n<p>\n\n\n\n<\/p>\n<figure>\n<table>\n<tbody>\n<tr>\n<td><strong>O.E1:<\/strong> Determinar la situaci\u00f3n actual de los procesos de operaci\u00f3n y\/o mantenimiento de equipos biom\u00e9dicos en la Cruz Roja Ecuatoriana, laboratorios y unidades de salud.<br \/>\u00a0<br \/><strong>O.E2:<\/strong> Mejorar los servicios que brindan los equipos biom\u00e9dicos, mediante la implementaci\u00f3n y ejecuci\u00f3n de planes de trabajo a nivel operativo y\/o de mantenimiento.<br \/>\u00a0<br \/><strong>O.E3:<\/strong> Monitorear los equipos intervenidos y los servicios que estos brindan.<\/td>\n<\/tr>\n<\/tbody>\n<\/table>\n<\/figure>\n<p>\n\n\n\n<\/p>\n<a id=\"wp-block-file--media-bb59cae9-d3be-46a1-af91-4b093fac7a1e\" href=\"https:\/\/departamentos.uleam.edu.ec\/vinculacion-colectividad\/files\/2024\/03\/Servicios-de-operacion-yo-mantenimiento-de-tecnologia.pdf\" target=\"_blank\" rel=\"noreferrer noopener\">Servicios-de-operacion-yo-mantenimiento-de-tecnologia<\/a><a href=\"https:\/\/departamentos.uleam.edu.ec\/vinculacion-colectividad\/files\/2024\/03\/Servicios-de-operacion-yo-mantenimiento-de-tecnologia.pdf\" aria-describedby=\"wp-block-file--media-bb59cae9-d3be-46a1-af91-4b093fac7a1e\">Descarga<\/a>\n<p>\n\n\n<\/p>","protected":false},"excerpt":{"rendered":"<p>PER\u00cdODO 2023 \u2013 2025 Proyecto de Vinculaci\u00f3n y Emprendimiento L\u00cdNEA DE VINCULACI\u00d3N: \u201cAtenci\u00f3n primaria en salud.\u201d. &nbsp; &nbsp; Nombre de la Facultad o Unidad Acad\u00e9mica responsable:Unidad Acad\u00e9mica de Formaci\u00f3n T\u00e9cnica y Tecnol\u00f3gica<a class=\"moretag\" href=\"https:\/\/departamentos.uleam.edu.ec\/vinculacion-colectividad\/servicios-de-operacion-y-o-mantenimiento-de-tecnologias-biomedicas-que-posibilite-el-funcionamiento-de-los-equipos-en-la-cruz-roja-ecuatoriana-laboratorios-y-unidades-de-salud-localizadas-en-cantones\/\">Leer m\u00e1s&#8230;<\/a><\/p>\n","protected":false},"author":124,"featured_media":0,"parent":0,"menu_order":0,"comment_status":"closed","ping_status":"closed","template":"","meta":{"footnotes":"","_links_to":"","_links_to_target":""},"class_list":["post-5645","page","type-page","status-publish","hentry"],"_links":{"self":[{"href":"https:\/\/departamentos.uleam.edu.ec\/vinculacion-colectividad\/wp-json\/wp\/v2\/pages\/5645","targetHints":{"allow":["GET"]}}],"collection":[{"href":"https:\/\/departamentos.uleam.edu.ec\/vinculacion-colectividad\/wp-json\/wp\/v2\/pages"}],"about":[{"href":"https:\/\/departamentos.uleam.edu.ec\/vinculacion-colectividad\/wp-json\/wp\/v2\/types\/page"}],"author":[{"embeddable":true,"href":"https:\/\/departamentos.uleam.edu.ec\/vinculacion-colectividad\/wp-json\/wp\/v2\/users\/124"}],"replies":[{"embeddable":true,"href":"https:\/\/departamentos.uleam.edu.ec\/vinculacion-colectividad\/wp-json\/wp\/v2\/comments?post=5645"}],"version-history":[{"count":15,"href":"https:\/\/departamentos.uleam.edu.ec\/vinculacion-colectividad\/wp-json\/wp\/v2\/pages\/5645\/revisions"}],"predecessor-version":[{"id":5666,"href":"https:\/\/departamentos.uleam.edu.ec\/vinculacion-colectividad\/wp-json\/wp\/v2\/pages\/5645\/revisions\/5666"}],"wp:attachment":[{"href":"https:\/\/departamentos.uleam.edu.ec\/vinculacion-colectividad\/wp-json\/wp\/v2\/media?parent=5645"}],"curies":[{"name":"wp","href":"https:\/\/api.w.org\/{rel}","templated":true}]}}

Servicios de operación y/o mantenimiento de tecnologías biomédicas que posibilite el funcionamiento de los equipos en la Cruz Roja Ecuatoriana, laboratorios y unidades de salud localizadas en cantones de influencia de la UAFTT-ULEAM

<h3 class="is-vertical is-layout-flex wp-container-core-group-is-layout-8cf370e7 wp-block-group-is-layout-flex" style="text-align: center"><strong>PERÍODO 2023 – 2025</strong></h3>
<p>


</p>
<h2 style="text-align: center"><strong>Proyecto de Vinculación y Emprendimiento</strong></h2>
<p>

</p>



<p><strong><em>LÍNEA DE VINCULACIÓN:</em></strong> “Atención primaria en salud.”.</p>



<p>&nbsp;</p>



<p>&nbsp;</p>



<figure>
<table>
<tbody>
<tr>
<td><strong>Nombre de la Facultad o</strong> <strong>Unidad Académica</strong> <strong>responsable:</strong><br />Unidad Académica de Formación Técnica y Tecnológica</td>
<td><strong>Carrera:</strong><br />Explotación y mantenimiento de Equipos Biomédicos</td>
<td><strong>Tipo Proyecto:</strong><br />Vinculación</td>
</tr>
<tr>
<td><strong>Dominio Académico:</strong><br />Economía social y solidaria para el buen vivir</td>
<td><strong>Dominio Académico:</strong><br />Economía social y solidaria para el buen vivir</td>
<td><strong>Convenio:</strong><br />Convenio específico de cooperación interinstitucional académico entre la Universidad Laica “Eloy Alfaro” de Manabí y Cruz Roja Ecuatoriana.</td>
</tr>
</tbody>
</table>
</figure>



<figure>
<table>
<tbody>
<tr>
<td><strong>Fecha Inicio: </strong><br />Junio 2023</td>
<td data-align="left"><strong>Fecha de Fin Planeado: </strong><br />Junio 2025</td>
</tr>
</tbody>
</table>
</figure>



<p><strong>COBERTURA Y LOCALIZACIÓN</strong></p>



<figure>
<table>
<tbody>
<tr>
<td><strong>Cobertura:</strong> Provincial,</td>
<td><strong>Zona de Planificación: Zona 4: </strong>Manabí, Santo Domingo de los Tsáchilas.</td>
<td><strong>Provincia:</strong> Manabí</td>
</tr>
<tr>
<td><strong>Cantón:</strong> TosaguaChone  </td>
<td><strong>Parroquias:</strong> Parroquias de influencia  </td>
<td><strong>Barrios:</strong> Donde se localicen los predios de Cuerpo de Bomberos, Cruz Roja y Centros de Salud</td>
</tr>
</tbody>
</table>
</figure>



<p><strong>PRESUPUESTO</strong></p>



<figure>
<table>
<tbody>
<tr>
<td><strong>Presupuesto aporte ULEAM:</strong> <strong> </strong> $10.000,00</td>
<td><strong>Presupuesto aporte Aliados Estratégicos:</strong> $0,00</td>
<td><strong>Presupuesto Total:</strong> <strong> </strong> $10.000,00</td>
</tr>
</tbody>
</table>
</figure>



<p class="has-text-align-center"> <strong>OBJETIVO GENERAL</strong></p>



<figure>
<table>
<tbody>
<tr>
<td>Asistir técnicamente en los procesos de operación y/o mantenimiento de tecnologías biomédicas que posibilite el funcionamiento de los equipos en la Cruz Roja Ecuatoriana, laboratorios y unidades de salud localizadas en cantones de influencia de la UAFTT-ULEAM.</td>
</tr>
</tbody>
</table>
</figure>



<p><strong><em>OBJETIVOS ESPECÍFICOS</em></strong></p>
<p>



</p>
<figure>
<table>
<tbody>
<tr>
<td><strong>O.E1:</strong> Determinar la situación actual de los procesos de operación y/o mantenimiento de equipos biomédicos en la Cruz Roja Ecuatoriana, laboratorios y unidades de salud.<br /> <br /><strong>O.E2:</strong> Mejorar los servicios que brindan los equipos biomédicos, mediante la implementación y ejecución de planes de trabajo a nivel operativo y/o de mantenimiento.<br /> <br /><strong>O.E3:</strong> Monitorear los equipos intervenidos y los servicios que estos brindan.</td>
</tr>
</tbody>
</table>
</figure>
<p>



</p>
<a id="wp-block-file--media-bb59cae9-d3be-46a1-af91-4b093fac7a1e" href="https://departamentos.uleam.edu.ec/vinculacion-colectividad/files/2024/03/Servicios-de-operacion-yo-mantenimiento-de-tecnologia.pdf" target="_blank" rel="noreferrer noopener">Servicios-de-operacion-yo-mantenimiento-de-tecnologia</a><a href="https://departamentos.uleam.edu.ec/vinculacion-colectividad/files/2024/03/Servicios-de-operacion-yo-mantenimiento-de-tecnologia.pdf" aria-describedby="wp-block-file--media-bb59cae9-d3be-46a1-af91-4b093fac7a1e">Descarga</a>
<p>


</p>

<p>PERÍODO 2023 – 2025 Proyecto de Vinculación y Emprendimiento LÍNEA DE VINCULACIÓN: “Atención primaria en salud.”. &nbsp; &nbsp; Nombre de la Facultad o Unidad Académica responsable:Unidad Académica de Formación Técnica y Tecnológica<a class="moretag" href="https://departamentos.uleam.edu.ec/vinculacion-colectividad/servicios-de-operacion-y-o-mantenimiento-de-tecnologias-biomedicas-que-posibilite-el-funcionamiento-de-los-equipos-en-la-cruz-roja-ecuatoriana-laboratorios-y-unidades-de-salud-localizadas-en-cantones/">Leer más&#8230;</a></p>
