{"id":5675,"date":"2024-03-19T10:26:51","date_gmt":"2024-03-19T15:26:51","guid":{"rendered":"https:\/\/departamentos.uleam.edu.ec\/vinculacion-colectividad\/?page_id=5675"},"modified":"2024-03-19T10:26:52","modified_gmt":"2024-03-19T15:26:52","slug":"servicios-y-soluciones-tecnologicas-vinculantes-con-la-sociedad-de-manabi","status":"publish","type":"page","link":"https:\/\/departamentos.uleam.edu.ec\/vinculacion-colectividad\/servicios-y-soluciones-tecnologicas-vinculantes-con-la-sociedad-de-manabi\/","title":{"rendered":"Servicios y soluciones tecnol\u00f3gicas vinculantes con la sociedad de Manab\u00ed"},"content":{"rendered":"\n<p class=\"has-text-align-center\">PER\u00cdODO ACAD\u00c9MICO 2023-2025<\/p>\n\n\n\n<p><strong>Proyecto Multidisciplinario de Vinculaci\u00f3n y Emprendimiento<\/strong><\/p>\n\n\n\n<p><\/p>\n\n\n\n<figure class=\"wp-block-table is-style-regular\"><table class=\"has-fixed-layout\"><tbody><tr><td><strong>L\u00cdDER DE PROYECTO<\/strong><br><strong>Ing. Adriana Virginia Mac\u00edas Espinales, Mg.<\/strong><\/td><\/tr><tr><td><strong>DECANA<\/strong><br><strong>Lic. Dolores Esperanza Mu\u00f1oz Verduga, PhD.<\/strong><br><strong>DIRECTOR DE CARRERAS<\/strong><br><strong>Ing. Armando Gilberto Franco Pico, Mg.<\/strong><\/td><\/tr><\/tbody><\/table><\/figure>\n\n\n\n<figure class=\"wp-block-table is-style-regular\"><table class=\"has-fixed-layout\"><tbody><tr><td><strong>Nombre de la Facultad o Unidad Acad\u00e9mica responsable:<\/strong> Facultad de Ciencias de la Vida y Tecnolog\u00edas.<\/td><td><strong>Carrera:<\/strong> Ingenier\u00eda en Sistemas.Tecnolog\u00edas de la Informaci\u00f3n.Software.<\/td><td><strong>Tipo Proyecto:<\/strong> Proyecto de &nbsp;vinculaci\u00f3n.<strong><\/strong><\/td><\/tr><tr><td><strong>Dominio Acad\u00e9mico:<\/strong> Tecnolog\u00eda.<\/td><td><strong>L\u00ednea de Investigaci\u00f3n:<\/strong> Comunicaci\u00f3n, Inform\u00e1tica y Tecnolog\u00eda de la Informaci\u00f3n y la Comunicaci\u00f3n.<strong><\/strong><\/td><td><strong>Convenio:<\/strong> Gobierno Provincial de Manab\u00ed y GADs de municipios de Manab\u00ed.<strong><\/strong><\/td><\/tr><tr><td><strong>\u00c1rea del conocimiento:<\/strong> Ciencias.<\/td><td><strong>Sub\u00e1rea del conocimiento:<\/strong> Inform\u00e1tica.<strong><\/strong><\/td><td><strong>Sub\u00e1rea especifica:<\/strong> Programaci\u00f3n inform\u00e1tica.<strong><\/strong><\/td><\/tr><tr><td colspan=\"3\"><strong>Fecha Inicio<\/strong> Abril 2023.<strong><\/strong> <strong>Fecha de Fin Planeado<\/strong> Diciembre 2025.<strong><\/strong><\/td><\/tr><tr><td colspan=\"3\"><strong>Objetivos del Plan de Creaci\u00f3n de Oportunidades 2021-2025 de Ecuador:<\/strong> <strong>Objetivos del Eje Social:<\/strong> Objetivo 5. Proteger a las familias, garantizar sus derechos y servicios, erradicar la pobreza y promover la inclusi\u00f3n social.Objetivo 7. Potenciar las capacidades de la ciudadan\u00eda y promover una educaci\u00f3n innovadora, inclusiva y de calidad en todos los niveles.Objetivo 8. Generar nuevas oportunidades y bienestar para las zonas rurales, con \u00e9nfasis en pueblos y nacionalidades.<\/td><\/tr><\/tbody><\/table><\/figure>\n\n\n\n<figure class=\"wp-block-table is-style-regular\"><table><tbody><tr><td><strong>Cobertura:<\/strong> Provincial.<strong><\/strong><\/td><td><strong>Zona de Planificaci\u00f3n:<\/strong> Zona 4: Manab\u00ed, Santo Domingo de los Ts\u00e1chilas.<strong><\/strong><\/td><td><strong>Provincia:<\/strong> Manab\u00ed.<strong><\/strong><\/td><\/tr><tr><td><strong>Cant\u00f3n:<\/strong> Todos de Manab\u00ed.<strong><\/strong><\/td><td><strong>Parroquia:<\/strong> Todos de Manab\u00ed.<strong><\/strong><\/td><td><strong>Barrios:<\/strong> Todos de Manab\u00ed.<strong><\/strong><\/td><\/tr><\/tbody><\/table><\/figure>\n\n\n\n<div class=\"wp-block-file\"><a href=\"https:\/\/departamentos.uleam.edu.ec\/vinculacion-colectividad\/files\/2024\/03\/SERVICIOS-Y-SOLUCIONES-TECNOLOGICAS.pdf\" class=\"wp-block-file__button wp-element-button\" download>Descarga<\/a><\/div>\n","protected":false},"excerpt":{"rendered":"<p>PER\u00cdODO ACAD\u00c9MICO 2023-2025 Proyecto Multidisciplinario de Vinculaci\u00f3n y Emprendimiento L\u00cdDER DE PROYECTOIng. Adriana Virginia Mac\u00edas Espinales, Mg. DECANALic. Dolores Esperanza Mu\u00f1oz Verduga, PhD.DIRECTOR DE CARRERASIng. Armando Gilberto Franco Pico, Mg. Nombre de<a class=\"moretag\" href=\"https:\/\/departamentos.uleam.edu.ec\/vinculacion-colectividad\/servicios-y-soluciones-tecnologicas-vinculantes-con-la-sociedad-de-manabi\/\">Leer m\u00e1s&#8230;<\/a><\/p>\n","protected":false},"author":124,"featured_media":0,"parent":0,"menu_order":0,"comment_status":"closed","ping_status":"closed","template":"","meta":{"footnotes":"","_links_to":"","_links_to_target":""},"class_list":["post-5675","page","type-page","status-publish","hentry"],"_links":{"self":[{"href":"https:\/\/departamentos.uleam.edu.ec\/vinculacion-colectividad\/wp-json\/wp\/v2\/pages\/5675","targetHints":{"allow":["GET"]}}],"collection":[{"href":"https:\/\/departamentos.uleam.edu.ec\/vinculacion-colectividad\/wp-json\/wp\/v2\/pages"}],"about":[{"href":"https:\/\/departamentos.uleam.edu.ec\/vinculacion-colectividad\/wp-json\/wp\/v2\/types\/page"}],"author":[{"embeddable":true,"href":"https:\/\/departamentos.uleam.edu.ec\/vinculacion-colectividad\/wp-json\/wp\/v2\/users\/124"}],"replies":[{"embeddable":true,"href":"https:\/\/departamentos.uleam.edu.ec\/vinculacion-colectividad\/wp-json\/wp\/v2\/comments?post=5675"}],"version-history":[{"count":1,"href":"https:\/\/departamentos.uleam.edu.ec\/vinculacion-colectividad\/wp-json\/wp\/v2\/pages\/5675\/revisions"}],"predecessor-version":[{"id":5677,"href":"https:\/\/departamentos.uleam.edu.ec\/vinculacion-colectividad\/wp-json\/wp\/v2\/pages\/5675\/revisions\/5677"}],"wp:attachment":[{"href":"https:\/\/departamentos.uleam.edu.ec\/vinculacion-colectividad\/wp-json\/wp\/v2\/media?parent=5675"}],"curies":[{"name":"wp","href":"https:\/\/api.w.org\/{rel}","templated":true}]}}