{"id":5713,"date":"2024-05-28T16:16:37","date_gmt":"2024-05-28T21:16:37","guid":{"rendered":"https:\/\/departamentos.uleam.edu.ec\/vinculacion-colectividad\/?page_id=5713"},"modified":"2024-05-28T16:16:38","modified_gmt":"2024-05-28T21:16:38","slug":"especies-vulnerables-de-las-pesquerias-y-desarrollo-productivo-del-sector-pesquero-artesanal-del-canton-pedernales","status":"publish","type":"page","link":"https:\/\/departamentos.uleam.edu.ec\/vinculacion-colectividad\/especies-vulnerables-de-las-pesquerias-y-desarrollo-productivo-del-sector-pesquero-artesanal-del-canton-pedernales\/","title":{"rendered":"Especies vulnerables de las pesquer\u00edas y desarrollo productivo del sector pesquero artesanal del Cant\u00f3n Pedernales"},"content":{"rendered":"\n<p class=\"has-text-align-center\"><strong>PERIODO 2023<\/strong><\/p>\n\n\n\n<p><\/p>\n\n\n\n<figure class=\"wp-block-table is-style-regular\"><table class=\"has-fixed-layout\"><tbody><tr><td><strong>Nombre de la Facultad o Unidad Acad\u00e9mica responsable:<\/strong> Extensi\u00f3n pedernales<\/td><td><strong>Carrera:<\/strong> Biolog\u00eda<strong><\/strong><\/td><td><strong>Tipo Proyecto:<\/strong> Vinculaci\u00f3n<strong><\/strong><\/td><\/tr><tr><td><strong>Dominio Acad\u00e9mico:<\/strong> Curr\u00edculo de Dominio<\/td><td><strong>L\u00ednea de Investigaci\u00f3n:<\/strong> Biolog\u00eda, ecolog\u00eda, medio ambiente y sociedad.&nbsp;&nbsp; <strong><\/strong><\/td><td><strong>Convenio:<\/strong> Convenios institucionales con : IPIAD&nbsp; <strong><\/strong><\/td><\/tr><\/tbody><\/table><\/figure>\n\n\n\n<figure class=\"wp-block-table is-style-regular\"><table class=\"has-fixed-layout\"><tbody><tr><td><strong>\u00c1rea del conocimiento:<\/strong> 08 Agricultura, silvicultura, pesca y veterinaria<\/td><td><strong>Sub \u00e1rea del conocimiento:<\/strong> 083 Pesca<strong><\/strong><\/td><td><strong>Sub \u00e1rea especifica:<\/strong> 0831 Pesca<strong><\/strong><\/td><\/tr><\/tbody><\/table><\/figure>\n\n\n\n<figure class=\"wp-block-table is-style-regular\"><table class=\"has-fixed-layout\"><tbody><tr><td><strong>Fecha Inicio<\/strong> 1 de abril del 2023<\/td><td> <strong>Fecha de Fin Planeado<\/strong> 1 de abril del 2025<\/td><\/tr><\/tbody><\/table><\/figure>\n\n\n\n<p><strong>COBERTURA Y LOCALIZACI\u00d3N<\/strong><\/p>\n\n\n\n<figure class=\"wp-block-table is-style-regular\"><table class=\"has-fixed-layout\"><tbody><tr><td><strong>Cobertura:<\/strong> Cantonal<strong><\/strong><\/td><td><strong>Zona de Planificaci\u00f3n:<\/strong> Costa central Norte del Ecuador. Colindante con la reserva Machache- Chindul<\/td><td><strong>Provincia:<\/strong> Playa de Pedernales, Cant\u00f3n pedernales.<strong><\/strong><\/td><\/tr><tr><td><strong>Cant\u00f3n:<\/strong> Pedernales<strong><\/strong><\/td><td><strong>Parroquia:<\/strong> Pedernales Cojimies <strong><\/strong><\/td><td><strong>Barrios:<\/strong> N\/A<strong><\/strong><\/td><\/tr><\/tbody><\/table><\/figure>\n\n\n\n<p><strong>MONTO<\/strong><\/p>\n\n\n\n<figure class=\"wp-block-table is-style-regular\"><table><tbody><tr><td><strong>Presupuesto aporte ULEAM:<\/strong> $11900.00<\/td><td><strong>Presupuesto aporte Aliados Estrat\u00e9gicos:<\/strong> 0<\/td><td><strong>Presupuesto Total:<\/strong> $11900.00<\/td><\/tr><\/tbody><\/table><\/figure>\n\n\n\n<p><strong>OBJETIVOS<\/strong><\/p>\n\n\n\n<figure class=\"wp-block-table is-style-regular\"><table class=\"has-fixed-layout\"><thead><tr><th>Objetivo General<\/th><\/tr><\/thead><tbody><tr><td>Determinar las especies vulnerables en las pesquer\u00edas artesanales del cant\u00f3n Pedernales para generar acciones de sensibilizaci\u00f3n, cuidado y protecci\u00f3n; fomentando el desarrollo de la producci\u00f3n de las especies capturadas artesanalmente mediante capacitaciones a la comunidad pesquera y tur\u00edstica de Pedernales.<\/td><\/tr><\/tbody><\/table><\/figure>\n\n\n\n<figure class=\"wp-block-table is-style-regular\"><table><thead><tr><th>Objetivos Espec\u00edficos<\/th><\/tr><\/thead><tbody><tr><td><strong>O.E1:<\/strong> Realizar un diagn\u00f3stico productivo, econ\u00f3mico y ambiental para conocer el estado situacional de las caletas pesqueras del Cant\u00f3n Pedernales.<br><strong>O.E2: <\/strong>Brindar capacitaciones al sector pesquero artesanal y tur\u00edsticos asentados en las playas del Cant\u00f3n Pedernales para sensibilizar sobre las especies vulnerables.<br><strong>O.E3:<\/strong> Ejecutar acciones para la protecci\u00f3n para las especies vulnerables.<br><strong>O.E4: <\/strong>Ofrecer capacitaciones al sector pesquero artesanal en temas de productividad y comercializaci\u00f3n y su vez, realizar actividades para dinamizar la actividad econ\u00f3mica.<\/td><\/tr><\/tbody><\/table><\/figure>\n\n\n\n<div class=\"wp-block-file alignwide\"><a id=\"wp-block-file--media-2267c8c1-ac81-4a18-b11b-7a1894f28fee\" href=\"https:\/\/departamentos.uleam.edu.ec\/vinculacion-colectividad\/files\/2024\/05\/PROYEC1.DOC.pdf\">PROYEC1.DOC<\/a><a href=\"https:\/\/departamentos.uleam.edu.ec\/vinculacion-colectividad\/files\/2024\/05\/PROYEC1.DOC.pdf\" class=\"wp-block-file__button wp-element-button\" download aria-describedby=\"wp-block-file--media-2267c8c1-ac81-4a18-b11b-7a1894f28fee\">Descarga<\/a><\/div>\n","protected":false},"excerpt":{"rendered":"<p>PERIODO 2023 Nombre de la Facultad o Unidad Acad\u00e9mica responsable: Extensi\u00f3n pedernales Carrera: Biolog\u00eda Tipo Proyecto: Vinculaci\u00f3n Dominio Acad\u00e9mico: Curr\u00edculo de Dominio L\u00ednea de Investigaci\u00f3n: Biolog\u00eda, ecolog\u00eda, medio ambiente y sociedad.&nbsp;&nbsp; Convenio:<a class=\"moretag\" href=\"https:\/\/departamentos.uleam.edu.ec\/vinculacion-colectividad\/especies-vulnerables-de-las-pesquerias-y-desarrollo-productivo-del-sector-pesquero-artesanal-del-canton-pedernales\/\">Leer m\u00e1s&#8230;<\/a><\/p>\n","protected":false},"author":124,"featured_media":0,"parent":0,"menu_order":0,"comment_status":"closed","ping_status":"closed","template":"","meta":{"footnotes":"","_links_to":"","_links_to_target":""},"class_list":["post-5713","page","type-page","status-publish","hentry"],"_links":{"self":[{"href":"https:\/\/departamentos.uleam.edu.ec\/vinculacion-colectividad\/wp-json\/wp\/v2\/pages\/5713","targetHints":{"allow":["GET"]}}],"collection":[{"href":"https:\/\/departamentos.uleam.edu.ec\/vinculacion-colectividad\/wp-json\/wp\/v2\/pages"}],"about":[{"href":"https:\/\/departamentos.uleam.edu.ec\/vinculacion-colectividad\/wp-json\/wp\/v2\/types\/page"}],"author":[{"embeddable":true,"href":"https:\/\/departamentos.uleam.edu.ec\/vinculacion-colectividad\/wp-json\/wp\/v2\/users\/124"}],"replies":[{"embeddable":true,"href":"https:\/\/departamentos.uleam.edu.ec\/vinculacion-colectividad\/wp-json\/wp\/v2\/comments?post=5713"}],"version-history":[{"count":1,"href":"https:\/\/departamentos.uleam.edu.ec\/vinculacion-colectividad\/wp-json\/wp\/v2\/pages\/5713\/revisions"}],"predecessor-version":[{"id":5715,"href":"https:\/\/departamentos.uleam.edu.ec\/vinculacion-colectividad\/wp-json\/wp\/v2\/pages\/5713\/revisions\/5715"}],"wp:attachment":[{"href":"https:\/\/departamentos.uleam.edu.ec\/vinculacion-colectividad\/wp-json\/wp\/v2\/media?parent=5713"}],"curies":[{"name":"wp","href":"https:\/\/api.w.org\/{rel}","templated":true}]}}

Especies vulnerables de las pesquerías y desarrollo productivo del sector pesquero artesanal del Cantón Pedernales

<p class="has-text-align-center"><strong>PERIODO 2023</strong></p>



<p></p>



<figure class="wp-block-table is-style-regular"><table class="has-fixed-layout"><tbody><tr><td><strong>Nombre de la Facultad o Unidad Académica responsable:</strong> Extensión pedernales</td><td><strong>Carrera:</strong> Biología<strong></strong></td><td><strong>Tipo Proyecto:</strong> Vinculación<strong></strong></td></tr><tr><td><strong>Dominio Académico:</strong> Currículo de Dominio</td><td><strong>Línea de Investigación:</strong> Biología, ecología, medio ambiente y sociedad.&nbsp;&nbsp; <strong></strong></td><td><strong>Convenio:</strong> Convenios institucionales con : IPIAD&nbsp; <strong></strong></td></tr></tbody></table></figure>



<figure class="wp-block-table is-style-regular"><table class="has-fixed-layout"><tbody><tr><td><strong>Área del conocimiento:</strong> 08 Agricultura, silvicultura, pesca y veterinaria</td><td><strong>Sub área del conocimiento:</strong> 083 Pesca<strong></strong></td><td><strong>Sub área especifica:</strong> 0831 Pesca<strong></strong></td></tr></tbody></table></figure>



<figure class="wp-block-table is-style-regular"><table class="has-fixed-layout"><tbody><tr><td><strong>Fecha Inicio</strong> 1 de abril del 2023</td><td> <strong>Fecha de Fin Planeado</strong> 1 de abril del 2025</td></tr></tbody></table></figure>



<p><strong>COBERTURA Y LOCALIZACIÓN</strong></p>



<figure class="wp-block-table is-style-regular"><table class="has-fixed-layout"><tbody><tr><td><strong>Cobertura:</strong> Cantonal<strong></strong></td><td><strong>Zona de Planificación:</strong> Costa central Norte del Ecuador. Colindante con la reserva Machache- Chindul</td><td><strong>Provincia:</strong> Playa de Pedernales, Cantón pedernales.<strong></strong></td></tr><tr><td><strong>Cantón:</strong> Pedernales<strong></strong></td><td><strong>Parroquia:</strong> Pedernales Cojimies <strong></strong></td><td><strong>Barrios:</strong> N/A<strong></strong></td></tr></tbody></table></figure>



<p><strong>MONTO</strong></p>



<figure class="wp-block-table is-style-regular"><table><tbody><tr><td><strong>Presupuesto aporte ULEAM:</strong> $11900.00</td><td><strong>Presupuesto aporte Aliados Estratégicos:</strong> 0</td><td><strong>Presupuesto Total:</strong> $11900.00</td></tr></tbody></table></figure>



<p><strong>OBJETIVOS</strong></p>



<figure class="wp-block-table is-style-regular"><table class="has-fixed-layout"><thead><tr><th>Objetivo General</th></tr></thead><tbody><tr><td>Determinar las especies vulnerables en las pesquerías artesanales del cantón Pedernales para generar acciones de sensibilización, cuidado y protección; fomentando el desarrollo de la producción de las especies capturadas artesanalmente mediante capacitaciones a la comunidad pesquera y turística de Pedernales.</td></tr></tbody></table></figure>



<figure class="wp-block-table is-style-regular"><table><thead><tr><th>Objetivos Específicos</th></tr></thead><tbody><tr><td><strong>O.E1:</strong> Realizar un diagnóstico productivo, económico y ambiental para conocer el estado situacional de las caletas pesqueras del Cantón Pedernales.<br><strong>O.E2: </strong>Brindar capacitaciones al sector pesquero artesanal y turísticos asentados en las playas del Cantón Pedernales para sensibilizar sobre las especies vulnerables.<br><strong>O.E3:</strong> Ejecutar acciones para la protección para las especies vulnerables.<br><strong>O.E4: </strong>Ofrecer capacitaciones al sector pesquero artesanal en temas de productividad y comercialización y su vez, realizar actividades para dinamizar la actividad económica.</td></tr></tbody></table></figure>



<div class="wp-block-file alignwide"><a id="wp-block-file--media-2267c8c1-ac81-4a18-b11b-7a1894f28fee" href="https://departamentos.uleam.edu.ec/vinculacion-colectividad/files/2024/05/PROYEC1.DOC.pdf">PROYEC1.DOC</a><a href="https://departamentos.uleam.edu.ec/vinculacion-colectividad/files/2024/05/PROYEC1.DOC.pdf" class="wp-block-file__button wp-element-button" download aria-describedby="wp-block-file--media-2267c8c1-ac81-4a18-b11b-7a1894f28fee">Descarga</a></div>

<p>PERIODO 2023 Nombre de la Facultad o Unidad Académica responsable: Extensión pedernales Carrera: Biología Tipo Proyecto: Vinculación Dominio Académico: Currículo de Dominio Línea de Investigación: Biología, ecología, medio ambiente y sociedad.&nbsp;&nbsp; Convenio:<a class="moretag" href="https://departamentos.uleam.edu.ec/vinculacion-colectividad/especies-vulnerables-de-las-pesquerias-y-desarrollo-productivo-del-sector-pesquero-artesanal-del-canton-pedernales/">Leer más&#8230;</a></p>
